000
CXUS56 KMFR 011030
CF6MFR
PRELIMINARY LOCAL CLIMATOLOGICAL DATA (WS FORM: F-6)
STATION: MEDFORD OR
MONTH: JANUARY
YEAR: 2023
LATITUDE: 42 22 N
LONGITUDE: 122 52 W
TEMPERATURE IN F: :PCPN: SNOW: WIND :SUNSHINE: SKY :PK WND
================================================================================
1 2 3 4 5 6A 6B 7 8 9 10 11 12 13 14 15 16 17 18
12Z AVG MX 2MIN
DY MAX MIN AVG DEP HDD CDD WTR SNW DPTH SPD SPD DIR MIN PSBL S-S WX SPD DR
================================================================================
1 48 31 40 1 25 0 0.00 0.0 0 2.1 7 310 M M 4 12 10 310
2 43 30 37 -2 28 0 T 0.0 0 2.8 15 30 M M 5 1 19 30
3 43 29 36 -3 29 0 0.02 0.0 0 2.6 10 360 M M 8 12 12 10
4 57 32 45 6 20 0 0.01 0.0 0 19.8 40 130 M M 7 12 55 130
5 59 38 49 10 16 0 0.01 0.0 0 9.1 32 140 M M 6 43 140
6 58 32 45 6 20 0 0.00 0.0 0 7.8 28 150 M M 1 1 38 150
7 54 48 51 12 14 0 T 0.0 0 15.3 29 150 M M 7 37 150
8 57 39 48 8 17 0 0.02 0.0 0 8.7 33 150 M M 5 51 160
9 56 34 45 5 20 0 0.15 0.0 0 8.3 31 140 M M 4 45 140
10 54 32 43 3 22 0 T 0.0 0 8.5 31 140 M M 4 42 150
11 55 36 46 6 19 0 0.21 0.0 0 8.2 29 150 M M 8 1 39 140
12 66 48 57 17 8 0 0.01 0.0 0 15.4 31 180 M M 4 47 170
13 59 45 52 12 13 0 T 0.0 0 5.9 18 160 M M 6 25 150
14 57 40 49 9 16 0 0.03 0.0 0 10.5 36 140 M M 5 48 150
15 52 32 42 2 23 0 0.00 0.0 0 5.2 17 210 M M 4 21 210
16 47 28 38 -2 27 0 0.00 0.0 0 1.7 6 280 M M 5 12 9 260
17 49 34 42 2 23 0 T 0.0 0 1.3 6 320 M M 8 1 9 10
18 40 32 36 -4 29 0 0.28 0.0 0 2.7 16 320 M M 7 1 24 320
19 45 33 39 -2 26 0 0.00 0.0 0 1.7 6 200 M M 8 1 8 30
20 46 26 36 -5 29 0 0.00 0.0 0 1.6 7 190 M M 3 1 8 190
21 42 23 33 -8 32 0 0.02 0.0 0 2.1 7 230 M M 5 1 9 330
22 44 31 38 -3 27 0 0.00 0.0 0 0.9 5 70 M M 7 1 M M
23 45 28 37 -4 28 0 0.00 0.0 0 1.3 9 360 M M 4 12 10 350
24 51 24 38 -3 27 0 0.00 0.0 0 1.4 8 220 M M 1 18 9 220
25 53 24 39 -2 26 0 0.00 0.0 0 0.9 7 220 M M 0 1 8 230
26 56 24 40 -1 25 0 0.00 0.0 0 0.8 6 200 M M 1 1 8 190
27 53 28 41 -1 24 0 T 0.0 0 3.3 10 50 M M 4 1 14 40
28 51 38 45 3 20 0 T 0.0 0 2.3 9 290 M M 8 14 300
29 47 24 36 -6 29 0 T 0.0 0 5.9 15 100 M M 2 20 70
30 49 17 33 -9 32 0 0.00 0.0 0 1.8 8 20 M M 0 11 350
31 47 20 34 -8 31 0 0.00 0.0 0 1.5 7 210 M M 0 9 320
================================================================================
SM 1583 980 725 0 0.76 0.0 161.4 M 141
================================================================================
AV 51.1 31.6 5.2 FASTST M M 5 MAX(MPH)
MISC ----> 40 130 55 130
================================================================================
NOTES:
# LAST OF SEVERAL OCCURRENCES
COLUMN 17 PEAK WIND IN M.P.H.
PRELIMINARY LOCAL CLIMATOLOGICAL DATA (WS FORM: F-6) , PAGE 2
STATION: MEDFORD OR
MONTH: JANUARY
YEAR: 2023
LATITUDE: 42 22 N
LONGITUDE: 122 52 W
[TEMPERATURE DATA] [PRECIPITATION DATA] SYMBOLS USED IN COLUMN 16
AVERAGE MONTHLY: 41.3 TOTAL FOR MONTH: 0.76 1 = FOG OR MIST
DPTR FM NORMAL: 0.9 DPTR FM NORMAL: -1.96 2 = FOG REDUCING VISIBILITY
HIGHEST: 66 ON 12 GRTST 24HR 2.99 ON 4- 5 TO 1/4 MILE OR LESS
LOWEST: 17 ON 30 3 = THUNDER
SNOW, ICE PELLETS, HAIL 4 = ICE PELLETS
TOTAL MONTH: 0.0 INCH 5 = HAIL
GRTST 24HR 0.0 6 = FREEZING RAIN OR DRIZZLE
GRTST DEPTH: 0 7 = DUSTSTORM OR SANDSTORM:
VSBY 1/2 MILE OR LESS
8 = SMOKE OR HAZE
[NO. OF DAYS WITH] [WEATHER - DAYS WITH] 9 = BLOWING SNOW
X = TORNADO
MAX 32 OR BELOW: 0 0.01 INCH OR MORE: 10
MAX 90 OR ABOVE: 0 0.10 INCH OR MORE: 3
MIN 32 OR BELOW: 20 0.50 INCH OR MORE: 0
MIN 0 OR BELOW: 0 1.00 INCH OR MORE: 0
[HDD (BASE 65) ]
TOTAL THIS MO. 725 CLEAR (SCALE 0-3) 8
DPTR FM NORMAL -39 PTCLDY (SCALE 4-7) 23
TOTAL FM JUL 1 2356 CLOUDY (SCALE 8-10) 0
DPTR FM NORMAL -141
[CDD (BASE 65) ]
TOTAL THIS MO. 0
DPTR FM NORMAL 0 [PRESSURE DATA]
TOTAL FM JAN 1 0 HIGHEST SLP 30.70 ON 25
DPTR FM NORMAL 0 LOWEST SLP 29.27 ON 14
[REMARKS]
#FINAL-01-23#