000
CXUS56 KMFR 011330
CF6MFR
PRELIMINARY LOCAL CLIMATOLOGICAL DATA (WS FORM: F-6)
STATION: MEDFORD OR
MONTH: APRIL
YEAR: 2020
LATITUDE: 42 22 N
LONGITUDE: 122 52 W
TEMPERATURE IN F: :PCPN: SNOW: WIND :SUNSHINE: SKY :PK WND
================================================================================
1 2 3 4 5 6A 6B 7 8 9 10 11 12 13 14 15 16 17 18
12Z AVG MX 2MIN
DY MAX MIN AVG DEP HDD CDD WTR SNW DPTH SPD SPD DIR MIN PSBL S-S WX SPD DR
================================================================================
1 51 34 43 -7 22 0 0.01 0.0 0 3.6 18 360 M M 7 25 360
2 55 30 43 -7 22 0 0.00 0.0 0 4.8 14 340 M M 6 18 340
3 56 34 45 -6 20 0 0.00 0.0 0 4.2 14 360 M M 5 19 360
4 52 36 44 -7 21 0 0.02 0.0 0 2.8 12 300 M M 8 14 290
5 60 40 50 -1 15 0 0.14 0.0 0 3.8 23 230 M M 6 13 29 220
6 60 43 52 1 13 0 T 0.0 0 3.0 9 280 M M 8 12 210
7 69 41 55 4 10 0 0.00 0.0 0 3.5 10 270 M M 4 12 270
8 79 38 59 8 6 0 0.00 0.0 0 3.5 13 350 M M 0 17 340
9 82 41 62 10 3 0 0.00 0.0 0 2.7 15 330 M M 0 18 330
10 77 41 59 7 6 0 0.00 0.0 0 3.8 14 330 M M 0 18 350
11 72 44 58 6 7 0 0.00 0.0 0 4.5 18 360 M M 1 26 30
12 72 39 56 4 9 0 0.00 0.0 0 5.1 16 350 M M 0 22 320
13 71 33 52 0 13 0 0.00 0.0 0 2.7 14 350 M M 0 18 360
14 74 38 56 4 9 0 0.00 0.0 0 3.2 14 320 M M 0 18 320
15 71 40 56 3 9 0 0.00 0.0 0 2.9 15 350 M M 1 23 300
16 74 39 57 4 8 0 0.00 0.0 0 6.7 21 60 M M 0 29 60
17 78 39 59 6 6 0 0.00 0.0 0 3.2 10 320 M M 0 14 320
18 68 42 55 2 10 0 0.00 0.0 0 7.2 23 310 M M 2 29 310
19 73 44 59 6 6 0 0.00 0.0 0 3.8 10 330 M M 3 14 310
20 72 43 58 4 7 0 0.00 0.0 0 5.0 21 320 M M 2 26 330
21 73 44 59 5 6 0 0.00 0.0 0 4.7 15 320 M M 3 20 290
22 59 47 53 -1 12 0 0.25 0.0 0 1.2 7 350 M M 7 12 9 360
23 71 43 57 3 8 0 T 0.0 0 3.7 13 350 M M 4 12 19 10
24 68 53 61 7 4 0 0.01 0.0 0 3.1 9 360 M M 6 13 50
25 72 50 61 6 4 0 T 0.0 0 4.1 15 10 M M 6 19 10
26 77 48 63 8 2 0 0.00 0.0 0 6.5 17 340 M M 3 24 350
27 72 51 62 7 3 0 0.03 0.0 0 6.0 14 320 M M 9 19 320
28 83 52 68 13 0 3 0.00 0.0 0 3.2 12 20 M M 2 14 20
29 80 55 68 12 0 3 0.00 0.0 0 6.6 23 320 M M 1 29 320
30 72 51 62 6 3 0 T 0.0 0 7.3 17 290 M M 4 24 320
================================================================================
SM 2093 1273 264 6 0.46 0.0 126.4 M 98
================================================================================
AV 69.8 42.4 4.2 FASTST M M 3 MAX(MPH)
MISC ----> # 23 230 # 29 220
================================================================================
NOTES:
# LAST OF SEVERAL OCCURRENCES
COLUMN 17 PEAK WIND IN M.P.H.
PRELIMINARY LOCAL CLIMATOLOGICAL DATA (WS FORM: F-6) , PAGE 2
STATION: MEDFORD OR
MONTH: APRIL
YEAR: 2020
LATITUDE: 42 22 N
LONGITUDE: 122 52 W
[TEMPERATURE DATA] [PRECIPITATION DATA] SYMBOLS USED IN COLUMN 16
AVERAGE MONTHLY: 56.1 TOTAL FOR MONTH: 0.46 1 = FOG OR MIST
DPTR FM NORMAL: 3.3 DPTR FM NORMAL: -0.92 2 = FOG REDUCING VISIBILITY
HIGHEST: 83 ON 28 GRTST 24HR 0.25 ON 22-22 TO 1/4 MILE OR LESS
LOWEST: 30 ON 2 3 = THUNDER
SNOW, ICE PELLETS, HAIL 4 = ICE PELLETS
TOTAL MONTH: 0.0 INCH 5 = HAIL
GRTST 24HR 0.0 6 = FREEZING RAIN OR DRIZZLE
GRTST DEPTH: 0 7 = DUSTSTORM OR SANDSTORM:
VSBY 1/2 MILE OR LESS
8 = SMOKE OR HAZE
[NO. OF DAYS WITH] [WEATHER - DAYS WITH] 9 = BLOWING SNOW
X = TORNADO
MAX 32 OR BELOW: 0 0.01 INCH OR MORE: 6
MAX 90 OR ABOVE: 0 0.10 INCH OR MORE: 2
MIN 32 OR BELOW: 1 0.50 INCH OR MORE: 0
MIN 0 OR BELOW: 0 1.00 INCH OR MORE: 0
[HDD (BASE 65) ]
TOTAL THIS MO. 264 CLEAR (SCALE 0-3) 15
DPTR FM NORMAL -103 PTCLDY (SCALE 4-7) 14
TOTAL FM JUL 1 3923 CLOUDY (SCALE 8-10) 1
DPTR FM NORMAL -76
[CDD (BASE 65) ]
TOTAL THIS MO. 6
DPTR FM NORMAL 3 [PRESSURE DATA]
TOTAL FM JAN 1 6 HIGHEST SLP 30.41 ON 14
DPTR FM NORMAL 3 LOWEST SLP 29.44 ON 5
[REMARKS]
#FINAL-04-20#