556
CXUS56 KMFR 011435 RRA
CLAMFR
CLIMATE REPORT
NATIONAL WEATHER SERVICE MEDFORD, OR
629 AM PST WED JAN 1 2020
...................................
...THE MEDFORD OR CLIMATE SUMMARY FOR THE YEAR OF 2019...
CLIMATE NORMAL PERIOD 1981 TO 2010
CLIMATE RECORD PERIOD 1911 TO 2019
WEATHER OBSERVED NORMAL DEPART LAST YEAR`S
VALUE DATE(S) VALUE FROM VALUE DATE(S)
NORMAL
................................................................
TEMPERATURE (F)
RECORD
HIGH 115 07/20/1946
LOW -10 12/13/1919
HIGHEST 105 08/27 105 07/16
LOWEST 23 02/19 20 02/23
AVG. MAXIMUM 68.0 68.0 0.0 69.5
AVG. MINIMUM 43.6 43.2 0.4 43.3
MEAN 55.8 55.6 0.2 56.4
DAYS MAX >= 90 56 53.9 2.1 63
DAYS MAX <= 32 0 0.6 -0.6 0
DAYS MIN <= 32 70 55.1 14.9 70
DAYS MIN <= 0 0 0.0 0.0 0
PRECIPITATION (INCHES)
RECORD
MAXIMUM 31.41 1996
MINIMUM 8.07 2013
TOTALS 20.33 18.35 1.98 12.06
DAILY AVG. 0.05 0.05 0.00 0.03
DAYS >= .01 91 102.6 -11.6 91
DAYS >= .10 47 50.9 -3.9 41
DAYS >= .50 13 8.1 4.9 2
DAYS >= 1.00 2 1.6 0.4 0
GREATEST
24 HR. TOTAL 1.58 01/19 TO 01/19
SNOWFALL (INCHES)
RECORDS
TOTAL 24.1 1930
TOTALS 6.8 4.1 2.7 4.2
SINCE 7/1 T 1.7 -1.7 T
DAYS >= TRACE 12 5.1 6.9 11
DAYS >= 1.0 2 1.6 0.4 1
DEGREE_DAYS
HEATING TOTAL 4164 4250 -86 3989
SINCE 7/1 1757 1766 -9 1630
COOLING TOTAL 932 828 104 994
SINCE 1/1 932 829 103 994
FREEZE DATES
.................................................................
WIND (MPH)
AVERAGE WIND SPEED 4.0
HIGHEST WIND SPEED/DIRECTION 44/140 DATE 11/26
HIGHEST GUST SPEED/DIRECTION 58/130 DATE 11/26
SKY COVER
POSSIBLE SUNSHINE (PERCENT) MM
AVERAGE SKY COVER 0.40
NUMBER OF DAYS FAIR 177
NUMBER OF DAYS PC 127
NUMBER OF DAYS CLOUDY 61
AVERAGE RH (PERCENT) 62
WEATHER CONDITIONS. NUMBER OF DAYS WITH
THUNDERSTORM 10 MIXED PRECIP 0
HEAVY RAIN 9 RAIN 37
LIGHT RAIN 115 FREEZING RAIN 0
LT FREEZING RAIN 0 HAIL 0
HEAVY SNOW 1 SNOW 1
LIGHT SNOW 11 SLEET 0
FOG 132 FOG W/VIS <=1/4 MILE 41
HAZE 48
- INDICATES NEGATIVE NUMBERS.
R INDICATES RECORD WAS SET OR TIED.
MM INDICATES DATA IS MISSING.
T INDICATES TRACE AMOUNT.
$$