000
CXUS51 KPBZ 010730
CF6MGW
PRELIMINARY LOCAL CLIMATOLOGICAL DATA (WS FORM: F-6)
STATION: MORGANTOWN WV
MONTH: AUGUST
YEAR: 2020
LATITUDE: 39 39 N
LONGITUDE: 79 55 W
TEMPERATURE IN F: :PCPN: SNOW: WIND :SUNSHINE: SKY :PK WND
================================================================================
1 2 3 4 5 6A 6B 7 8 9 10 11 12 13 14 15 16 17 18
12Z AVG MX 2MIN
DY MAX MIN AVG DEP HDD CDD WTR SNW DPTH SPD SPD DIR MIN PSBL S-S WX SPD DR
================================================================================
1 87 70 79 6 0 14 0.03 M M 3.8 14 170 M M 6 38 21 210
2 81 64 73 0 0 8 0.06 M M 7.4 21 220 M M 6 34 230
3 84 63 74 1 0 9 0.00 M M 3.3 15 160 M M 1 19 150
4 83 63 73 0 0 8 0.22 M M 4.4 14 220 M M 5 18 21 260
5 81 62 72 -1 0 7 0.10 M M 2.6 9 290 M M 5 18 14 280
6 81 61 71 -2 0 6 0.12 M M 3.5 10 210 M M 6 13 15 220
7 86 65 76 3 0 11 0.00 M M 2.4 9 350 M M 5 13 12 350
8 87 62 75 2 0 10 0.00 M M 2.3 8 250 M M 3 1 13 290
9 88 63 76 3 0 11 0.00 M M 2.9 10 180 M M 1 13 190
10 91 62 77 4 0 12 0.00 M M 1.9 9 200 M M 1 18 15 240
11 86 63 75 3 0 10 T M M 3.9 10 200 M M 4 16 210
12 91 69 80 8 0 15 0.00 M M 3.2 13 130 M M 6 15 130
13 92 68 80 8 0 15 0.00 M M 5.8 14 130 M M 2 17 110
14 90 70 80 8 0 15 0.00 M M 4.8 14 110 M M 1 17 90
15 78 64 71 -1 0 6 0.66 M M 4.2 13 120 M M 8 1 20 130
16 77 66 72 0 0 7 0.00 M M 2.9 10 130 M M 8 14 130
17 83 66 75 3 0 10 T M M 3.4 12 270 M M 6 1 17 290
18 83 61 72 0 0 7 0.00 M M 3.5 10 270 M M 6 14 270
19 80 59 70 -2 0 5 0.00 M M 5.0 13 350 M M 3 17 20
20 86 53 70 -2 0 5 0.00 M M 1.7 9 200 M M 1 12 220
21 83 65 74 2 0 9 0.02 M M 2.4 10 210 M M 3 16 230
22 87 66 77 5 0 12 T M M 2.2 9 220 M M 5 13 210
23 85 66 76 4 0 11 T M M 3.6 14 180 M M 2 3 21 200
24 87 67 77 5 0 12 0.40 M M 4.5 13 230 M M 4 138 16 200
25 90 68 79 8 0 14 0.01 M M 6.0 14 290 M M 6 3 21 310
26 85 64 75 4 0 10 0.00 M M 4.4 10 220 M M 5 12 14 220
27 84 73 79 8 0 14 T M M 7.9 14 210 M M 7 3 23 230
28 88 70 79 8 0 14 0.74 M M 6.0 28 170 M M 6 13 37 180
29 84 65 75 4 0 10 0.16 M M 5.1 15 330 M M 7 13 21 290
30 78 59 69 -1 0 4 0.00 M M 3.2 10 360 M M 3 1 13 310
31 76 63 70 0 0 5 T M M 5.4 14 150 M M 4 19 170
================================================================================
SM 2622 2000 0 306 2.52 M 123.6 M 136
================================================================================
AV 84.6 64.5 4.0 FASTST M M 4 MAX(MPH)
MISC ----> 28 170 37 180
================================================================================
NOTES:
# LAST OF SEVERAL OCCURRENCES
COLUMN 17 PEAK WIND IN M.P.H.
PRELIMINARY LOCAL CLIMATOLOGICAL DATA (WS FORM: F-6) , PAGE 2
STATION: MORGANTOWN WV
MONTH: AUGUST
YEAR: 2020
LATITUDE: 39 39 N
LONGITUDE: 79 55 W
[TEMPERATURE DATA] [PRECIPITATION DATA] SYMBOLS USED IN COLUMN 16
AVERAGE MONTHLY: 74.5 TOTAL FOR MONTH: 2.52 1 = FOG OR MIST
DPTR FM NORMAL: 2.5 DPTR FM NORMAL: -1.03 2 = FOG REDUCING VISIBILITY
HIGHEST: 92 ON 13 GRTST 24HR 0.90 ON 28-29 TO 1/4 MILE OR LESS
LOWEST: 53 ON 20 3 = THUNDER
SNOW, ICE PELLETS, HAIL 4 = ICE PELLETS
TOTAL MONTH: M 5 = HAIL
GRTST 24HR M ON M 6 = FREEZING RAIN OR DRIZZLE
GRTST DEPTH: M ON M 7 = DUSTSTORM OR SANDSTORM:
VSBY 1/2 MILE OR LESS
8 = SMOKE OR HAZE
[NO. OF DAYS WITH] [WEATHER - DAYS WITH] 9 = BLOWING SNOW
X = TORNADO
MAX 32 OR BELOW: 0 0.01 INCH OR MORE: 11
MAX 90 OR ABOVE: 5 0.10 INCH OR MORE: 7
MIN 32 OR BELOW: 0 0.50 INCH OR MORE: 2
MIN 0 OR BELOW: 0 1.00 INCH OR MORE: 0
[HDD (BASE 65) ]
TOTAL THIS MO. 0 CLEAR (SCALE 0-3) 10
DPTR FM NORMAL -8 PTCLDY (SCALE 4-7) 20
TOTAL FM JUL 1 0 CLOUDY (SCALE 8-10) 1
DPTR FM NORMAL -5
[CDD (BASE 65) ]
TOTAL THIS MO. 306
DPTR FM NORMAL 81 [PRESSURE DATA]
TOTAL FM JAN 1 1002 HIGHEST SLP 30.19 ON 9
DPTR FM NORMAL 293 LOWEST SLP 29.62 ON 29
[REMARKS]
#FINAL-08-20#