721
CXUS51 KPBZ 012211
CLAMGW
CLIMATE REPORT
NATIONAL WEATHER SERVICE PITTSBURGH PA
511 PM EST WED JAN 01 2020
...................................
...THE MORGANTOWN WV CLIMATE SUMMARY FOR THE YEAR OF 2019...
CLIMATE NORMAL PERIOD 1981 TO 2010
CLIMATE RECORD PERIOD 1872 TO 2019
WEATHER OBSERVED NORMAL DEPART LAST YEAR`S
VALUE DATE(S) VALUE FROM VALUE DATE(S)
NORMAL
................................................................
TEMPERATURE (F)
RECORD
HIGH 105 08/26/1893
LOW -25 02/10/1899
HIGHEST 93 07/20 MM MM 93 07/04
07/21
07/03
LOWEST -3 01/31 MM MM -6 01/07
AVG. MAXIMUM 65.2 62.7 2.5 63.4
AVG. MINIMUM 45.3 43.3 2.0 45.3
MEAN 55.3 53.0 2.3 54.3
DAYS MAX >= 90 16 8.0 8.0 12
DAYS MAX <= 32 19 24.0 -5.0 23
DAYS MIN <= 32 106 102.0 4.0 118
DAYS MIN <= 0 2 1.4 0.6 4
PRECIPITATION (INCHES)
RECORD
MAXIMUM 60.91 2003
MINIMUM 25.15 1930
TOTALS 45.03 41.83 3.20 54.70
DAILY AVG. 0.12 0.11 0.01 0.15
DAYS >= .01 153 149.8 3.2 184
DAYS >= .10 98 89.6 8.4 125
DAYS >= .50 32 27.2 4.8 30
DAYS >= 1.00 8 6.8 1.2 8
DAYS >= %-5.2F 0 MM
GREATEST
24 HR. TOTAL 1.76 07/06 TO 07/07
STORM TOTAL 1.70
(MM/DD(HH))
DEGREE DAYS
HEATING TOTAL 4600 5183 -583 5067
SINCE 7/1 1747 1985 -238 1917
COOLING TOTAL 1177 813 364 1290
SINCE 1/1 1177 814 363 1290
FREEZE DATES
RECORD
EARLIEST MM
LATEST MM
EARLIEST 11/01
LATEST 04/03
................................................................
WIND (MPH)
AVERAGE WIND SPEED 4.7
HIGHEST WIND SPEED/DIRECTION 29/280 DATE 02/24
HIGHEST GUST SPEED/DIRECTION 44/160 DATE 04/14
AVERAGE RH (PERCENT) 68
WEATHER CONDITIONS. NUMBER OF DAYS WITH
THUNDERSTORM 44 MIXED PRECIP 0
HEAVY RAIN 46 RAIN 79
LIGHT RAIN 144 FREEZING RAIN 1
LT FREEZING RAIN 3 HAIL 0
HEAVY SNOW 1 SNOW 8
LIGHT SNOW 46 SLEET 0
FOG 213 FOG W/VIS <= 1/4 MILE 29
HAZE 68
- INDICATES NEGATIVE NUMBERS.
R INDICATES RECORD WAS SET OR TIED.
MM INDICATES DATA IS MISSING.
T INDICATES TRACE AMOUNT.
$$