000
CXUS53 KIND 010600
CF6MIE
PRELIMINARY LOCAL CLIMATOLOGICAL DATA (WS FORM: F-6)
STATION: MUNCIE IN
MONTH: JUNE
YEAR: 2022
LATITUDE: 40 13 N
LONGITUDE: 85 23 W
TEMPERATURE IN F: :PCPN: SNOW: WIND :SUNSHINE: SKY :PK WND
================================================================================
1 2 3 4 5 6A 6B 7 8 9 10 11 12 13 14 15 16 17 18
12Z AVG MX 2MIN
DY MAX MIN AVG DEP HDD CDD WTR SNW DPTH SPD SPD DIR MIN PSBL S-S WX SPD DR
================================================================================
1 89 70 80 11 0 15 0.00 M M 9.5 20 330 M M 3 27 310
2 80 62 71 1 0 6 T M M 7.4 18 320 M M 5 25 320
3 85 53 69 -1 0 4 0.00 M M 5.7 20 320 M M 0 27 300
4 85 52 69 -1 0 4 0.00 M M 4.8 13 70 M M 0 18 230
5 86 57 72 1 0 7 0.00 M M 6.1 13 170 M M 1 20 230
6 89 67 78 7 0 13 0.12 M M 9.0 24 250 M M 4 3 33 240
7 79 58 69 -2 0 4 0.03 M M 9.5 18 320 M M 5 24 320
8 77 53 65 -7 0 0 0.27 M M 5.8 22 330 M M 4 3 29 330
9 78 58 68 -4 0 3 0.00 M M 7.2 15 270 M M 5 1 21 300
10 79 54 67 -5 0 2 0.11 M M 4.1 14 250 M M 4 21 220
11 77 57 67 -5 0 2 1.09 M M 5.8 14 200 M M 7 138 19 190
12 83 66 75 2 0 10 0.04 M M 6.1 13 240 M M 4 1 19 230
13 91 70 81 8 0 16 0.07 M M 5.4 22 180 M M 3 1238 32 180
14 97 76 87 14 0 22 0.00 M M 8.1 16 240 M M 0 23 260
15 95 79 87 13 0 22 0.00 M M 9.4 15 210 M M 0 25 210
16 94 80 87 13 0 22 0.00 M M 11.2 20 250 M M 2 28 260
17 89 67 78 4 0 13 0.00 M M 11.1 23 340 M M 1 32 310
18 81 60 71 -3 0 6 0.00 M M 10.2 20 10 M M 0 26 10
19 82 52 67 -7 0 2 0.00 M M 4.3 12 140 M M 0 15 130
20 90 62 76 1 0 11 0.00 M M 6.5 14 250 M M 0 20 230
21 97 67 82 7 0 17 0.00 M M 9.2 17 250 M M 0 27 250
22 95 70 83 8 0 18 0.00 M M 10.1 24 330 M M 0 32 330
23 88 62 75 0 0 10 0.00 M M 6.3 17 30 M M 0 26 360
24 90 58 74 -1 0 9 0.00 M M 3.6 10 310 M M 0 15 220
25 87 61 74 -2 0 9 0.00 M M 4.6 13 300 M M 1 17 270
26 86 65 76 0 0 11 0.05 M M 8.9 17 310 M M 4 24 340
27 80 56 68 -8 0 3 0.00 M M 7.6 21 320 M M 0 30 340
28 83 50 67 -9 0 2 0.00 M M 2.5 12 360 M M 0 14 360
29 88 62 75 -1 0 10 0.00 M M 7.2 14 230 M M 0 16 250
30 93 64 79 3 0 14 0.00 M M 7.6 17 240 M M 0 24 190
================================================================================
SM 2593 1868 0 287 1.78 M 214.8 M 53
================================================================================
AV 86.4 62.3 7.2 FASTST M M 2 MAX(MPH)
MISC ----> # 24 250 33 240
================================================================================
NOTES:
# LAST OF SEVERAL OCCURRENCES
COLUMN 17 PEAK WIND IN M.P.H.
PRELIMINARY LOCAL CLIMATOLOGICAL DATA (WS FORM: F-6) , PAGE 2
STATION: MUNCIE IN
MONTH: JUNE
YEAR: 2022
LATITUDE: 40 13 N
LONGITUDE: 85 23 W
[TEMPERATURE DATA] [PRECIPITATION DATA] SYMBOLS USED IN COLUMN 16
AVERAGE MONTHLY: 74.4 TOTAL FOR MONTH: 1.78 1 = FOG OR MIST
DPTR FM NORMAL: 1.0 DPTR FM NORMAL: -3.03 2 = FOG REDUCING VISIBILITY
HIGHEST: 97 ON 21,14 GRTST 24HR 1.13 ON 11-12 TO 1/4 MILE OR LESS
LOWEST: 50 ON 28 3 = THUNDER
SNOW, ICE PELLETS, HAIL 4 = ICE PELLETS
TOTAL MONTH: M 5 = HAIL
GRTST 24HR M ON M 6 = FREEZING RAIN OR DRIZZLE
GRTST DEPTH: M ON M 7 = DUSTSTORM OR SANDSTORM:
VSBY 1/2 MILE OR LESS
8 = SMOKE OR HAZE
[NO. OF DAYS WITH] [WEATHER - DAYS WITH] 9 = BLOWING SNOW
X = TORNADO
MAX 32 OR BELOW: 0 0.01 INCH OR MORE: 8
MAX 90 OR ABOVE: 9 0.10 INCH OR MORE: 4
MIN 32 OR BELOW: 0 0.50 INCH OR MORE: 1
MIN 0 OR BELOW: 0 1.00 INCH OR MORE: 1
[HDD (BASE 65) ]
TOTAL THIS MO. 0 CLEAR (SCALE 0-3) 20
DPTR FM NORMAL -14 PTCLDY (SCALE 4-7) 10
TOTAL FM JUL 1 4768 CLOUDY (SCALE 8-10) 0
DPTR FM NORMAL -490
[CDD (BASE 65) ]
TOTAL THIS MO. 287
DPTR FM NORMAL 24 [PRESSURE DATA]
TOTAL FM JAN 1 452 HIGHEST SLP M ON M
DPTR FM NORMAL 62 LOWEST SLP 29.68 ON 6
[REMARKS]
#FINAL-06-22#