000
CXUS53 KIND 010600
CF6MIE
PRELIMINARY LOCAL CLIMATOLOGICAL DATA (WS FORM: F-6)
STATION: MUNCIE IN
MONTH: MAY
YEAR: 2020
LATITUDE: 40 13 N
LONGITUDE: 85 23 W
TEMPERATURE IN F: :PCPN: SNOW: WIND :SUNSHINE: SKY :PK WND
================================================================================
1 2 3 4 5 6A 6B 7 8 9 10 11 12 13 14 15 16 17 18
12Z AVG MX 2MIN
DY MAX MIN AVG DEP HDD CDD WTR SNW DPTH SPD SPD DIR MIN PSBL S-S WX SPD DR
================================================================================
1 68 43 56 -1 9 0 0.00 M M 8.1 17 320 M M 4 22 320
2 85 57 71 14 0 6 T M M 10.5 21 260 M M 4 30 260
3 75 53 64 6 1 0 0.38 M M 7.2 29 330 M M 6 13 38 330
4 66 48 57 -1 8 0 0.00 M M 8.7 17 90 M M 1 22 100
5 56 41 49 -9 16 0 0.04 M M 12.1 24 90 M M 9 33 100
6 61 40 51 -8 14 0 0.00 M M 9.4 21 340 M M 2 31 330
7 69 43 56 -3 9 0 0.00 M M 11.1 26 270 M M 3 35 300
8 59 32 46 -13 19 0 0.04 M M 14.4 29 340 M M 5 8 37 320
9 57 29 43 -17 22 0 0.00 M M 9.2 22 300 M M 0 29 300
10 64 38 51 -9 14 0 0.13 M M 15.6 30 270 M M 8 3 44 280
11 50 38 44 -16 21 0 0.01 M M 10.2 20 310 M M 10 27 310
12 63 33 48 -12 17 0 0.00 M M 6.6 18 260 M M 3 25 260
13 68 37 53 -8 12 0 0.00 M M 7.1 18 190 M M 5 25 150
14 79 57 68 7 0 3 0.27 M M 8.8 31 270 M M 6 13 45 290
15 74 58 66 5 0 1 0.40 M M 9.1 20 220 M M 5 1 30 210
16 80 56 68 6 0 3 0.00 M M 6.0 18 100 M M 6 128 23 120
17 77 64 71 9 0 6 0.20 M M 8.4 16 190 M M 6 24 190
18 70 59 65 3 0 0 0.92 M M 4.9 18 190 M M 9 1 29 170
19 68 57 63 0 2 0 0.22 M M 16.3 29 100 M M 10 18 37 100
20 61 53 57 -6 8 0 0.00 M M 15.2 25 110 M M 10 33 100
21 65 54 60 -3 5 0 T M M 10.1 20 110 M M 10 1 26 110
22 75 58 67 3 0 2 0.00 M M 2.3 7 110 M M 8 1 8 30
23 84 58 71 7 0 6 T M M 7.0 15 190 M M 3 138 23 100
24 89 67 78 14 0 13 0.08 M M 8.2 22 150 M M 1 8 32 160
25 90 69 80 15 0 15 T M M 6.6 16 110 M M 2 3 23 130
26 90 67 79 14 0 14 0.00 M M 5.2 16 130 M M 1 20 130
27 83 69 76 11 0 11 0.11 M M 5.4 16 180 M M 6 3 24 170
28 82 67 75 9 0 10 0.76 M M 7.6 22 210 M M 8 1 35 220
29 76 62 69 3 0 4 0.11 M M 7.9 21 320 M M 5 138 28 320
30 73 55 64 -2 1 0 0.00 M M 8.9 17 360 M M 3 25 330
31 72 50 61 -6 4 0 0.00 M M 5.8 13 330 M M 0 19 40
================================================================================
SM 2229 1612 182 94 3.67 M 273.9 M 159
================================================================================
AV 71.9 52.0 8.8 FASTST M M 5 MAX(MPH)
MISC ----> 31 270 45 290
================================================================================
NOTES:
# LAST OF SEVERAL OCCURRENCES
COLUMN 17 PEAK WIND IN M.P.H.
PRELIMINARY LOCAL CLIMATOLOGICAL DATA (WS FORM: F-6) , PAGE 2
STATION: MUNCIE IN
MONTH: MAY
YEAR: 2020
LATITUDE: 40 13 N
LONGITUDE: 85 23 W
[TEMPERATURE DATA] [PRECIPITATION DATA] SYMBOLS USED IN COLUMN 16
AVERAGE MONTHLY: 62.0 TOTAL FOR MONTH: 3.67 1 = FOG OR MIST
DPTR FM NORMAL: 0.2 DPTR FM NORMAL: -0.74 2 = FOG REDUCING VISIBILITY
HIGHEST: 90 ON 26,25 GRTST 24HR 1.04 ON 17-18 TO 1/4 MILE OR LESS
LOWEST: 29 ON 9 3 = THUNDER
SNOW, ICE PELLETS, HAIL 4 = ICE PELLETS
TOTAL MONTH: M 5 = HAIL
GRTST 24HR M ON M 6 = FREEZING RAIN OR DRIZZLE
GRTST DEPTH: M ON M 7 = DUSTSTORM OR SANDSTORM:
VSBY 1/2 MILE OR LESS
8 = SMOKE OR HAZE
[NO. OF DAYS WITH] [WEATHER - DAYS WITH] 9 = BLOWING SNOW
X = TORNADO
MAX 32 OR BELOW: 0 0.01 INCH OR MORE: 14
MAX 90 OR ABOVE: 2 0.10 INCH OR MORE: 10
MIN 32 OR BELOW: 2 0.50 INCH OR MORE: 2
MIN 0 OR BELOW: 0 1.00 INCH OR MORE: 0
[HDD (BASE 65) ]
TOTAL THIS MO. 182 CLEAR (SCALE 0-3) 8
DPTR FM NORMAL 15 PTCLDY (SCALE 4-7) 17
TOTAL FM JUL 1 4847 CLOUDY (SCALE 8-10) 6
DPTR FM NORMAL -912
[CDD (BASE 65) ]
TOTAL THIS MO. 94
DPTR FM NORMAL 26 [PRESSURE DATA]
TOTAL FM JAN 1 103 HIGHEST SLP M ON M
DPTR FM NORMAL 20 LOWEST SLP 29.67 ON 18
[REMARKS]
#FINAL-05-20#