000
CXUS53 KEAX 010836
CF6MKC
PRELIMINARY LOCAL CLIMATOLOGICAL DATA (WS FORM: F-6)
STATION: DOWNTOWN KANSAS CITY MO
MONTH: NOVEMBER
YEAR: 2022
LATITUDE: 39 7 N
LONGITUDE: 94 36 W
TEMPERATURE IN F: :PCPN: SNOW: WIND :SUNSHINE: SKY :PK WND
================================================================================
1 2 3 4 5 6A 6B 7 8 9 10 11 12 13 14 15 16 17 18
12Z AVG MX 2MIN
DY MAX MIN AVG DEP HDD CDD WTR SNW DPTH SPD SPD DIR MIN PSBL S-S WX SPD DR
================================================================================
1 79 43 61 10 4 0 0.00 M M 5.8 16 220 M M 0 24 210
2 76 54 65 14 0 0 0.00 M M 11.4 22 200 M M 0 29 160
3 78 60 69 18 0 4 0.00 M M 15.5 29 190 M M 4 42 200
4 69 41 55 5 10 0 2.32 M M 9.2 24 270 M M 8 138 35 290
5 56 36 46 -4 19 0 0.09 M M 13.3 24 200 M M 4 1 32 200
6 64 43 54 5 11 0 0.00 M M 8.1 18 10 M M 0 27 190
7 57 41 49 0 16 0 0.00 M M 8.6 16 70 M M 2 27 60
8 67 47 57 9 8 0 T M M 6.7 16 150 M M 9 21 150
9 73 57 65 17 0 0 0.00 M M 10.4 21 180 M M 5 30 170
10 74 38 56 8 9 0 0.43 M M 14.6 26 200 M M 8 1 37 200
11 38 25 32 -15 33 0 T M M 12.9 21 330 M M 1 30 320
12 30 22 26 -21 39 0 0.00 M M 8.8 17 320 M M 8 26 320
13 41 19 30 -16 35 0 0.00 M M 4.6 14 120 M M 0 1 17 130
14 44 30 37 -9 28 0 0.04 M M 4.7 10 170 M M 8 1 14 140
15 38 27 33 -13 32 0 T M M 7.9 18 270 M M 8 1 25 260
16 33 23 28 -17 37 0 0.00 M M 9.1 18 320 M M 4 25 300
17 44 20 32 -13 33 0 0.00 M M 7.4 20 300 M M 4 28 300
18 28 17 23 -21 42 0 0.00 M M 10.3 18 300 M M 0 25 310
19 35 19 27 -17 38 0 0.00 M M 10.5 22 310 M M 0 32 310
20 50 17 34 -10 31 0 0.00 M M 10.0 20 200 M M 0 26 210
21 56 30 43 0 22 0 0.00 M M 5.8 14 220 M M 0 20 210
22 62 28 45 2 20 0 0.00 M M 4.7 16 200 M M 0 20 200
23 59 38 49 7 16 0 T M M 7.2 16 160 M M 3 24 170
24 59 36 48 6 17 0 0.00 M M 4.7 16 320 M M 5 1 23 320
25 55 29 42 0 23 0 0.00 M M 1.6 7 330 M M 0 11 290
26 54 28 41 0 24 0 0.47 M M 3.4 12 340 M M 3 18 17 50
27 46 33 40 -1 25 0 0.03 M M 7.4 18 320 M M 6 1 24 330
28 56 28 42 2 23 0 0.00 M M 6.8 17 150 M M 0 25 150
29 60 26 43 3 22 0 0.00 M M 15.2 31 220 M M 3 42 220
30 37 20 29 -11 36 0 0.00 M M 7.0 16 300 M M 0 23 320
================================================================================
SM 1618 975 653 4 3.38 M 253.6 M 93
================================================================================
AV 53.9 32.5 8.5 FASTST M M 3 MAX(MPH)
MISC ----> 31 220 # 42 200
================================================================================
NOTES:
# LAST OF SEVERAL OCCURRENCES
COLUMN 17 PEAK WIND IN M.P.H.
PRELIMINARY LOCAL CLIMATOLOGICAL DATA (WS FORM: F-6) , PAGE 2
STATION: DOWNTOWN KANSAS CITY MO
MONTH: NOVEMBER
YEAR: 2022
LATITUDE: 39 7 N
LONGITUDE: 94 36 W
[TEMPERATURE DATA] [PRECIPITATION DATA] SYMBOLS USED IN COLUMN 16
AVERAGE MONTHLY: 43.2 TOTAL FOR MONTH: 3.38 1 = FOG OR MIST
DPTR FM NORMAL: -2.2 DPTR FM NORMAL: 1.58 2 = FOG REDUCING VISIBILITY
HIGHEST: 79 ON 1 GRTST 24HR 2.41 ON 4- 5 TO 1/4 MILE OR LESS
LOWEST: 17 ON 20,18 3 = THUNDER
SNOW, ICE PELLETS, HAIL 4 = ICE PELLETS
TOTAL MONTH: M 5 = HAIL
GRTST 24HR M ON M 6 = FREEZING RAIN OR DRIZZLE
GRTST DEPTH: M ON M 7 = DUSTSTORM OR SANDSTORM:
VSBY 1/2 MILE OR LESS
8 = SMOKE OR HAZE
[NO. OF DAYS WITH] [WEATHER - DAYS WITH] 9 = BLOWING SNOW
X = TORNADO
MAX 32 OR BELOW: 2 0.01 INCH OR MORE: 6
MAX 90 OR ABOVE: 0 0.10 INCH OR MORE: 3
MIN 32 OR BELOW: 17 0.50 INCH OR MORE: 1
MIN 0 OR BELOW: 0 1.00 INCH OR MORE: 1
[HDD (BASE 65) ]
TOTAL THIS MO. 653 CLEAR (SCALE 0-3) 15
DPTR FM NORMAL 62 PTCLDY (SCALE 4-7) 12
TOTAL FM JUL 1 895 CLOUDY (SCALE 8-10) 3
DPTR FM NORMAL 22
[CDD (BASE 65) ]
TOTAL THIS MO. 4
DPTR FM NORMAL 1 [PRESSURE DATA]
TOTAL FM JAN 1 1866 HIGHEST SLP 30.53 ON 18
DPTR FM NORMAL 158 LOWEST SLP 29.42 ON 29
[REMARKS]
#FINAL-11-22#