000
CXUS53 KGRR 011017
CF6MKG
PRELIMINARY LOCAL CLIMATOLOGICAL DATA (WS FORM: F-6)
STATION: MUSKEGON
MONTH: JUNE
YEAR: 2020
LATITUDE: 43 10 N
LONGITUDE: 86 14 W
TEMPERATURE IN F: :PCPN: SNOW: WIND :SUNSHINE: SKY :PK WND
================================================================================
1 2 3 4 5 6A 6B 7 8 9 10 11 12 13 14 15 16 17 18
12Z AVG MX 2MIN
DY MAX MIN AVG DEP HDD CDD WTR SNW DPTH SPD SPD DIR MIN PSBL S-S WX SPD DR
================================================================================
1 73 43 58 -4 7 0 0.01 0.0 0 9.5 23 180 M M 6 1 35 190
2 84 62 73 11 0 8 0.21 0.0 0 13.3 32 300 M M 6 3 49 290
3 78 60 69 7 0 4 0.11 0.0 0 8.0 26 240 M M 5 3 36 250
4 79 57 68 5 0 3 0.00 0.0 0 4.7 13 230 M M 4 19 240
5 83 55 69 6 0 4 T 0.0 0 4.3 20 290 M M 4 1 30 310
6 79 59 69 5 0 4 0.00 0.0 0 9.2 18 330 M M 3 1 24 340
7 79 52 66 2 0 1 0.00 0.0 0 5.5 14 290 M M 5 17 290
8 89 59 74 10 0 9 0.00 0.0 0 6.9 14 230 M M 4 20 150
9 97 61 79 15 0 14 1.08 0.0 0 11.5 31 130 M M 6 1 48 180
10 81 58 70 5 0 5 0.50 0.0 0 16.7 32 220 M M 7 13 50 180
11 73 56 65 0 0 0 0.01 0.0 0 11.7 30 290 M M 2 50 300
12 70 51 61 -4 4 0 T 0.0 0 6.5 13 360 M M 5 18 30
13 70 47 59 -7 6 0 0.00 0.0 0 10.3 16 70 M M 2 24 60
14 74 42 58 -8 7 0 0.00 0.0 0 9.0 20 100 M M 1 27 110
15 77 45 61 -5 4 0 0.00 0.0 0 5.3 13 110 M M 1 19 120
16 80 53 67 0 0 2 0.00 0.0 0 5.6 13 230 M M 1 17 250
17 83 59 71 4 0 6 0.00 0.0 0 5.3 13 260 M M 1 20 260
18 86 58 72 5 0 7 0.00 0.0 0 3.7 14 280 M M 2 17 270
19 89 58 74 6 0 9 0.00 0.0 0 3.5 10 240 M M 2 14 220
20 90 64 77 9 0 12 0.00 0.0 0 8.1 28 200 M M 6 39 200
21 77 62 70 2 0 5 0.11 0.0 0 6.2 23 210 M M 7 1 34 210
22 84 61 73 5 0 8 0.04 0.0 0 7.1 22 270 M M 6 32 260
23 73 59 66 -2 0 1 0.01 0.0 0 11.3 23 290 M M 9 18 35 300
24 74 57 66 -3 0 1 0.02 0.0 0 7.8 15 220 M M 5 20 230
25 75 53 64 -5 1 0 0.00 0.0 0 5.4 15 220 M M 3 1 20 220
26 79 59 69 0 0 4 0.36 0.0 0 8.5 24 210 M M 6 138 31 210
27 82 65 74 5 0 9 0.00 0.0 0 5.9 12 220 M M 6 18 15 220
28 86 62 74 4 0 9 0.00 0.0 0 4.0 12 100 M M 4 1 20 130
29 91 65 78 8 0 13 0.00 0.0 0 6.1 20 250 M M 5 29 270
30 92 72 82 12 0 17 0.02 0.0 0 7.6 15 90 M M 5 21 90
================================================================================
SM 2427 1714 29 155 2.48 0.0 228.5 M 129
================================================================================
AV 80.9 57.1 7.6 FASTST M M 4 MAX(MPH)
MISC ----> # 32 300 # 50 180
================================================================================
NOTES:
# LAST OF SEVERAL OCCURRENCES
COLUMN 17 PEAK WIND IN M.P.H.
PRELIMINARY LOCAL CLIMATOLOGICAL DATA (WS FORM: F-6) , PAGE 2
STATION: MUSKEGON
MONTH: JUNE
YEAR: 2020
LATITUDE: 43 10 N
LONGITUDE: 86 14 W
[TEMPERATURE DATA] [PRECIPITATION DATA] SYMBOLS USED IN COLUMN 16
AVERAGE MONTHLY: 69.0 TOTAL FOR MONTH: 2.48 1 = FOG OR MIST
DPTR FM NORMAL: 2.7 DPTR FM NORMAL: -0.07 2 = FOG REDUCING VISIBILITY
HIGHEST: 97 ON 9 GRTST 24HR 1.08 ON 9- 9 TO 1/4 MILE OR LESS
LOWEST: 42 ON 14 3 = THUNDER
SNOW, ICE PELLETS, HAIL 4 = ICE PELLETS
TOTAL MONTH: 0.0 INCH 5 = HAIL
GRTST 24HR 0.0 6 = FREEZING RAIN OR DRIZZLE
GRTST DEPTH: 0 7 = DUSTSTORM OR SANDSTORM:
VSBY 1/2 MILE OR LESS
8 = SMOKE OR HAZE
[NO. OF DAYS WITH] [WEATHER - DAYS WITH] 9 = BLOWING SNOW
X = TORNADO
MAX 32 OR BELOW: 0 0.01 INCH OR MORE: 12
MAX 90 OR ABOVE: 4 0.10 INCH OR MORE: 6
MIN 32 OR BELOW: 0 0.50 INCH OR MORE: 2
MIN 0 OR BELOW: 0 1.00 INCH OR MORE: 1
[HDD (BASE 65) ]
TOTAL THIS MO. 29 CLEAR (SCALE 0-3) 10
DPTR FM NORMAL -37 PTCLDY (SCALE 4-7) 19
TOTAL FM JUL 1 6180 CLOUDY (SCALE 8-10) 1
DPTR FM NORMAL -380
[CDD (BASE 65) ]
TOTAL THIS MO. 155
DPTR FM NORMAL 50 [PRESSURE DATA]
TOTAL FM JAN 1 204 HIGHEST SLP 30.44 ON 14
DPTR FM NORMAL 70 LOWEST SLP 29.40 ON 10
[REMARKS]
#FINAL-06-20#