000
CXUS54 KMEG 042359
CLMMKL
CLIMATE REPORT
NATIONAL WEATHER SERVICE MEMPHIS TN
659 PM CDT SUN JUN 04 2023
...................................
...THE JACKSON CLIMATE SUMMARY FOR THE MONTH OF MAY 2023...
CLIMATE NORMAL PERIOD 1991 TO 2020
CLIMATE RECORD PERIOD 1948 TO 2023
WEATHER OBSERVED NORMAL DEPART LAST YEAR`S
VALUE DATE(S) VALUE FROM VALUE DATE(S)
NORMAL
................................................................
TEMPERATURE (F)
RECORD
HIGH 94 05/28/2012
LOW 34 05/04/2013
HIGHEST 90 05/15 80 10 93 05/12
LOWEST 38 05/04 58 -20 45 05/08
AVG. MAXIMUM 80.0 80.0 -0.0 80.7
AVG. MINIMUM 57.5 57.9 -0.4 59.5
MEAN 68.7 68.9 -0.2 70.1
DAYS MAX >= 90 1 2.0 -1.0 2
DAYS MAX <= 32 0 0.0 0.0 0
DAYS MIN <= 32 0 0.0 0.0 0
DAYS MIN <= 0 0 0.0 0.0 0
PRECIPITATION (INCHES)
RECORD
MAXIMUM 14.91 2010
MINIMUM 0.42 2005
TOTALS 7.03 5.58 1.45 4.20
DAILY AVG. 0.23 0.18 0.05 0.14
DAYS >= .01 12 11.1 0.9 9
DAYS >= .10 9 7.3 1.7 8
DAYS >= .50 6 3.6 2.4 4
DAYS >= 1.00 3 1.9 1.1 1
GREATEST
24 HR. TOTAL 1.61 05/15 TO 05/16
SNOWFALL (INCHES)
RECORDS
TOTAL MM MM
TOTALS MM MM MM MM
SINCE 7/1 MM MM MM MM
SNOWDEPTH AVG. MM MM
DAYS >= 1.0 MM MM MM MM
GREATEST
SNOW DEPTH MM MM
24 HR TOTAL MM
DEGREE DAYS
HEATING TOTAL 47 46 1 17
SINCE 7/1 3155 3517 -362 3251
COOLING TOTAL 169 168 1 182
SINCE 1/1 208 229 -21 241
................................................................
WIND (MPH)
AVERAGE WIND SPEED 5.2
HIGHEST WIND SPEED/DIRECTION 31/330 DATE 05/15
HIGHEST GUST SPEED/DIRECTION 42/340 DATE 05/15
SKY COVER
POSSIBLE SUNSHINE (PERCENT) MM
AVERAGE SKY COVER 0.29
NUMBER OF DAYS FAIR 20
NUMBER OF DAYS PC 11
NUMBER OF DAYS CLOUDY 0
AVERAGE RH (PERCENT) 73
WEATHER CONDITIONS. NUMBER OF DAYS WITH
THUNDERSTORM 10 MIXED PRECIP 0
HEAVY RAIN 8 RAIN 6
LIGHT RAIN 11 FREEZING RAIN 0
LT FREEZING RAIN 0 HAIL 0
HEAVY SNOW 0 SNOW 0
LIGHT SNOW 0 SLEET 0
FOG 18 FOG W/VIS <= 1/4 MILE 1
HAZE 3
- INDICATES NEGATIVE NUMBERS.
R INDICATES RECORD WAS SET OR TIED.
MM INDICATES DATA IS MISSING.
T INDICATES TRACE AMOUNT.
$$