000
CXUS54 KFWD 010730
CF6MKN
PRELIMINARY LOCAL CLIMATOLOGICAL DATA (WS FORM: F-6)
STATION: COMANCHE
MONTH: SEPTEMBER
YEAR: 2021
LATITUDE: 31 55 N
LONGITUDE: 98 36 W
TEMPERATURE IN F: :PCPN: SNOW: WIND :SUNSHINE: SKY :PK WND
================================================================================
1 2 3 4 5 6A 6B 7 8 9 10 11 12 13 14 15 16 17 18
12Z AVG MX 2MIN
DY MAX MIN AVG DEP HDD CDD WTR SNW DPTH SPD SPD DIR MIN PSBL S-S WX SPD DR
================================================================================
1 99 75 87 M 0 22 0.00 M M 6.8 9 130 M M 1 16 190
2 99 72 86 M 0 21 0.00 M M 7.2 13 160 M M 1 17 140
3 99 72 86 M 0 21 0.00 M M 7.6 14 130 M M 1 18 140
4 98 73 86 M 0 21 0.00 M M 6.6 14 220 M M 0 20 220
5 95 75 85 M 0 20 0.00 M M 8.1 15 340 M M 1 20 30
6 96 73 85 M 0 20 0.00 M M 4.1 13 200 M M 3 17 200
7 96 67 82 M 0 17 0.00 M M 3.6 7 160 M M 0 M M
8 97 66 82 M 0 17 0.00 M M 4.0 16 120 M M 2 24 120
9 93 66 80 M 0 15 0.00 M M 3.9 9 120 M M 0 M M
10 94 62 78 M 0 13 0.00 M M 7.0 10 140 M M 0 16 140
11 93 63 78 M 0 13 0.00 M M 6.2 9 160 M M 0 M M
12 94 60 77 M 0 12 0.00 M M 6.2 13 150 M M 1 16 150
13 87 62 75 M 0 10 M M M 7.0 20 120 M M 4 25 120
14 86 63 75 M 0 10 0.00 M M 4.5 12 100 M M 5 17 100
15 90 65 78 M 0 13 0.00 M M 5.1 12 40 M M 4 17 70
16 91 64 78 M 0 13 0.00 M M 2.9 7 160 M M 1 M M
17 96 65 81 M 0 16 0.00 M M 4.3 8 180 M M 1 M M
18 94 66 80 M 0 15 0.00 M M 3.6 9 70 M M 1 16 50
19 97 66 82 M 0 17 0.00 M M 2.9 9 170 M M 0 M M
20 103 71 87 M 0 22 0.00 M M 9.3 15 220 M M 0 24 220
21 87 63 75 M 0 10 0.00 M M 12.1 23 360 M M 2 29 360
22 83 55 69 M 0 4 0.00 M M 5.7 10 10 M M 0 23 20
23 87 51 69 M 0 4 0.00 M M 3.5 8 100 M M 0 M M
24 89 54 72 M 0 7 0.00 M M 6.0 13 200 M M 0 18 200
25 90 55 73 M 0 8 0.00 M M 3.5 10 250 M M 0 M M
26 91 59 75 M 0 10 0.00 M M 7.9 14 150 M M 0 21 150
27 93 58 76 M 0 11 0.00 M M 5.7 10 170 M M 1 M M
28 95 66 81 M 0 16 0.22 M M 7.5 15 130 M M 2 25 40
29 93 64 79 M 0 14 0.00 M M 8.6 16 140 M M 1 21 140
30 96 66 81 M 0 16 1.68 M M 9.0 25 330 M M 4 3 30 330
================================================================================
SM 2801 1937 0 428 1.90 M 180.2 M 36
================================================================================
AV 93.4 64.6 6.0 FASTST M M 1 MAX(MPH)
MISC ----> 25 330 30 330
================================================================================
NOTES:
# LAST OF SEVERAL OCCURRENCES
COLUMN 17 PEAK WIND IN M.P.H.
PRELIMINARY LOCAL CLIMATOLOGICAL DATA (WS FORM: F-6) , PAGE 2
STATION: COMANCHE
MONTH: SEPTEMBER
YEAR: 2021
LATITUDE: 31 55 N
LONGITUDE: 98 36 W
[TEMPERATURE DATA] [PRECIPITATION DATA] SYMBOLS USED IN COLUMN 16
AVERAGE MONTHLY: 79.0 TOTAL FOR MONTH: 1.90 1 = FOG OR MIST
DPTR FM NORMAL: 0.0 DPTR FM NORMAL: -0.99 2 = FOG REDUCING VISIBILITY
HIGHEST: 103 ON 20 GRTST 24HR 1.68 ON 30-30 TO 1/4 MILE OR LESS
LOWEST: 51 ON 23 3 = THUNDER
SNOW, ICE PELLETS, HAIL 4 = ICE PELLETS
TOTAL MONTH: M 5 = HAIL
GRTST 24HR M ON M 6 = FREEZING RAIN OR DRIZZLE
GRTST DEPTH: M ON M 7 = DUSTSTORM OR SANDSTORM:
VSBY 1/2 MILE OR LESS
8 = SMOKE OR HAZE
[NO. OF DAYS WITH] [WEATHER - DAYS WITH] 9 = BLOWING SNOW
X = TORNADO
MAX 32 OR BELOW: 0 0.01 INCH OR MORE: 2
MAX 90 OR ABOVE: 24 0.10 INCH OR MORE: 2
MIN 32 OR BELOW: 0 0.50 INCH OR MORE: 1
MIN 0 OR BELOW: 0 1.00 INCH OR MORE: 1
[HDD (BASE 65) ]
TOTAL THIS MO. 0 CLEAR (SCALE 0-3) 25
DPTR FM NORMAL M PTCLDY (SCALE 4-7) 5
TOTAL FM JUL 1 0 CLOUDY (SCALE 8-10) 0
DPTR FM NORMAL M
[CDD (BASE 65) ]
TOTAL THIS MO. 428
DPTR FM NORMAL M [PRESSURE DATA]
TOTAL FM JAN 1 2220 HIGHEST SLP M ON M
DPTR FM NORMAL M LOWEST SLP M ON M
[REMARKS]
#FINAL-09-21#