000
CXUS53 KMPX 042106
CF6MKT
PRELIMINARY LOCAL CLIMATOLOGICAL DATA (WS FORM: F-6)
STATION: MANKATO MN
MONTH: MARCH
YEAR: 2023
LATITUDE: 44 13 N
LONGITUDE: 93 55 W
TEMPERATURE IN F: :PCPN: SNOW: WIND :SUNSHINE: SKY :PK WND
================================================================================
1 2 3 4 5 6A 6B 7 8 9 10 11 12 13 14 15 16 17 18
12Z AVG MX 2MIN
DY MAX MIN AVG DEP HDD CDD WTR SNW DPTH SPD SPD DIR MIN PSBL S-S WX SPD DR
================================================================================
1 37 25 31 6 34 0 0.10 M M 16.4 22 240 M M 9 30 240
2 27 15 21 -5 44 0 0.00 M M 8.1 14 160 M M 10 18 350
3 40 20 30 4 35 0 0.00 M M 4.4 9 130 M M 1 1 M M
4 35 25 30 4 35 0 0.00 M M 7.0 17 290 M M 4 M M
5 37 20 29 2 36 0 0.00 M M 11.1 20 100 M M 5 1 27 60
6 37 28 33 6 32 0 0.46 M M 13.5 20 360 M M 9 1 M M
7 36 22 29 1 36 0 T M M 9.5 14 100 M M 7 M M
8 35 31 33 5 32 0 0.00 M M 9.4 13 130 M M 10 1 M M
9 36 28 32 3 33 0 T M M 11.9 18 90 M M 10 1 22 90
10 35 26 31 2 34 0 0.34 M M 7.0 12 20 M M 10 1 M M
11 34 28 31 2 34 0 T M M 13.2 22 140 M M 10 1 30 130
12 32 24 28 -2 37 0 0.12 M M 17.2 27 300 M M 10 1 40 300
13 29 11 20 -10 45 0 T M M 10.5 20 340 M M 3 23 340
14 30 4 17 -14 48 0 0.00 M M 12.0 22 160 M M 1 1 29 160
15 43 30 37 6 28 0 0.00 M M 15.1 21 140 M M 2 24 160
16 41 13 27 -5 38 0 0.00 M M 16.7 29 320 M M 7 1 40 330
17 13 4 9 -23 56 0 0.17 M M 25.7 32 300 M M 3 1 40 300
18 18 4 11 -21 54 0 0.00 M M 18.0 25 300 M M 1 32 320
19 40 5 23 -10 42 0 0.00 M M 12.8 22 210 M M 0 32 220
20 37 22 30 -4 35 0 0.00 M M 8.6 13 250 M M 0 M M
21 43 26 35 1 30 0 0.00 M M 11.1 16 90 M M 6 M M
22 39 26 33 -1 32 0 0.15 M M 13.7 20 260 M M 9 1 24 280
23 32 23 28 -7 37 0 0.00 M M 7.7 13 330 M M 1 M M
24 42 16 29 -6 36 0 0.00 M M 4.7 9 50 M M 0 1 M M
25 40 27 34 -2 31 0 0.00 M M 9.0 15 320 M M 5 M M
26 33 19 26 -10 39 0 0.00 M M 10.0 13 310 M M 0 M M
27 33 16 25 -12 40 0 0.00 M M 8.9 15 300 M M 0 1 M M
28 38 9 24 -13 41 0 0.00 M M 11.7 21 260 M M 2 28 270
29 24 8 16 -22 49 0 0.00 M M 8.0 18 340 M M 2 M M
30 40 16 28 -10 37 0 0.00 M M 12.7 20 110 M M 8 3 27 100
31 37 32 35 -4 30 0 0.53 M M 13.9 28 60 M M 10 13 39 50
================================================================================
SM 1073 603 1170 0 1.87 M 359.5 M 155
================================================================================
AV 34.6 19.5 11.6 FASTST M M 5 MAX(MPH)
MISC ----> 32 300 # 40 300
================================================================================
NOTES:
# LAST OF SEVERAL OCCURRENCES
COLUMN 17 PEAK WIND IN M.P.H.
PRELIMINARY LOCAL CLIMATOLOGICAL DATA (WS FORM: F-6) , PAGE 2
STATION: MANKATO MN
MONTH: MARCH
YEAR: 2023
LATITUDE: 44 13 N
LONGITUDE: 93 55 W
[TEMPERATURE DATA] [PRECIPITATION DATA] SYMBOLS USED IN COLUMN 16
AVERAGE MONTHLY: 27.0 TOTAL FOR MONTH: 1.87 1 = FOG OR MIST
DPTR FM NORMAL: -4.7 DPTR FM NORMAL: -0.09 2 = FOG REDUCING VISIBILITY
HIGHEST: 43 ON 21,15 GRTST 24HR 0.53 ON 31-31 TO 1/4 MILE OR LESS
LOWEST: 4 ON 18,17 3 = THUNDER
SNOW, ICE PELLETS, HAIL 4 = ICE PELLETS
TOTAL MONTH: M 5 = HAIL
GRTST 24HR M ON M 6 = FREEZING RAIN OR DRIZZLE
GRTST DEPTH: M ON M 7 = DUSTSTORM OR SANDSTORM:
VSBY 1/2 MILE OR LESS
8 = SMOKE OR HAZE
[NO. OF DAYS WITH] [WEATHER - DAYS WITH] 9 = BLOWING SNOW
X = TORNADO
MAX 32 OR BELOW: 8 0.01 INCH OR MORE: 7
MAX 90 OR ABOVE: 0 0.10 INCH OR MORE: 7
MIN 32 OR BELOW: 31 0.50 INCH OR MORE: 1
MIN 0 OR BELOW: 0 1.00 INCH OR MORE: 0
[HDD (BASE 65) ]
TOTAL THIS MO. 1170 CLEAR (SCALE 0-3) 12
DPTR FM NORMAL 139 PTCLDY (SCALE 4-7) 9
TOTAL FM JUL 1 6911 CLOUDY (SCALE 8-10) 10
DPTR FM NORMAL -43
[CDD (BASE 65) ]
TOTAL THIS MO. 0
DPTR FM NORMAL 0 [PRESSURE DATA]
TOTAL FM JAN 1 0 HIGHEST SLP M ON M
DPTR FM NORMAL 0 LOWEST SLP M ON M
[REMARKS]
#FINAL-03-23#
THE PRECIPITATION VALUES DURING THE MONTH ARE FROM
COCORAHS STATION MN-BU-23 WITH AN OBSERVATION TIME
OF 7 AM.