000
CXUS53 KMPX 050021
CF6MKT
PRELIMINARY LOCAL CLIMATOLOGICAL DATA (WS FORM: F-6)
STATION: MANKATO MN
MONTH: DECEMBER
YEAR: 2020
LATITUDE: 44 13 N
LONGITUDE: 93 55 W
TEMPERATURE IN F: :PCPN: SNOW: WIND :SUNSHINE: SKY :PK WND
================================================================================
1 2 3 4 5 6A 6B 7 8 9 10 11 12 13 14 15 16 17 18
12Z AVG MX 2MIN
DY MAX MIN AVG DEP HDD CDD WTR SNW DPTH SPD SPD DIR MIN PSBL S-S WX SPD DR
================================================================================
1 41 15 28 3 37 0 0.00 M M 7.9 12 160 M M 0 M M
2 40 17 29 4 36 0 0.00 M M 7.0 14 300 M M 1 M M
3 44 25 35 11 30 0 0.00 M M 9.8 13 260 M M 0 M M
4 45 27 36 12 29 0 0.00 M M 5.5 9 270 M M 0 M M
5 42 21 32 9 33 0 0.00 M M 4.6 10 350 M M 2 1 M M
6 35 26 31 8 34 0 0.00 M M 6.5 14 300 M M 10 12 M M
7 31 27 29 7 36 0 0.00 M M 5.3 10 160 M M 10 12 M M
8 45 26 36 14 29 0 T M M 6.5 13 190 M M 4 1 M M
9 52 32 42 21 23 0 0.00 M M 6.1 10 310 M M 0 M M
10 46 33 40 19 25 0 0.00 M M 12.3 17 330 M M 0 25 330
11 38 28 33 12 32 0 0.00 M M 12.3 18 30 M M 1 M M
12 30 25 28 8 37 0 0.00 M M 12.5 18 20 M M 7 27 30
13 28 16 22 2 43 0 0.00 M M 12.2 22 310 M M 9 31 310
14 20 9 15 -5 50 0 T M M 8.2 14 300 M M 2 18 310
15 26 13 20 1 45 0 0.00 M M 7.7 10 160 M M 4 M M
16 31 15 23 4 42 0 0.00 M M 6.5 10 180 M M 2 M M
17 28 20 24 6 41 0 0.00 M M 8.7 16 160 M M 9 1 M M
18 40 23 32 14 33 0 0.00 M M 13.2 23 160 M M 8 1 31 160
19 29 18 24 6 41 0 0.02 M M 10.5 20 310 M M 8 1 M M
20 39 17 28 10 37 0 0.00 M M 8.4 14 300 M M 3 M M
21 40 21 31 14 34 0 0.00 M M 18.1 33 290 M M 5 48 290
22 49 19 34 17 31 0 0.00 M M 14.2 23 180 M M 4 36 160
23 45 2 24 7 41 0 T M M 20.2 38 330 M M 8 12 53 320
24 5 -5 0 -16 65 0 0.28 M M 19.5 31 310 M M 4 18 40 310
25 22 -7 8 -8 57 0 0.00 M M 6.8 14 210 M M 1 M M
26 28 10 19 3 46 0 0.00 M M 4.7 9 90 M M 0 1 M M
27 26 12 19 3 46 0 0.00 M M 10.3 15 350 M M 8 1 M M
28 26 6 16 0 49 0 T M M 8.1 15 320 M M 5 M M
29 24 4 14 -1 51 0 0.00 M M 10.8 22 120 M M 6 1 M M
30 25 16 21 6 44 0 0.18 M M 15.8 27 300 M M 10 1 35 290
31 23 13 18 3 47 0 T M M 10.0 16 160 M M 7 21 180
================================================================================
SM 1043 524 1224 0 0.48 M 310.2 M 138
================================================================================
AV 33.6 16.9 10.0 FASTST M M 4 MAX(MPH)
MISC ----> 38 330 53 320
================================================================================
NOTES:
# LAST OF SEVERAL OCCURRENCES
COLUMN 17 PEAK WIND IN M.P.H.
PRELIMINARY LOCAL CLIMATOLOGICAL DATA (WS FORM: F-6) , PAGE 2
STATION: MANKATO MN
MONTH: DECEMBER
YEAR: 2020
LATITUDE: 44 13 N
LONGITUDE: 93 55 W
[TEMPERATURE DATA] [PRECIPITATION DATA] SYMBOLS USED IN COLUMN 16
AVERAGE MONTHLY: 25.3 TOTAL FOR MONTH: 0.48 1 = FOG OR MIST
DPTR FM NORMAL: 6.1 DPTR FM NORMAL: -0.61 2 = FOG REDUCING VISIBILITY
HIGHEST: 52 ON 9 GRTST 24HR 0.28 ON 24-24 TO 1/4 MILE OR LESS
LOWEST: -7 ON 25 3 = THUNDER
SNOW, ICE PELLETS, HAIL 4 = ICE PELLETS
TOTAL MONTH: M 5 = HAIL
GRTST 24HR M ON M 6 = FREEZING RAIN OR DRIZZLE
GRTST DEPTH: M ON M 7 = DUSTSTORM OR SANDSTORM:
VSBY 1/2 MILE OR LESS
8 = SMOKE OR HAZE
[NO. OF DAYS WITH] [WEATHER - DAYS WITH] 9 = BLOWING SNOW
X = TORNADO
MAX 32 OR BELOW: 16 0.01 INCH OR MORE: 3
MAX 90 OR ABOVE: 0 0.10 INCH OR MORE: 2
MIN 32 OR BELOW: 30 0.50 INCH OR MORE: 0
MIN 0 OR BELOW: 2 1.00 INCH OR MORE: 0
[HDD (BASE 65) ]
TOTAL THIS MO. 1224 CLEAR (SCALE 0-3) 13
DPTR FM NORMAL -194 PTCLDY (SCALE 4-7) 11
TOTAL FM JUL 1 2882 CLOUDY (SCALE 8-10) 7
DPTR FM NORMAL -208
[CDD (BASE 65) ]
TOTAL THIS MO. 0
DPTR FM NORMAL 0 [PRESSURE DATA]
TOTAL FM JAN 1 794 HIGHEST SLP M ON M
DPTR FM NORMAL 140 LOWEST SLP M ON M
[REMARKS]
#FINAL-12-20#
THE PRECIPITATION DATA IS FROM COCORAHS STATION MN-BU-23
WITH AN OBSERVATION TIME OF 7 AM.