000
CXUS53 KMPX 061642
CF6MKT
PRELIMINARY LOCAL CLIMATOLOGICAL DATA (WS FORM: F-6)
STATION: MANKATO MN
MONTH: OCTOBER
YEAR: 2023
LATITUDE: 44 13 N
LONGITUDE: 93 55 W
TEMPERATURE IN F: :PCPN: SNOW: WIND :SUNSHINE: SKY :PK WND
================================================================================
1 2 3 4 5 6A 6B 7 8 9 10 11 12 13 14 15 16 17 18
12Z AVG MX 2MIN
DY MAX MIN AVG DEP HDD CDD WTR SNW DPTH SPD SPD DIR MIN PSBL S-S WX SPD DR
================================================================================
1 91 68 80 25 0 15 0.00 M M 10.5 17 190 M M 0 24 190
2 90 64 77 23 0 12 0.00 M M 11.5 18 200 M M 0 25 200
3 86 61 74 20 0 9 0.10 M M 12.9 21 190 M M 5 51 180
4 65 52 59 6 6 0 T M M 9.6 20 260 M M 7 23 260
5 64 47 56 3 9 0 0.04 M M 14.4 28 290 M M 5 41 290
6 56 41 49 -3 16 0 0.03 M M 16.5 24 310 M M 7 1 36 310
7 53 42 48 -4 17 0 0.00 M M 8.6 16 310 M M 8 22 310
8 61 41 51 -1 14 0 0.00 M M 7.7 12 20 M M 6 16 50
9 56 36 46 -5 19 0 0.00 M M 8.1 17 340 M M 1 21 330
10 58 31 45 -6 20 0 0.00 M M 5.0 12 320 M M 0 17 300
11 64 29 47 -3 18 0 0.00 M M 6.6 12 80 M M 1 1 16 110
12 50 46 48 -2 17 0 0.62 M M 18.4 30 80 M M 7 1 41 80
13 50 46 48 -2 17 0 0.73 M M 18.1 24 90 M M 10 1 37 90
14 52 45 49 0 16 0 0.03 M M 12.9 20 40 M M 10 24 40
15 55 40 48 -1 17 0 T M M 9.7 15 300 M M 5 21 330
16 61 36 49 1 16 0 0.00 M M 4.7 10 340 M M 0 17 310
17 67 35 51 3 14 0 0.00 M M 5.8 10 170 M M 0 1 M M
18 64 49 57 9 8 0 0.00 M M 10.9 20 260 M M 3 24 270
19 61 44 53 6 12 0 0.00 M M 8.3 17 310 M M 7 12 21 310
20 71 41 56 9 9 0 0.00 M M 5.5 12 260 M M 0 128 M M
21 61 43 52 6 13 0 0.00 M M 14.8 25 330 M M 3 36 320
22 60 34 47 1 18 0 T M M 5.8 13 140 M M 2 12 18 160
23 66 48 57 11 8 0 0.07 M M 9.1 16 130 M M 4 17 170
24 60 53 57 12 8 0 0.60 M M 6.4 15 330 M M 9 13 20 330
25 56 50 53 8 12 0 0.13 M M 8.1 12 30 M M 10 13 M M
26 64 51 58 14 7 0 0.04 M M 6.6 15 310 M M 10 1 M M
27 51 28 40 -4 25 0 0.01 M M 16.4 24 300 M M 10 1 35 300
28 32 25 29 -14 36 0 T M M 9.8 16 330 M M 8 1 23 320
29 37 25 31 -12 34 0 0.00 M M 7.9 14 320 M M 2 M M
30 39 21 30 -12 35 0 T M M 14.0 25 250 M M 3 1 36 250
31 35 23 29 -13 36 0 T M M 18.4 28 310 M M 7 19 41 310
================================================================================
SM 1836 1295 477 36 2.40 M 323.0 M 150
================================================================================
AV 59.2 41.8 10.4 FASTST M M 5 MAX(MPH)
MISC ----> 30 80 51 180
================================================================================
NOTES:
# LAST OF SEVERAL OCCURRENCES
COLUMN 17 PEAK WIND IN M.P.H.
PRELIMINARY LOCAL CLIMATOLOGICAL DATA (WS FORM: F-6) , PAGE 2
STATION: MANKATO MN
MONTH: OCTOBER
YEAR: 2023
LATITUDE: 44 13 N
LONGITUDE: 93 55 W
[TEMPERATURE DATA] [PRECIPITATION DATA] SYMBOLS USED IN COLUMN 16
AVERAGE MONTHLY: 50.5 TOTAL FOR MONTH: 2.40 1 = FOG OR MIST
DPTR FM NORMAL: 2.1 DPTR FM NORMAL: 0.08 2 = FOG REDUCING VISIBILITY
HIGHEST: 91 ON 1 GRTST 24HR 0.73 ON 13-13 TO 1/4 MILE OR LESS
LOWEST: 21 ON 30 3 = THUNDER
SNOW, ICE PELLETS, HAIL 4 = ICE PELLETS
TOTAL MONTH: M 5 = HAIL
GRTST 24HR M ON M 6 = FREEZING RAIN OR DRIZZLE
GRTST DEPTH: M ON M 7 = DUSTSTORM OR SANDSTORM:
VSBY 1/2 MILE OR LESS
8 = SMOKE OR HAZE
[NO. OF DAYS WITH] [WEATHER - DAYS WITH] 9 = BLOWING SNOW
X = TORNADO
MAX 32 OR BELOW: 1 0.01 INCH OR MORE: 11
MAX 90 OR ABOVE: 2 0.10 INCH OR MORE: 4
MIN 32 OR BELOW: 7 0.50 INCH OR MORE: 3
MIN 0 OR BELOW: 0 1.00 INCH OR MORE: 0
[HDD (BASE 65) ]
TOTAL THIS MO. 477 CLEAR (SCALE 0-3) 12
DPTR FM NORMAL -45 PTCLDY (SCALE 4-7) 12
TOTAL FM JUL 1 542 CLOUDY (SCALE 8-10) 7
DPTR FM NORMAL -185
[CDD (BASE 65) ]
TOTAL THIS MO. 36
DPTR FM NORMAL 29 [PRESSURE DATA]
TOTAL FM JAN 1 860 HIGHEST SLP M ON M
DPTR FM NORMAL 206 LOWEST SLP M ON M
[REMARKS]
#FINAL-10-23#