000
CXUS52 KMLB 010622
CF6MLB
PRELIMINARY LOCAL CLIMATOLOGICAL DATA (WS FORM: F-6)
STATION: MELBOURNE
MONTH: SEPTEMBER
YEAR: 2020
LATITUDE: 28 6 N
LONGITUDE: 80 39 W
TEMPERATURE IN F: :PCPN: SNOW: WIND :SUNSHINE: SKY :PK WND
================================================================================
1 2 3 4 5 6A 6B 7 8 9 10 11 12 13 14 15 16 17 18
12Z AVG MX 2MIN
DY MAX MIN AVG DEP HDD CDD WTR SNW DPTH SPD SPD DIR MIN PSBL S-S WX SPD DR
================================================================================
1 90 75 83 2 0 18 0.00 0.0 0 6.7 14 110 M M 2 17 110
2 90 77 84 3 0 19 0.00 0.0 0 6.0 16 110 M M 1 20 100
3 91 76 84 3 0 19 0.00 0.0 0 6.8 15 110 M M 1 19 120
4 92 77 85 4 0 20 0.00 0.0 0 5.5 14 100 M M 0 1 17 110
5 90 77 84 3 0 19 0.00 0.0 0 5.7 14 70 M M 3 17 70
6 89 75 82 1 0 17 T 0.0 0 6.1 17 200 M M 2 3 21 200
7 87 74 81 0 0 16 T 0.0 0 7.7 20 60 M M 3 24 60
8 86 74 80 -1 0 15 0.53 0.0 0 5.3 17 150 M M 5 1 20 140
9 88 76 82 1 0 17 0.05 0.0 0 5.6 17 110 M M 3 20 110
10 89 77 83 2 0 18 0.07 0.0 0 7.9 15 60 M M 2 1 18 60
11 89 79 84 3 0 19 0.65 0.0 0 11.6 24 100 M M 5 13 31 100
12 88 75 82 1 0 17 0.27 0.0 0 15.0 29 90 M M 3 18 39 90
13 87 75 81 0 0 16 0.78 0.0 0 10.1 22 170 M M 4 13 29 160
14 88 80 84 3 0 19 0.00 0.0 0 8.3 17 110 M M 2 22 100
15 89 77 83 2 0 18 0.02 0.0 0 6.2 15 230 M M 3 3 19 220
16 88 77 83 2 0 18 0.94 0.0 0 7.2 25 160 M M 3 13 30 170
17 92 76 84 3 0 19 0.01 0.0 0 9.4 18 220 M M 3 24 200
18 90 77 84 4 0 19 0.71 0.0 0 9.1 25 230 M M 4 13 31 240
19 91 74 83 3 0 18 0.12 0.0 0 7.3 20 10 M M 5 1 27 30
20 87 76 82 2 0 17 2.26 0.0 0 19.6 32 50 M M 9 1238 41 40
21 86 79 83 3 0 18 0.00 0.0 0 21.8 31 50 M M 9 41 70
22 85 75 80 0 0 15 T 0.0 0 15.8 25 80 M M 8 32 70
23 84 77 81 1 0 16 0.00 0.0 0 10.1 16 70 M M 3 23 50
24 86 75 81 1 0 16 0.02 0.0 0 10.2 20 140 M M 7 25 120
25 86 75 81 1 0 16 0.27 0.0 0 5.1 14 60 M M 3 138 16 150
26 89 73 81 1 0 16 0.00 0.0 0 6.2 12 70 M M 1 15 70
27 87 75 81 1 0 16 0.02 0.0 0 6.3 15 100 M M 3 1 18 100
28 89 74 82 2 0 17 0.32 0.0 0 6.4 16 110 M M 3 13 19 110
29 92 75 84 5 0 19 0.05 0.0 0 9.2 20 280 M M 4 1 24 270
30 78 65 72 -7 0 7 0.01 0.0 0 10.2 20 340 M M 9 24 350
================================================================================
SM 2643 2267 0 514 7.10 0.0 268.4 M 113
================================================================================
AV 88.1 75.6 8.9 FASTST M M 4 MAX(MPH)
MISC ----> 32 50 # 41 40
================================================================================
NOTES:
# LAST OF SEVERAL OCCURRENCES
COLUMN 17 PEAK WIND IN M.P.H.
PRELIMINARY LOCAL CLIMATOLOGICAL DATA (WS FORM: F-6) , PAGE 2
STATION: MELBOURNE
MONTH: SEPTEMBER
YEAR: 2020
LATITUDE: 28 6 N
LONGITUDE: 80 39 W
[TEMPERATURE DATA] [PRECIPITATION DATA] SYMBOLS USED IN COLUMN 16
AVERAGE MONTHLY: 81.8 TOTAL FOR MONTH: 7.10 1 = FOG OR MIST
DPTR FM NORMAL: 1.2 DPTR FM NORMAL: -0.54 2 = FOG REDUCING VISIBILITY
HIGHEST: 92 ON 29,17 GRTST 24HR 2.38 ON 19-20 TO 1/4 MILE OR LESS
LOWEST: 65 ON 30 3 = THUNDER
SNOW, ICE PELLETS, HAIL 4 = ICE PELLETS
TOTAL MONTH: 0.0 INCH 5 = HAIL
GRTST 24HR 0.0 6 = FREEZING RAIN OR DRIZZLE
GRTST DEPTH: 0 7 = DUSTSTORM OR SANDSTORM:
VSBY 1/2 MILE OR LESS
8 = SMOKE OR HAZE
[NO. OF DAYS WITH] [WEATHER - DAYS WITH] 9 = BLOWING SNOW
X = TORNADO
MAX 32 OR BELOW: 0 0.01 INCH OR MORE: 18
MAX 90 OR ABOVE: 9 0.10 INCH OR MORE: 10
MIN 32 OR BELOW: 0 0.50 INCH OR MORE: 6
MIN 0 OR BELOW: 0 1.00 INCH OR MORE: 1
[HDD (BASE 65) ]
TOTAL THIS MO. 0 CLEAR (SCALE 0-3) 15
DPTR FM NORMAL 0 PTCLDY (SCALE 4-7) 12
TOTAL FM JUL 1 0 CLOUDY (SCALE 8-10) 3
DPTR FM NORMAL 0
[CDD (BASE 65) ]
TOTAL THIS MO. 514
DPTR FM NORMAL 48 [PRESSURE DATA]
TOTAL FM JAN 1 3217 HIGHEST SLP M ON M
DPTR FM NORMAL 525 LOWEST SLP 29.75 ON 29
[REMARKS]
#FINAL-09-20#