000
CXUS53 KDVN 011000
CF6MLI
PRELIMINARY LOCAL CLIMATOLOGICAL DATA (WS FORM: F-6)
STATION: MOLINE IL
MONTH: AUGUST
YEAR: 2022
LATITUDE: 41 27 N
LONGITUDE: 90 31 W
TEMPERATURE IN F: :PCPN: SNOW: WIND :SUNSHINE: SKY :PK WND
================================================================================
1 2 3 4 5 6A 6B 7 8 9 10 11 12 13 14 15 16 17 18
12Z AVG MX 2MIN
DY MAX MIN AVG DEP HDD CDD WTR SNW DPTH SPD SPD DIR MIN PSBL S-S WX SPD DR
================================================================================
1 89 67 78 3 0 13 0.87 0.0 0 8.0 26 280 M M 1 13 39 280
2 86 65 76 1 0 11 0.29 0.0 0 9.3 25 180 M M 1 13 37 180
3 86 74 80 5 0 15 0.21 0.0 0 7.3 23 270 M M 3 3 33 280
4 88 69 79 4 0 14 0.00 0.0 0 4.3 12 70 M M 5 15 60
5 88 68 78 3 0 13 0.00 0.0 0 6.4 13 90 M M 4 17 70
6 92 72 82 7 0 17 0.00 0.0 0 7.6 16 170 M M 0 22 180
7 84 75 80 6 0 15 0.52 0.0 0 5.6 17 330 M M 4 13 25 330
8 82 63 73 -1 0 8 0.64 0.0 0 8.2 22 220 M M 8 13 30 220
9 80 59 70 -4 0 5 0.00 0.0 0 3.3 13 70 M M 3 1 16 60
10 85 57 71 -3 0 6 0.00 0.0 0 2.3 10 270 M M 0 12 17 260
11 82 61 72 -2 0 7 0.00 0.0 0 5.9 14 70 M M 2 21 90
12 73 55 64 -10 1 0 T 0.0 0 5.4 12 80 M M 2 14 320
13 86 65 76 2 0 11 0.00 0.0 0 8.2 18 210 M M 3 26 210
14 78 69 74 0 0 9 0.00 0.0 0 8.1 16 30 M M 10 1 22 20
15 80 60 70 -4 0 5 0.00 0.0 0 3.6 13 70 M M 2 1 18 60
16 83 58 71 -3 0 6 0.00 0.0 0 4.9 15 80 M M 2 12 22 60
17 83 54 69 -5 0 4 0.00 0.0 0 2.0 10 30 M M 0 18 15 350
18 83 57 70 -3 0 5 0.00 0.0 0 3.5 10 220 M M 0 1 15 210
19 84 62 73 0 0 8 0.03 0.0 0 7.6 21 260 M M 5 3 31 260
20 79 64 72 -1 0 7 1.24 0.0 0 5.0 28 290 M M 6 123 49 310
21 81 62 72 -1 0 7 0.00 0.0 0 4.6 10 360 M M 7 1 16 330
22 84 59 72 -1 0 7 0.00 0.0 0 2.2 9 310 M M 3 1 18 360
23 84 58 71 -2 0 6 0.00 0.0 0 1.3 8 100 M M 4 12 100
24 86 57 72 0 0 7 0.00 0.0 0 5.4 13 190 M M 3 19 190
25 84 69 77 5 0 12 0.22 0.0 0 6.8 20 310 M M 5 13 27 310
26 82 64 73 1 0 8 0.00 0.0 0 4.6 13 90 M M 4 16 80
27 85 62 74 2 0 9 0.00 0.0 0 7.4 14 130 M M 1 20 150
28 86 65 76 4 0 11 0.12 0.0 0 9.7 23 210 M M 2 138 33 160
29 86 66 76 4 0 11 0.07 0.0 0 8.8 22 260 M M 2 138 30 260
30 81 60 71 0 0 6 0.00 0.0 0 9.0 21 300 M M 0 29 310
31 87 56 72 1 0 7 0.00 0.0 0 4.4 14 260 M M 0 20 260
================================================================================
SM 2597 1952 1 270 4.21 0.0 180.7 M 92
================================================================================
AV 83.8 63.0 5.8 FASTST M M 3 MAX(MPH)
MISC ----> 28 290 49 310
================================================================================
NOTES:
# LAST OF SEVERAL OCCURRENCES
COLUMN 17 PEAK WIND IN M.P.H.
PRELIMINARY LOCAL CLIMATOLOGICAL DATA (WS FORM: F-6) , PAGE 2
STATION: MOLINE IL
MONTH: AUGUST
YEAR: 2022
LATITUDE: 41 27 N
LONGITUDE: 90 31 W
[TEMPERATURE DATA] [PRECIPITATION DATA] SYMBOLS USED IN COLUMN 16
AVERAGE MONTHLY: 73.4 TOTAL FOR MONTH: 4.21 1 = FOG OR MIST
DPTR FM NORMAL: 0.0 DPTR FM NORMAL: 0.24 2 = FOG REDUCING VISIBILITY
HIGHEST: 92 ON 6 GRTST 24HR 1.26 ON 19-20 TO 1/4 MILE OR LESS
LOWEST: 54 ON 17 3 = THUNDER
SNOW, ICE PELLETS, HAIL 4 = ICE PELLETS
TOTAL MONTH: 0.0 INCH 5 = HAIL
GRTST 24HR 0.0 6 = FREEZING RAIN OR DRIZZLE
GRTST DEPTH: 0 7 = DUSTSTORM OR SANDSTORM:
VSBY 1/2 MILE OR LESS
8 = SMOKE OR HAZE
[NO. OF DAYS WITH] [WEATHER - DAYS WITH] 9 = BLOWING SNOW
X = TORNADO
MAX 32 OR BELOW: 0 0.01 INCH OR MORE: 10
MAX 90 OR ABOVE: 1 0.10 INCH OR MORE: 8
MIN 32 OR BELOW: 0 0.50 INCH OR MORE: 4
MIN 0 OR BELOW: 0 1.00 INCH OR MORE: 1
[HDD (BASE 65) ]
TOTAL THIS MO. 1 CLEAR (SCALE 0-3) 20
DPTR FM NORMAL -3 PTCLDY (SCALE 4-7) 10
TOTAL FM JUL 1 1 CLOUDY (SCALE 8-10) 1
DPTR FM NORMAL -1
[CDD (BASE 65) ]
TOTAL THIS MO. 270
DPTR FM NORMAL 6 [PRESSURE DATA]
TOTAL FM JAN 1 1025 HIGHEST SLP 30.30 ON 12
DPTR FM NORMAL 117 LOWEST SLP 29.71 ON 28
[REMARKS]
#FINAL-08-22#