000
CXUS53 KDVN 011100
CF6MLI
PRELIMINARY LOCAL CLIMATOLOGICAL DATA (WS FORM: F-6)
STATION: MOLINE IL
MONTH: DECEMBER
YEAR: 2021
LATITUDE: 41 27 N
LONGITUDE: 90 31 W
TEMPERATURE IN F: :PCPN: SNOW: WIND :SUNSHINE: SKY :PK WND
================================================================================
1 2 3 4 5 6A 6B 7 8 9 10 11 12 13 14 15 16 17 18
12Z AVG MX 2MIN
DY MAX MIN AVG DEP HDD CDD WTR SNW DPTH SPD SPD DIR MIN PSBL S-S WX SPD DR
================================================================================
1 56 35 46 12 19 0 T 0.0 0 8.1 16 250 M M 3 23 220
2 56 34 45 12 20 0 0.00 0.0 0 8.4 21 310 M M 2 27 300
3 58 31 45 12 20 0 0.00 0.0 0 5.4 12 90 M M 0 15 60
4 45 25 35 2 30 0 0.00 0.0 0 4.7 13 100 M M 5 1 19 100
5 43 33 38 6 27 0 0.01 0.0 0 8.6 32 300 M M 7 48 310
6 37 12 25 -7 40 0 0.00 0.0 0 18.6 31 310 M M 2 47 300
7 29 11 20 -12 45 0 0.00 0.0 0 7.0 17 150 M M 5 24 150
8 36 21 29 -2 36 0 0.00 0.0 0 7.6 15 280 M M 0 21 260
9 54 24 39 8 26 0 0.00 0.0 0 8.2 22 150 M M 3 30 160
10 55 30 43 13 22 0 0.64 0.0 0 10.5 24 110 M M 4 123 32 110
11 55 33 44 14 21 0 0.00 0.0 0 17.9 36 260 M M 4 12 49 270
12 51 32 42 12 23 0 0.00 0.0 0 10.7 20 210 M M 0 28 230
13 53 27 40 10 25 0 0.00 0.0 0 5.6 15 210 M M 0 22 220
14 58 26 42 13 23 0 0.00 0.0 0 9.2 18 160 M M 4 27 150
15 75 58 67 38 0 2 0.03 0.0 0 19.3 40 210 M M 6 8 60 220
16 63 26 45 16 20 0 0.00 0.0 0 17.5 38 240 M M 3 8 53 230
17 41 19 30 2 35 0 0.00 0.0 0 7.3 16 70 M M 4 21 80
18 38 23 31 3 34 0 0.01 0.1 T 8.7 17 310 M M 6 1 22 310
19 36 17 27 -1 38 0 0.00 0.0 0 6.5 16 190 M M 0 26 190
20 43 24 34 6 31 0 0.00 0.0 0 9.2 17 240 M M 0 24 210
21 41 17 29 2 36 0 0.00 0.0 0 11.2 28 270 M M 0 37 270
22 36 16 26 -1 39 0 0.00 0.0 0 6.8 18 300 M M 1 25 310
23 52 25 39 12 26 0 0.00 0.0 0 6.1 20 240 M M 0 26 230
24 64 33 49 23 16 0 0.00 0.0 0 7.4 16 210 M M 6 1 26 190
25 53 26 40 14 25 0 0.00 0.0 0 5.5 14 40 M M 4 1 20 20
26 42 21 32 6 33 0 0.08 0.0 0 10.1 29 90 M M 4 13 38 110
27 43 29 36 10 29 0 0.04 0.0 0 9.6 24 290 M M 5 13 35 300
28 36 29 33 7 32 0 0.61 3.2 0 8.7 23 110 M M 9 126 33 100
29 35 17 26 1 39 0 T T 2 7.6 18 320 M M 4 24 320
30 33 26 30 5 35 0 0.00 0.0 1 6.0 9 240 M M 10 1 14 230
31 35 30 33 8 32 0 0.00 0.0 1 8.8 18 90 M M 10 18 24 10
================================================================================
SM 1452 810 877 2 1.42 3.3 286.8 M 111
================================================================================
AV 46.8 26.1 9.3 FASTST M M 4 MAX(MPH)
MISC ----> 40 210 60 220
================================================================================
NOTES:
# LAST OF SEVERAL OCCURRENCES
COLUMN 17 PEAK WIND IN M.P.H.
PRELIMINARY LOCAL CLIMATOLOGICAL DATA (WS FORM: F-6) , PAGE 2
STATION: MOLINE IL
MONTH: DECEMBER
YEAR: 2021
LATITUDE: 41 27 N
LONGITUDE: 90 31 W
[TEMPERATURE DATA] [PRECIPITATION DATA] SYMBOLS USED IN COLUMN 16
AVERAGE MONTHLY: 36.5 TOTAL FOR MONTH: 1.42 1 = FOG OR MIST
DPTR FM NORMAL: 7.6 DPTR FM NORMAL: -0.62 2 = FOG REDUCING VISIBILITY
HIGHEST: 75 ON 15 GRTST 24HR 0.64 ON 10-10 TO 1/4 MILE OR LESS
LOWEST: 11 ON 7 3 = THUNDER
SNOW, ICE PELLETS, HAIL 4 = ICE PELLETS
TOTAL MONTH: 3.3 INCHES 5 = HAIL
GRTST 24HR 3.2 ON 28-28 6 = FREEZING RAIN OR DRIZZLE
GRTST DEPTH: 2 ON 29 7 = DUSTSTORM OR SANDSTORM:
VSBY 1/2 MILE OR LESS
8 = SMOKE OR HAZE
[NO. OF DAYS WITH] [WEATHER - DAYS WITH] 9 = BLOWING SNOW
X = TORNADO
MAX 32 OR BELOW: 1 0.01 INCH OR MORE: 7
MAX 90 OR ABOVE: 0 0.10 INCH OR MORE: 2
MIN 32 OR BELOW: 25 0.50 INCH OR MORE: 2
MIN 0 OR BELOW: 0 1.00 INCH OR MORE: 0
[HDD (BASE 65) ]
TOTAL THIS MO. 877 CLEAR (SCALE 0-3) 14
DPTR FM NORMAL -242 PTCLDY (SCALE 4-7) 14
TOTAL FM JUL 1 1832 CLOUDY (SCALE 8-10) 3
DPTR FM NORMAL -486
[CDD (BASE 65) ]
TOTAL THIS MO. 2
DPTR FM NORMAL 2 [PRESSURE DATA]
TOTAL FM JAN 1 1325 HIGHEST SLP 30.41 ON 19
DPTR FM NORMAL 283 LOWEST SLP 29.20 ON 11
[REMARKS]
#FINAL-12-21#