000
CXUS53 KDVN 011100
CF6MLI
PRELIMINARY LOCAL CLIMATOLOGICAL DATA (WS FORM: F-6)
STATION: MOLINE IL
MONTH: NOVEMBER
YEAR: 2021
LATITUDE: 41 27 N
LONGITUDE: 90 31 W
TEMPERATURE IN F: :PCPN: SNOW: WIND :SUNSHINE: SKY :PK WND
================================================================================
1 2 3 4 5 6A 6B 7 8 9 10 11 12 13 14 15 16 17 18
12Z AVG MX 2MIN
DY MAX MIN AVG DEP HDD CDD WTR SNW DPTH SPD SPD DIR MIN PSBL S-S WX SPD DR
================================================================================
1 50 31 41 -6 24 0 0.00 0.0 0 8.0 18 270 M M 1 26 280
2 50 27 39 -7 26 0 0.00 0.0 0 6.4 18 280 M M 2 25 300
3 48 25 37 -9 28 0 0.00 0.0 0 1.3 9 330 M M 2 14 340
4 54 32 43 -3 22 0 0.00 0.0 0 3.4 15 240 M M 6 20 250
5 54 32 43 -2 22 0 0.00 0.0 0 8.1 21 180 M M 0 31 170
6 64 40 52 7 13 0 0.00 0.0 0 7.6 15 220 M M 0 20 250
7 69 40 55 11 10 0 0.00 0.0 0 8.0 20 200 M M 0 28 170
8 69 46 58 14 7 0 0.00 0.0 0 4.7 13 270 M M 0 8 20 220
9 64 41 53 10 12 0 0.00 0.0 0 4.4 14 50 M M 2 19 40
10 58 36 47 4 18 0 0.02 0.0 0 10.8 21 120 M M 3 18 30 130
11 58 41 50 8 15 0 0.23 0.0 0 16.4 37 240 M M 8 1 50 250
12 41 34 38 -4 27 0 0.17 T 0 17.4 29 240 M M 9 1 41 240
13 38 34 36 -5 29 0 0.02 0.2 0 11.5 21 270 M M 10 1 29 270
14 43 32 38 -3 27 0 0.00 0.0 0 16.5 35 290 M M 10 49 280
15 41 28 35 -5 30 0 T T 0 6.9 15 110 M M 5 1 19 110
16 60 28 44 4 21 0 0.00 0.0 0 10.2 20 190 M M 0 1 32 210
17 62 38 50 10 15 0 T 0.0 0 13.2 22 300 M M 7 32 310
18 38 25 32 -7 33 0 0.00 0.0 0 14.8 28 300 M M 4 41 300
19 43 17 30 -9 35 0 0.00 0.0 0 7.3 16 150 M M 2 21 180
20 56 33 45 7 20 0 0.00 0.0 0 5.3 17 240 M M 3 22 240
21 57 27 42 4 23 0 0.00 0.0 0 12.3 33 310 M M 4 46 310
22 38 19 29 -8 36 0 0.00 0.0 0 7.1 16 270 M M 1 22 300
23 51 18 35 -2 30 0 0.00 0.0 0 9.5 21 170 M M 0 33 180
24 59 41 50 13 15 0 0.00 0.0 0 12.3 23 220 M M 2 35 220
25 45 19 32 -4 33 0 0.00 0.0 0 15.9 25 300 M M 5 39 300
26 38 16 27 -9 38 0 0.00 0.0 0 6.3 15 150 M M 4 22 160
27 55 31 43 8 22 0 0.01 0.0 0 8.1 20 270 M M 3 26 320
28 44 23 34 -1 31 0 0.00 0.0 0 9.7 23 320 M M 0 32 310
29 55 24 40 6 25 0 T 0.0 0 9.2 22 190 M M 3 34 210
30 56 30 43 9 22 0 0.00 0.0 0 5.4 13 320 M M 0 8 18 310
================================================================================
SM 1558 908 709 0 0.45 0.2 278.0 M 96
================================================================================
AV 51.9 30.3 9.3 FASTST M M 3 MAX(MPH)
MISC ----> 37 240 50 250
================================================================================
NOTES:
# LAST OF SEVERAL OCCURRENCES
COLUMN 17 PEAK WIND IN M.P.H.
PRELIMINARY LOCAL CLIMATOLOGICAL DATA (WS FORM: F-6) , PAGE 2
STATION: MOLINE IL
MONTH: NOVEMBER
YEAR: 2021
LATITUDE: 41 27 N
LONGITUDE: 90 31 W
[TEMPERATURE DATA] [PRECIPITATION DATA] SYMBOLS USED IN COLUMN 16
AVERAGE MONTHLY: 41.1 TOTAL FOR MONTH: 0.45 1 = FOG OR MIST
DPTR FM NORMAL: 0.7 DPTR FM NORMAL: -1.85 2 = FOG REDUCING VISIBILITY
HIGHEST: 69 ON 8, 7 GRTST 24HR 0.27 ON 11-12 TO 1/4 MILE OR LESS
LOWEST: 16 ON 26 3 = THUNDER
SNOW, ICE PELLETS, HAIL 4 = ICE PELLETS
TOTAL MONTH: 0.2 INCH 5 = HAIL
GRTST 24HR 0.2 ON 13-13 6 = FREEZING RAIN OR DRIZZLE
GRTST DEPTH: 0 7 = DUSTSTORM OR SANDSTORM:
VSBY 1/2 MILE OR LESS
8 = SMOKE OR HAZE
[NO. OF DAYS WITH] [WEATHER - DAYS WITH] 9 = BLOWING SNOW
X = TORNADO
MAX 32 OR BELOW: 0 0.01 INCH OR MORE: 5
MAX 90 OR ABOVE: 0 0.10 INCH OR MORE: 2
MIN 32 OR BELOW: 19 0.50 INCH OR MORE: 0
MIN 0 OR BELOW: 0 1.00 INCH OR MORE: 0
[HDD (BASE 65) ]
TOTAL THIS MO. 709 CLEAR (SCALE 0-3) 16
DPTR FM NORMAL -31 PTCLDY (SCALE 4-7) 11
TOTAL FM JUL 1 955 CLOUDY (SCALE 8-10) 3
DPTR FM NORMAL -242
[CDD (BASE 65) ]
TOTAL THIS MO. 0
DPTR FM NORMAL -1 [PRESSURE DATA]
TOTAL FM JAN 1 1323 HIGHEST SLP 30.54 ON 19
DPTR FM NORMAL 281 LOWEST SLP 29.48 ON 11
[REMARKS]
#FINAL-11-21#