000
CXUS53 KDVN 011000
CF6MLI
PRELIMINARY LOCAL CLIMATOLOGICAL DATA (WS FORM: F-6)
STATION: MOLINE IL
MONTH: JULY
YEAR: 2021
LATITUDE: 41 27 N
LONGITUDE: 90 31 W
TEMPERATURE IN F: :PCPN: SNOW: WIND :SUNSHINE: SKY :PK WND
================================================================================
1 2 3 4 5 6A 6B 7 8 9 10 11 12 13 14 15 16 17 18
12Z AVG MX 2MIN
DY MAX MIN AVG DEP HDD CDD WTR SNW DPTH SPD SPD DIR MIN PSBL S-S WX SPD DR
================================================================================
1 86 65 76 1 0 11 0.00 0.0 0 6.2 15 60 M M 1 1 21 110
2 82 61 72 -3 0 7 0.00 0.0 0 4.6 12 30 M M 1 16 30
3 86 58 72 -3 0 7 0.00 0.0 0 3.2 12 270 M M 0 16 270
4 89 66 78 3 0 13 0.00 0.0 0 5.9 14 250 M M 0 19 260
5 91 70 81 5 0 16 0.00 0.0 0 8.3 17 230 M M 0 24 220
6 90 73 82 6 0 17 0.00 0.0 0 7.1 14 200 M M 1 20 180
7 89 68 79 3 0 14 0.01 0.0 0 5.1 25 260 M M 2 3 32 250
8 76 62 69 -7 0 4 0.00 0.0 0 7.0 14 20 M M 7 1 20 20
9 77 60 69 -7 0 4 0.21 0.0 0 6.4 15 120 M M 3 13 20 120
10 73 64 69 -7 0 4 0.16 0.0 0 10.4 18 50 M M 8 18 24 50
11 73 65 69 -7 0 4 0.27 0.0 0 11.1 24 50 M M 10 1 32 50
12 74 67 71 -5 0 6 0.01 0.0 0 6.7 13 40 M M 10 18 17 50
13 85 67 76 0 0 11 0.00 0.0 0 5.7 15 250 M M 6 1 20 280
14 85 69 77 1 0 12 1.09 0.0 0 9.1 32 240 M M 1 123 40 240
15 80 66 73 -3 0 8 0.84 0.0 0 5.8 18 230 M M 6 13 27 220
16 80 63 72 -4 0 7 0.00 0.0 0 5.7 15 70 M M 6 12 22 70
17 85 59 72 -4 0 7 0.00 0.0 0 2.8 13 40 M M 2 12 16 50
18 86 61 74 -2 0 9 0.00 0.0 0 5.6 16 70 M M 3 1 20 70
19 86 65 76 0 0 11 0.00 0.0 0 3.2 10 20 M M 1 1 14 40
20 88 63 76 0 0 11 0.00 0.0 0 4.9 14 300 M M 1 22 310
21 88 68 78 2 0 13 0.00 0.0 0 5.2 13 80 M M 2 18 16 80
22 89 68 79 3 0 14 0.00 0.0 0 4.6 12 220 M M 1 18 17 220
23 90 71 81 5 0 16 0.00 0.0 0 5.2 13 210 M M 1 18 19 230
24 93 74 84 9 0 19 0.00 0.0 0 8.6 20 270 M M 1 18 27 270
25 92 66 79 4 0 14 0.00 0.0 0 3.7 15 310 M M 0 19 300
26 92 62 77 2 0 12 0.00 0.0 0 2.0 8 200 M M 0 1 10 210
27 90 65 78 3 0 13 0.00 0.0 0 4.2 13 220 M M 0 18 190
28 92 74 83 8 0 18 0.00 0.0 0 6.0 13 170 M M 2 19 170
29 92 74 83 8 0 18 0.27 0.0 0 8.6 26 60 M M 2 138 38 60
30 78 67 73 -2 0 8 0.00 0.0 0 8.3 16 80 M M 3 21 70
31 82 64 73 -2 0 8 T 0.0 0 4.6 13 300 M M 6 18 19 310
================================================================================
SM 2639 2045 0 336 2.86 0.0 185.8 M 87
================================================================================
AV 85.1 66.0 6.0 FASTST M M 3 MAX(MPH)
MISC ----> 32 240 40 240
================================================================================
NOTES:
# LAST OF SEVERAL OCCURRENCES
COLUMN 17 PEAK WIND IN M.P.H.
PRELIMINARY LOCAL CLIMATOLOGICAL DATA (WS FORM: F-6) , PAGE 2
STATION: MOLINE IL
MONTH: JULY
YEAR: 2021
LATITUDE: 41 27 N
LONGITUDE: 90 31 W
[TEMPERATURE DATA] [PRECIPITATION DATA] SYMBOLS USED IN COLUMN 16
AVERAGE MONTHLY: 75.5 TOTAL FOR MONTH: 2.86 1 = FOG OR MIST
DPTR FM NORMAL: 0.0 DPTR FM NORMAL: -1.37 2 = FOG REDUCING VISIBILITY
HIGHEST: 93 ON 24 GRTST 24HR 1.92 ON 14-15 TO 1/4 MILE OR LESS
LOWEST: 58 ON 3 3 = THUNDER
SNOW, ICE PELLETS, HAIL 4 = ICE PELLETS
TOTAL MONTH: 0.0 INCH 5 = HAIL
GRTST 24HR 0.0 6 = FREEZING RAIN OR DRIZZLE
GRTST DEPTH: 0 7 = DUSTSTORM OR SANDSTORM:
VSBY 1/2 MILE OR LESS
8 = SMOKE OR HAZE
[NO. OF DAYS WITH] [WEATHER - DAYS WITH] 9 = BLOWING SNOW
X = TORNADO
MAX 32 OR BELOW: 0 0.01 INCH OR MORE: 8
MAX 90 OR ABOVE: 9 0.10 INCH OR MORE: 6
MIN 32 OR BELOW: 0 0.50 INCH OR MORE: 2
MIN 0 OR BELOW: 0 1.00 INCH OR MORE: 1
[HDD (BASE 65) ]
TOTAL THIS MO. 0 CLEAR (SCALE 0-3) 22
DPTR FM NORMAL -2 PTCLDY (SCALE 4-7) 7
TOTAL FM JUL 1 0 CLOUDY (SCALE 8-10) 2
DPTR FM NORMAL 0
[CDD (BASE 65) ]
TOTAL THIS MO. 336
DPTR FM NORMAL 9 [PRESSURE DATA]
TOTAL FM JAN 1 762 HIGHEST SLP 30.20 ON 18
DPTR FM NORMAL 118 LOWEST SLP 29.82 ON 24
[REMARKS]
#FINAL-07-21#