000
CXUS53 KDVN 011000
CF6MLI
PRELIMINARY LOCAL CLIMATOLOGICAL DATA (WS FORM: F-6)
STATION: MOLINE IL
MONTH: SEPTEMBER
YEAR: 2020
LATITUDE: 41 27 N
LONGITUDE: 90 31 W
TEMPERATURE IN F: :PCPN: SNOW: WIND :SUNSHINE: SKY :PK WND
================================================================================
1 2 3 4 5 6A 6B 7 8 9 10 11 12 13 14 15 16 17 18
12Z AVG MX 2MIN
DY MAX MIN AVG DEP HDD CDD WTR SNW DPTH SPD SPD DIR MIN PSBL S-S WX SPD DR
================================================================================
1 74 65 70 -1 0 5 0.02 0.0 0 8.0 20 80 M M 7 24 80
2 90 62 76 5 0 11 0.01 0.0 0 6.8 17 290 M M 2 1 30 300
3 86 56 71 1 0 6 0.00 0.0 0 10.5 28 270 M M 0 39 280
4 85 49 67 -3 0 2 0.00 0.0 0 6.6 17 280 M M 0 27 300
5 87 62 75 5 0 10 0.00 0.0 0 7.5 15 260 M M 0 23 330
6 89 63 76 7 0 11 2.01 0.0 0 14.1 35 170 M M 6 13 51 170
7 78 57 68 -1 0 3 0.13 0.0 0 9.4 23 60 M M 4 13 33 70
8 57 54 56 -13 9 0 1.73 0.0 0 12.2 25 60 M M 10 13 34 60
9 60 53 57 -11 8 0 0.02 0.0 0 9.2 15 60 M M 10 1 21 40
10 58 52 55 -13 10 0 0.68 0.0 0 10.1 16 70 M M 10 1 22 60
11 67 57 62 -5 3 0 0.58 0.0 0 9.3 14 100 M M 10 1 18 60
12 71 61 66 -1 0 1 0.82 0.0 0 6.8 17 270 M M 9 1 23 270
13 79 56 68 1 0 3 T 0.0 0 3.8 13 310 M M 1 1 18 320
14 79 53 66 0 0 1 0.00 0.0 0 3.1 12 110 M M 1 1 16 150
15 82 52 67 1 0 2 0.00 0.0 0 5.2 13 230 M M 0 19 230
16 85 54 70 5 0 5 0.00 0.0 0 6.9 16 270 M M 1 1 22 260
17 75 57 66 1 0 1 0.00 0.0 0 6.8 14 40 M M 2 18 30
18 69 47 58 -6 7 0 0.00 0.0 0 5.9 16 80 M M 4 23 100
19 70 41 56 -8 9 0 0.00 0.0 0 3.3 12 130 M M 0 8 17 110
20 74 43 59 -5 6 0 0.00 0.0 0 5.9 17 140 M M 0 8 25 150
21 77 46 62 -1 3 0 0.00 0.0 0 4.8 13 180 M M 0 17 170
22 80 49 65 2 0 0 0.00 0.0 0 2.9 12 210 M M 0 15 190
23 80 50 65 3 0 0 0.00 0.0 0 2.5 13 240 M M 0 1 18 220
24 79 58 69 7 0 4 0.00 0.0 0 5.0 14 190 M M 2 1 20 190
25 82 55 69 8 0 4 0.00 0.0 0 7.9 17 190 M M 0 25 170
26 82 64 73 12 0 8 0.00 0.0 0 11.5 21 190 M M 0 31 180
27 73 52 63 3 2 0 0.48 0.0 0 7.8 22 310 M M 6 1 33 300
28 66 49 58 -2 7 0 0.00 0.0 0 11.0 22 310 M M 5 32 310
29 63 45 54 -6 11 0 0.00 0.0 0 8.7 16 270 M M 6 27 280
30 68 47 58 -1 7 0 0.04 0.0 0 11.8 32 300 M M 4 47 310
================================================================================
SM 2265 1609 82 77 6.52 0.0 225.3 M 100
================================================================================
AV 75.5 53.6 7.5 FASTST M M 3 MAX(MPH)
MISC ----> 35 170 51 170
================================================================================
NOTES:
# LAST OF SEVERAL OCCURRENCES
COLUMN 17 PEAK WIND IN M.P.H.
PRELIMINARY LOCAL CLIMATOLOGICAL DATA (WS FORM: F-6) , PAGE 2
STATION: MOLINE IL
MONTH: SEPTEMBER
YEAR: 2020
LATITUDE: 41 27 N
LONGITUDE: 90 31 W
[TEMPERATURE DATA] [PRECIPITATION DATA] SYMBOLS USED IN COLUMN 16
AVERAGE MONTHLY: 64.6 TOTAL FOR MONTH: 6.52 1 = FOG OR MIST
DPTR FM NORMAL: -0.8 DPTR FM NORMAL: 3.43 2 = FOG REDUCING VISIBILITY
HIGHEST: 90 ON 2 GRTST 24HR 2.01 ON 6- 6 TO 1/4 MILE OR LESS
LOWEST: 41 ON 19 3 = THUNDER
SNOW, ICE PELLETS, HAIL 4 = ICE PELLETS
TOTAL MONTH: 0.0 INCH 5 = HAIL
GRTST 24HR 0.0 6 = FREEZING RAIN OR DRIZZLE
GRTST DEPTH: 0 7 = DUSTSTORM OR SANDSTORM:
VSBY 1/2 MILE OR LESS
8 = SMOKE OR HAZE
[NO. OF DAYS WITH] [WEATHER - DAYS WITH] 9 = BLOWING SNOW
X = TORNADO
MAX 32 OR BELOW: 0 0.01 INCH OR MORE: 11
MAX 90 OR ABOVE: 1 0.10 INCH OR MORE: 7
MIN 32 OR BELOW: 0 0.50 INCH OR MORE: 5
MIN 0 OR BELOW: 0 1.00 INCH OR MORE: 2
[HDD (BASE 65) ]
TOTAL THIS MO. 82 CLEAR (SCALE 0-3) 17
DPTR FM NORMAL -14 PTCLDY (SCALE 4-7) 8
TOTAL FM JUL 1 82 CLOUDY (SCALE 8-10) 5
DPTR FM NORMAL -22
[CDD (BASE 65) ]
TOTAL THIS MO. 77
DPTR FM NORMAL -29 [PRESSURE DATA]
TOTAL FM JAN 1 1031 HIGHEST SLP 30.39 ON 20
DPTR FM NORMAL 42 LOWEST SLP 29.57 ON 26
[REMARKS]
#FINAL-09-20#