000
CXUS53 KDVN 011100
CF6MLI
PRELIMINARY LOCAL CLIMATOLOGICAL DATA (WS FORM: F-6)
STATION: MOLINE IL
MONTH: FEBRUARY
YEAR: 2020
LATITUDE: 41 27 N
LONGITUDE: 90 31 W
TEMPERATURE IN F: :PCPN: SNOW: WIND :SUNSHINE: SKY :PK WND
================================================================================
1 2 3 4 5 6A 6B 7 8 9 10 11 12 13 14 15 16 17 18
12Z AVG MX 2MIN
DY MAX MIN AVG DEP HDD CDD WTR SNW DPTH SPD SPD DIR MIN PSBL S-S WX SPD DR
================================================================================
1 38 34 36 13 29 0 T 0.0 4 10.1 21 270 M M 9 1 26 280
2 57 29 43 19 22 0 0.00 0.0 3 9.3 21 280 M M 0 27 280
3 44 26 35 11 30 0 0.00 0.0 T 9.2 20 70 M M 1 25 60
4 38 29 34 10 31 0 0.00 0.0 T 10.2 21 20 M M 7 29 20
5 30 26 28 4 37 0 T 0.2 T 9.6 16 40 M M 10 8 20 30
6 37 20 29 5 36 0 T 0.2 T 4.9 13 20 M M 5 18 18 20
7 38 19 29 5 36 0 T T T 2.9 15 240 M M 6 18 20 230
8 35 20 28 3 37 0 T T T 7.7 17 260 M M 6 18 22 240
9 39 27 33 8 32 0 0.13 T T 10.5 20 170 M M 10 148 29 150
10 40 25 33 8 32 0 0.00 0.0 0 3.5 13 350 M M 3 18 350
11 36 19 28 2 37 0 0.00 0.0 0 7.2 23 310 M M 1 1 31 300
12 37 24 31 5 34 0 0.19 2.7 0 5.1 15 190 M M 5 18 20 180
13 32 -1 16 -10 49 0 0.04 0.6 3 18.4 28 310 M M 6 18 35 310
14 13 -9 2 -24 63 0 0.00 0.0 2 6.7 15 160 M M 0 20 160
15 38 13 26 -1 39 0 0.00 0.0 2 9.1 21 190 M M 6 31 190
16 43 15 29 2 36 0 0.00 0.0 T 3.3 10 150 M M 2 18 13 150
17 41 32 37 9 28 0 0.12 T 0 8.2 22 280 M M 10 1 30 270
18 38 22 30 2 35 0 0.00 0.0 0 15.4 28 300 M M 3 18 37 300
19 29 16 23 -5 42 0 0.00 0.0 0 6.9 14 330 M M 4 20 10
20 26 9 18 -11 47 0 0.00 0.0 0 6.9 15 340 M M 1 8 20 330
21 40 11 26 -3 39 0 0.00 0.0 0 9.7 21 220 M M 0 8 29 220
22 54 28 41 12 24 0 0.00 0.0 0 9.3 22 220 M M 0 29 220
23 60 33 47 17 18 0 0.00 0.0 0 5.9 14 280 M M 0 18 210
24 45 35 40 10 25 0 T 0.0 0 10.6 20 60 M M 3 26 60
25 39 32 36 5 29 0 T T 0 13.6 25 30 M M 8 39 50
26 36 25 31 0 34 0 0.00 0.0 0 12.1 22 330 M M 8 31 30
27 38 19 29 -3 36 0 0.00 0.0 0 8.6 21 310 M M 3 29 320
28 32 19 26 -6 39 0 0.02 0.5 T 7.4 18 310 M M 7 8 27 300
29 44 11 28 -4 37 0 0.00 0.0 0 7.1 15 180 M M 0 23 160
================================================================================
SM 1117 608 1013 0 0.50 4.2 249.4 M 124
================================================================================
AV 38.5 21.0 8.6 FASTST M M 4 MAX(MPH)
MISC ----> # 28 310 # 39 50
================================================================================
NOTES:
# LAST OF SEVERAL OCCURRENCES
COLUMN 17 PEAK WIND IN M.P.H.
PRELIMINARY LOCAL CLIMATOLOGICAL DATA (WS FORM: F-6) , PAGE 2
STATION: MOLINE IL
MONTH: FEBRUARY
YEAR: 2020
LATITUDE: 41 27 N
LONGITUDE: 90 31 W
[TEMPERATURE DATA] [PRECIPITATION DATA] SYMBOLS USED IN COLUMN 16
AVERAGE MONTHLY: 29.7 TOTAL FOR MONTH: 0.50 1 = FOG OR MIST
DPTR FM NORMAL: 2.7 DPTR FM NORMAL: -1.10 2 = FOG REDUCING VISIBILITY
HIGHEST: 60 ON 23 GRTST 24HR 0.19 ON 12-12 TO 1/4 MILE OR LESS
LOWEST: -9 ON 14 3 = THUNDER
SNOW, ICE PELLETS, HAIL 4 = ICE PELLETS
TOTAL MONTH: 4.2 INCHES 5 = HAIL
GRTST 24HR 2.7 ON 12-12 6 = FREEZING RAIN OR DRIZZLE
GRTST DEPTH: 4 ON 1 7 = DUSTSTORM OR SANDSTORM:
VSBY 1/2 MILE OR LESS
8 = SMOKE OR HAZE
[NO. OF DAYS WITH] [WEATHER - DAYS WITH] 9 = BLOWING SNOW
X = TORNADO
MAX 32 OR BELOW: 6 0.01 INCH OR MORE: 5
MAX 90 OR ABOVE: 0 0.10 INCH OR MORE: 3
MIN 32 OR BELOW: 26 0.50 INCH OR MORE: 0
MIN 0 OR BELOW: 2 1.00 INCH OR MORE: 0
[HDD (BASE 65) ]
TOTAL THIS MO. 1013 CLEAR (SCALE 0-3) 11
DPTR FM NORMAL -51 PTCLDY (SCALE 4-7) 12
TOTAL FM JUL 1 4449 CLOUDY (SCALE 8-10) 6
DPTR FM NORMAL -382
[CDD (BASE 65) ]
TOTAL THIS MO. 0
DPTR FM NORMAL 0 [PRESSURE DATA]
TOTAL FM JAN 1 0 HIGHEST SLP 30.81 ON 20
DPTR FM NORMAL 0 LOWEST SLP 29.56 ON 2
[REMARKS]
#FINAL-02-20#