000
CXUS51 KCAR 010700
CF6MLT
PRELIMINARY LOCAL CLIMATOLOGICAL DATA (WS FORM: F-6)
STATION: MILLINOCKET ME
MONTH: MAY
YEAR: 2022
LATITUDE: 45 39 N
LONGITUDE: 68 41 W
TEMPERATURE IN F: :PCPN: SNOW: WIND :SUNSHINE: SKY :PK WND
================================================================================
1 2 3 4 5 6A 6B 7 8 9 10 11 12 13 14 15 16 17 18
12Z AVG MX 2MIN
DY MAX MIN AVG DEP HDD CDD WTR SNW DPTH SPD SPD DIR MIN PSBL S-S WX SPD DR
================================================================================
1 59 35 47 -1 18 0 0.00 M M 7.4 17 50 M M 5 26 60
2 65 30 48 0 17 0 0.00 M M 2.8 9 160 M M 0 15 170
3 69 35 52 4 13 0 0.00 M M 4.0 12 170 M M 0 19 170
4 49 43 46 -3 19 0 0.34 M M 2.6 8 170 M M 9 1 14 200
5 59 36 48 -1 17 0 T M M 7.4 22 300 M M 2 1 30 290
6 56 29 43 -7 22 0 0.00 M M 6.3 21 350 M M 0 29 310
7 59 27 43 -7 22 0 0.00 M M 5.1 16 60 M M 0 22 60
8 65 30 48 -3 17 0 0.00 M M 3.1 15 80 M M 0 19 90
9 71 30 51 0 14 0 0.00 M M 3.6 14 50 M M 0 20 100
10 73 33 53 2 12 0 0.00 M M 4.0 14 100 M M 0 21 110
11 78 35 57 5 8 0 0.00 M M 1.4 8 160 M M 0 13 170
12 85 46 66 14 0 1 0.00 M M 2.5 14 30 M M 1 20 20
13 90 48 69 17 0 4 0.00 M M 4.6 12 210 M M 0 20 160
14 91 58 75 22 0 10 0.66 M M 6.1 16 50 M M 2 1 22 280
15 60 53 57 4 8 0 0.18 M M 5.9 13 80 M M 10 1 17 110
16 70 52 61 8 4 0 0.32 M M 5.2 15 100 M M 10 1 20 100
17 65 45 55 1 10 0 0.03 M M 7.2 20 260 M M 9 12 31 240
18 63 40 52 -2 13 0 0.01 M M 12.2 25 310 M M 4 37 300
19 67 34 51 -3 14 0 T M M 3.9 16 130 M M 4 22 100
20 61 46 54 -1 11 0 0.00 M M 4.2 10 180 M M 10 18 160
21 67 49 58 3 7 0 0.29 M M 5.4 16 90 M M 10 1 20 200
22 77 60 69 14 0 4 0.36 M M 4.8 17 300 M M 8 1 24 310
23 64 43 54 -2 11 0 0.00 M M 8.8 17 310 M M 3 25 320
24 66 36 51 -5 14 0 0.00 M M 2.6 12 80 M M 0 20 60
25 74 38 56 0 9 0 0.00 M M 3.1 9 290 M M 0 13 270
26 67 47 57 1 8 0 0.01 M M 4.0 15 160 M M 4 26 180
27 76 52 64 7 1 0 0.10 M M 3.0 9 170 M M 7 1 15 180
28 77 52 65 8 0 0 0.84 M M 4.3 20 300 M M 7 1 26 320
29 80 50 65 8 0 0 0.00 M M 7.0 21 310 M M 2 28 320
30 81 51 66 8 0 1 0.27 M M 6.4 20 310 M M 7 1 28 310
31 66 47 57 -1 8 0 0.46 M M 8.1 15 360 M M 4 1 23 10
================================================================================
SM 2150 1310 297 20 3.87 M 157.0 M 118
================================================================================
AV 69.4 42.3 5.1 FASTST M M 4 MAX(MPH)
MISC ----> 25 310 37 300
================================================================================
NOTES:
# LAST OF SEVERAL OCCURRENCES
COLUMN 17 PEAK WIND IN M.P.H.
PRELIMINARY LOCAL CLIMATOLOGICAL DATA (WS FORM: F-6) , PAGE 2
STATION: MILLINOCKET ME
MONTH: MAY
YEAR: 2022
LATITUDE: 45 39 N
LONGITUDE: 68 41 W
[TEMPERATURE DATA] [PRECIPITATION DATA] SYMBOLS USED IN COLUMN 16
AVERAGE MONTHLY: 55.8 TOTAL FOR MONTH: 3.87 1 = FOG OR MIST
DPTR FM NORMAL: 2.6 DPTR FM NORMAL: 0.45 2 = FOG REDUCING VISIBILITY
HIGHEST: 91 ON 14 GRTST 24HR 0.85 ON 27-28 TO 1/4 MILE OR LESS
LOWEST: 27 ON 7 3 = THUNDER
SNOW, ICE PELLETS, HAIL 4 = ICE PELLETS
TOTAL MONTH: M 5 = HAIL
GRTST 24HR M ON M 6 = FREEZING RAIN OR DRIZZLE
GRTST DEPTH: M ON M 7 = DUSTSTORM OR SANDSTORM:
VSBY 1/2 MILE OR LESS
8 = SMOKE OR HAZE
[NO. OF DAYS WITH] [WEATHER - DAYS WITH] 9 = BLOWING SNOW
X = TORNADO
MAX 32 OR BELOW: 0 0.01 INCH OR MORE: 13
MAX 90 OR ABOVE: 2 0.10 INCH OR MORE: 10
MIN 32 OR BELOW: 5 0.50 INCH OR MORE: 2
MIN 0 OR BELOW: 0 1.00 INCH OR MORE: 0
[HDD (BASE 65) ]
TOTAL THIS MO. 297 CLEAR (SCALE 0-3) 15
DPTR FM NORMAL -76 PTCLDY (SCALE 4-7) 10
TOTAL FM JUL 1 7755 CLOUDY (SCALE 8-10) 6
DPTR FM NORMAL -477
[CDD (BASE 65) ]
TOTAL THIS MO. 20
DPTR FM NORMAL 13 [PRESSURE DATA]
TOTAL FM JAN 1 20 HIGHEST SLP 30.59 ON 10
DPTR FM NORMAL 13 LOWEST SLP 29.43 ON 17
[REMARKS]
#FINAL-05-22#