000
CXUS51 KCAR 010600
CF6MLT
PRELIMINARY LOCAL CLIMATOLOGICAL DATA (WS FORM: F-6)
STATION: MILLINOCKET ME
MONTH: AUGUST
YEAR: 2020
LATITUDE: 45 39 N
LONGITUDE: 68 41 W
TEMPERATURE IN F: :PCPN: SNOW: WIND :SUNSHINE: SKY :PK WND
================================================================================
1 2 3 4 5 6A 6B 7 8 9 10 11 12 13 14 15 16 17 18
12Z AVG MX 2MIN
DY MAX MIN AVG DEP HDD CDD WTR SNW DPTH SPD SPD DIR MIN PSBL S-S WX SPD DR
================================================================================
1 85 59 72 4 0 7 0.00 M M 2.1 10 70 M M 3 18 70
2 87 60 74 6 0 9 0.00 M M 4.4 13 180 M M 5 12 23 180
3 86 67 77 10 0 12 0.02 M M 6.4 15 260 M M 8 1 27 240
4 78 65 72 5 0 7 0.43 M M 4.5 17 110 M M 4 1 27 100
5 84 65 75 8 0 10 0.11 M M 4.5 14 160 M M 6 1 26 150
6 77 59 68 1 0 3 0.00 M M 6.9 18 300 M M 1 28 310
7 84 57 71 4 0 6 0.00 M M 3.0 9 260 M M 1 14 230
8 84 59 72 5 0 7 0.00 M M 1.1 7 190 M M 1 12 280
9 86 58 72 5 0 7 0.00 M M 2.5 9 260 M M 2 16 240
10 86 65 76 9 0 11 0.00 M M 1.2 8 250 M M 4 12 260
11 91 66 79 12 0 14 0.00 M M 3.6 10 200 M M 1 1 18 180
12 88 65 77 10 0 12 0.00 M M 4.1 15 300 M M 2 1 22 310
13 88 61 75 9 0 10 0.00 M M 3.5 12 310 M M 3 16 310
14 85 59 72 6 0 7 0.00 M M 4.5 12 60 M M 3 21 10
15 80 57 69 3 0 4 0.00 M M 6.2 14 70 M M 5 19 30
16 79 53 66 0 0 1 T M M 2.3 12 100 M M 6 1 15 110
17 80 59 70 4 0 5 0.00 M M 1.7 12 80 M M 4 15 90
18 70 55 63 -3 2 0 1.09 M M 1.8 9 310 M M 6 13 14 150
19 77 54 66 0 0 1 0.00 M M 5.8 17 310 M M 2 23 310
20 74 56 65 -1 0 0 T M M 6.0 16 300 M M 1 22 250
21 70 56 63 -2 2 0 0.37 M M 1.2 13 330 M M 8 128 17 340
22 78 50 64 -1 1 0 0.00 M M 1.6 10 300 M M 5 12 14 300
23 76 54 65 0 0 0 0.00 M M 1.9 7 220 M M 3 13 200
24 74 60 67 2 0 2 0.04 M M 0.1 7 80 M M 7 13 8 90
25 80 60 70 6 0 5 0.28 M M 5.8 20 310 M M 7 13 28 310
26 64 53 59 -5 6 0 0.00 M M 13.1 23 310 M M 3 36 290
27 70 50 60 -4 5 0 0.00 M M 8.6 21 300 M M 0 30 310
28 74 48 61 -3 4 0 0.00 M M 6.5 20 300 M M 0 26 310
29 58 49 54 -10 11 0 0.52 M M 3.6 12 70 M M 6 1 14 90
30 65 47 56 -7 9 0 T M M 7.3 22 290 M M 7 1 32 270
31 70 45 58 -5 7 0 0.00 M M 3.6 12 330 M M 2 17 330
================================================================================
SM 2428 1771 47 140 2.86 M 129.4 M 116
================================================================================
AV 78.3 57.1 4.2 FASTST M M 4 MAX(MPH)
MISC ----> # 23 310 # 36 290
================================================================================
NOTES:
# LAST OF SEVERAL OCCURRENCES
COLUMN 17 PEAK WIND IN M.P.H.
PRELIMINARY LOCAL CLIMATOLOGICAL DATA (WS FORM: F-6) , PAGE 2
STATION: MILLINOCKET ME
MONTH: AUGUST
YEAR: 2020
LATITUDE: 45 39 N
LONGITUDE: 68 41 W
[TEMPERATURE DATA] [PRECIPITATION DATA] SYMBOLS USED IN COLUMN 16
AVERAGE MONTHLY: 67.7 TOTAL FOR MONTH: 2.86 1 = FOG OR MIST
DPTR FM NORMAL: 1.9 DPTR FM NORMAL: -1.08 2 = FOG REDUCING VISIBILITY
HIGHEST: 91 ON 11 GRTST 24HR 1.09 ON 18-18 TO 1/4 MILE OR LESS
LOWEST: 45 ON 31 3 = THUNDER
SNOW, ICE PELLETS, HAIL 4 = ICE PELLETS
TOTAL MONTH: M 5 = HAIL
GRTST 24HR M ON M 6 = FREEZING RAIN OR DRIZZLE
GRTST DEPTH: M ON M 7 = DUSTSTORM OR SANDSTORM:
VSBY 1/2 MILE OR LESS
8 = SMOKE OR HAZE
[NO. OF DAYS WITH] [WEATHER - DAYS WITH] 9 = BLOWING SNOW
X = TORNADO
MAX 32 OR BELOW: 0 0.01 INCH OR MORE: 8
MAX 90 OR ABOVE: 1 0.10 INCH OR MORE: 6
MIN 32 OR BELOW: 0 0.50 INCH OR MORE: 2
MIN 0 OR BELOW: 0 1.00 INCH OR MORE: 1
[HDD (BASE 65) ]
TOTAL THIS MO. 47 CLEAR (SCALE 0-3) 15
DPTR FM NORMAL -8 PTCLDY (SCALE 4-7) 15
TOTAL FM JUL 1 64 CLOUDY (SCALE 8-10) 1
DPTR FM NORMAL -15
[CDD (BASE 65) ]
TOTAL THIS MO. 140
DPTR FM NORMAL 61 [PRESSURE DATA]
TOTAL FM JAN 1 503 HIGHEST SLP 30.23 ON 15
DPTR FM NORMAL 252 LOWEST SLP 29.28 ON 30
[REMARKS]
#FINAL-08-20#