000
CXUS56 KPQR 162302
CF6MMV
PRELIMINARY LOCAL CLIMATOLOGICAL DATA (WS FORM: F-6)
STATION: MCMINNVILLE OR
MONTH: JUNE
YEAR: 2023
LATITUDE: 45 11 N
LONGITUDE: 123 8 W
TEMPERATURE IN F: :PCPN: SNOW: WIND :SUNSHINE: SKY :PK WND
================================================================================
1 2 3 4 5 6A 6B 7 8 9 10 11 12 13 14 15 16 17 18
12Z AVG MX 2MIN
DY MAX MIN AVG DEP HDD CDD WTR SNW DPTH SPD SPD DIR MIN PSBL S-S WX SPD DR
================================================================================
1 72 36 54 -5 11 0 0.00 M M 4.1 13 240 M M 0 18 230
2 76 41 59 0 6 0 0.00 M M 4.4 14 210 M M 0 18 210
3 79 41 60 1 5 0 0.00 M M 4.1 15 240 M M 0 8 19 240
4 76 40 58 -1 7 0 0.00 M M 9.1 22 10 M M 0 28 10
5 83 43 63 4 2 0 0.00 M M 11.9 23 30 M M 0 29 20
6 92 44 68 9 0 3 0.00 M M 4.0 10 240 M M 0 13 340
7 79 51 65 6 0 0 0.00 M M 7.1 18 220 M M 0 23 210
8 70 50 60 0 5 0 0.00 M M 5.4 16 230 M M 2 22 230
9 62 53 58 -2 7 0 0.01 M M 2.2 13 230 M M 9 16 230
10 76 53 65 5 0 0 0.00 M M 5.3 15 20 M M 3 19 40
11 83 47 65 5 0 0 0.00 M M 7.0 17 20 M M 0 22 30
12 88 51 70 10 0 5 0.00 M M 4.6 15 210 M M 0 18 220
13 76 48 62 2 3 0 0.00 M M 7.3 16 290 M M 1 21 230
14 70 44 57 -3 8 0 0.00 M M 6.3 17 300 M M 5 23 300
15 77 40 59 -2 6 0 0.00 M M 4.4 13 340 M M 1 16 340
16 81 46 64 3 1 0 0.00 M M 3.8 15 330 M M 1 20 340
17 68 50 59 -2 6 0 0.00 M M 5.6 14 330 M M 8 8 18 250
18 61 46 54 -7 11 0 0.11 M M 7.4 20 260 M M 8 1 24 270
19 60 45 53 -9 12 0 0.24 M M 4.8 17 250 M M 8 13 21 250
20 66 48 57 -5 8 0 T M M 5.2 12 320 M M 6 21 20
21 77 42 60 -2 5 0 0.00 M M 4.6 15 20 M M 0 1 19 30
22 87 55 71 9 0 6 0.00 M M 6.8 13 360 M M 0 17 320
23 77 52 65 3 0 0 0.00 M M 8.7 18 230 M M 1 23 220
24 83 45 64 1 1 0 0.00 M M 4.0 14 330 M M 0 17 320
25 84 50 67 4 0 2 0.00 M M 4.8 13 250 M M 0 15 310
26 81 51 66 3 0 1 0.00 M M 5.7 16 220 M M 0 20 240
27 82 49 66 3 0 1 0.00 M M 4.9 14 220 M M 4 8 17 200
28 87 52 70 6 0 5 0.00 M M 4.7 13 220 M M 0 23 190
29 89 53 71 7 0 6 0.00 M M 4.3 14 220 M M 0 17 220
30 89 53 71 7 0 6 0.00 M M 5.1 17 20 M M 0 23 20
================================================================================
SM 2331 1419 104 35 0.36 M 167.6 M 57
================================================================================
AV 77.7 47.3 5.6 FASTST M M 2 MAX(MPH)
MISC ----> 23 30 29 20
================================================================================
NOTES:
# LAST OF SEVERAL OCCURRENCES
COLUMN 17 PEAK WIND IN M.P.H.
PRELIMINARY LOCAL CLIMATOLOGICAL DATA (WS FORM: F-6) , PAGE 2
STATION: MCMINNVILLE OR
MONTH: JUNE
YEAR: 2023
LATITUDE: 45 11 N
LONGITUDE: 123 8 W
[TEMPERATURE DATA] [PRECIPITATION DATA] SYMBOLS USED IN COLUMN 16
AVERAGE MONTHLY: 62.5 TOTAL FOR MONTH: 0.36 1 = FOG OR MIST
DPTR FM NORMAL: 1.5 DPTR FM NORMAL: -0.96 2 = FOG REDUCING VISIBILITY
HIGHEST: 92 ON 6 GRTST 24HR 0.24 ON 18-19 TO 1/4 MILE OR LESS
LOWEST: 36 ON 1 3 = THUNDER
SNOW, ICE PELLETS, HAIL 4 = ICE PELLETS
TOTAL MONTH: M 5 = HAIL
GRTST 24HR M ON M 6 = FREEZING RAIN OR DRIZZLE
GRTST DEPTH: M ON M 7 = DUSTSTORM OR SANDSTORM:
VSBY 1/2 MILE OR LESS
8 = SMOKE OR HAZE
[NO. OF DAYS WITH] [WEATHER - DAYS WITH] 9 = BLOWING SNOW
X = TORNADO
MAX 32 OR BELOW: 0 0.01 INCH OR MORE: 3
MAX 90 OR ABOVE: 1 0.10 INCH OR MORE: 2
MIN 32 OR BELOW: 0 0.50 INCH OR MORE: 0
MIN 0 OR BELOW: 0 1.00 INCH OR MORE: 0
[HDD (BASE 65) ]
TOTAL THIS MO. 104 CLEAR (SCALE 0-3) 22
DPTR FM NORMAL -41 PTCLDY (SCALE 4-7) 5
TOTAL FM JUL 1 4616 CLOUDY (SCALE 8-10) 3
DPTR FM NORMAL -77
[CDD (BASE 65) ]
TOTAL THIS MO. 35
DPTR FM NORMAL 10 [PRESSURE DATA]
TOTAL FM JAN 1 79 HIGHEST SLP 30.23 ON 20
DPTR FM NORMAL 45 LOWEST SLP 29.66 ON 6
[REMARKS]
#FINAL-06-23#