000
CXUS56 KPQR 011155
CF6MMV
PRELIMINARY LOCAL CLIMATOLOGICAL DATA (WS FORM: F-6)
STATION: MCMINNVILLE OR
MONTH: JANUARY
YEAR: 2022
LATITUDE: 45 11 N
LONGITUDE: 123 8 W
TEMPERATURE IN F: :PCPN: SNOW: WIND :SUNSHINE: SKY :PK WND
================================================================================
1 2 3 4 5 6A 6B 7 8 9 10 11 12 13 14 15 16 17 18
12Z AVG MX 2MIN
DY MAX MIN AVG DEP HDD CDD WTR SNW DPTH SPD SPD DIR MIN PSBL S-S WX SPD DR
================================================================================
1 35 24 30 -10 35 0 0.00 M M 1.0 6 340 M M 3 7 340
2 49 29 39 -1 26 0 0.38 M M 12.0 35 190 M M 9 1 46 200
3 47 35 41 1 24 0 1.75 M M 9.2 28 210 M M 9 1 38 200
4 46 37 42 2 23 0 0.22 M M 6.1 15 210 M M 9 1 20 190
5 44 40 42 2 23 0 0.63 M M 2.2 8 130 M M 10 1 10 230
6 56 42 49 8 16 0 0.39 M M 15.6 25 190 M M 10 1 32 180
7 51 39 45 4 20 0 0.17 M M 13.4 37 250 M M 8 1 44 250
8 49 35 42 1 23 0 0.01 M M 3.4 9 350 M M 6 11 150
9 53 30 42 1 23 0 0.00 M M 4.1 10 360 M M 0 11 360
10 46 32 39 -2 26 0 0.08 M M 1.7 7 350 M M 7 1 8 320
11 57 41 49 8 16 0 0.07 M M 2.9 16 180 M M 8 1 19 180
12 58 40 49 8 16 0 0.00 M M 2.1 10 90 M M 2 1 13 140
13 52 42 47 6 18 0 0.07 M M 6.9 16 160 M M 10 1 19 160
14 54 35 45 4 20 0 0.00 M M 2.9 8 340 M M 5 12 10 340
15 41 32 37 -4 28 0 0.00 M M 0.9 7 280 M M 9 12 7 80
16 45 37 41 0 24 0 0.00 M M 1.5 8 360 M M 7 12 9 350
17 40 38 39 -2 26 0 0.00 M M 2.0 7 150 M M 10 12 8 150
18 48 39 44 3 21 0 0.07 M M 1.1 6 340 M M 10 1 9 150
19 53 45 49 7 16 0 0.15 M M 2.8 12 160 M M 10 1 13 150
20 57 38 48 6 17 0 0.03 M M 8.7 18 250 M M 7 1 24 240
21 50 32 41 -1 24 0 0.00 M M 2.5 10 50 M M 7 12 12 30
22 51 32 42 0 23 0 0.00 M M 5.0 12 340 M M 6 14 350
23 51 28 40 -2 25 0 0.00 M M 1.4 6 110 M M 0 12 7 130
24 38 30 34 -8 31 0 0.00 M M 2.1 8 340 M M 10 12 17 210
25 53 26 40 -2 25 0 0.00 M M 3.4 12 350 M M 1 12 13 340
26 51 25 38 -4 27 0 0.00 M M 2.5 8 340 M M 0 1 11 330
27 52 30 41 -1 24 0 0.00 M M 8.6 14 350 M M 0 16 360
28 50 28 39 -3 26 0 0.00 M M 2.8 8 350 M M 0 9 350
29 48 25 37 -5 28 0 0.00 M M 0.8 7 130 M M 0 1 24 170
30 51 29 40 -2 25 0 0.23 M M 6.7 23 230 M M 6 18 31 240
31 50 32 41 -1 24 0 T M M 7.1 15 250 M M 4 1 18 250
================================================================================
SM 1526 1047 723 0 4.25 M 143.4 M 183
================================================================================
AV 49.2 33.8 4.6 FASTST M M 6 MAX(MPH)
MISC ----> 37 250 46 200
================================================================================
NOTES:
# LAST OF SEVERAL OCCURRENCES
COLUMN 17 PEAK WIND IN M.P.H.
PRELIMINARY LOCAL CLIMATOLOGICAL DATA (WS FORM: F-6) , PAGE 2
STATION: MCMINNVILLE OR
MONTH: JANUARY
YEAR: 2022
LATITUDE: 45 11 N
LONGITUDE: 123 8 W
[TEMPERATURE DATA] [PRECIPITATION DATA] SYMBOLS USED IN COLUMN 16
AVERAGE MONTHLY: 41.5 TOTAL FOR MONTH: 4.25 1 = FOG OR MIST
DPTR FM NORMAL: 0.2 DPTR FM NORMAL: -1.26 2 = FOG REDUCING VISIBILITY
HIGHEST: 58 ON 12 GRTST 24HR 1.95 ON 2- 3 TO 1/4 MILE OR LESS
LOWEST: 24 ON 1 3 = THUNDER
SNOW, ICE PELLETS, HAIL 4 = ICE PELLETS
TOTAL MONTH: M 5 = HAIL
GRTST 24HR M ON M 6 = FREEZING RAIN OR DRIZZLE
GRTST DEPTH: M ON M 7 = DUSTSTORM OR SANDSTORM:
VSBY 1/2 MILE OR LESS
8 = SMOKE OR HAZE
[NO. OF DAYS WITH] [WEATHER - DAYS WITH] 9 = BLOWING SNOW
X = TORNADO
MAX 32 OR BELOW: 0 0.01 INCH OR MORE: 14
MAX 90 OR ABOVE: 0 0.10 INCH OR MORE: 8
MIN 32 OR BELOW: 16 0.50 INCH OR MORE: 2
MIN 0 OR BELOW: 0 1.00 INCH OR MORE: 1
[HDD (BASE 65) ]
TOTAL THIS MO. 723 CLEAR (SCALE 0-3) 9
DPTR FM NORMAL -13 PTCLDY (SCALE 4-7) 10
TOTAL FM JUL 1 2430 CLOUDY (SCALE 8-10) 12
DPTR FM NORMAL -199
[CDD (BASE 65) ]
TOTAL THIS MO. 0
DPTR FM NORMAL 0 [PRESSURE DATA]
TOTAL FM JAN 1 0 HIGHEST SLP 30.65 ON 21
DPTR FM NORMAL 0 LOWEST SLP 29.30 ON 7
[REMARKS]
#FINAL-01-22#