000
CXUS54 KMOB 010644
CF6MOB
PRELIMINARY LOCAL CLIMATOLOGICAL DATA (WS FORM: F-6)
STATION: MOBILE
MONTH: AUGUST
YEAR: 2023
LATITUDE: 30 40 N
LONGITUDE: 88 15 W
TEMPERATURE IN F: :PCPN: SNOW: WIND :SUNSHINE: SKY :PK WND
================================================================================
1 2 3 4 5 6A 6B 7 8 9 10 11 12 13 14 15 16 17 18
12Z AVG MX 2MIN
DY MAX MIN AVG DEP HDD CDD WTR SNW DPTH SPD SPD DIR MIN PSBL S-S WX SPD DR
================================================================================
1 97 75 86 4 0 21 0.00 0.0 0 2.8 9 50 M M 4 1 16 50
2 97 74 86 4 0 21 0.00 0.0 0 3.1 10 40 M M 2 16 40
3 96 75 86 4 0 21 0.00 0.0 0 2.9 10 210 M M 4 16 260
4 98 78 88 6 0 23 0.00 0.0 0 3.6 10 M M M 1 17 M
5 100 78 89 7 0 24 2.25 0.0 0 6.7 29 40 M M 3 13 56 40
6 98 80 89 7 0 24 0.00 0.0 0 7.1 15 190 M M 3 20 290
7 97 82 90 8 0 25 0.00 0.0 0 7.3 15 200 M M 3 22 260
8 96 81 89 7 0 24 0.00 0.0 0 4.8 13 280 M M 5 23 310
9 96 81 89 7 0 24 0.01 0.0 0 6.7 17 200 M M 4 23 170
10 97 81 89 7 0 24 0.00 0.0 0 8.1 16 200 M M 4 22 210
11 99 81 90 8 0 25 0.00 0.0 0 7.1 17 190 M M 3 23 210
12 99 82 91 9 0 26 0.00 0.0 0 5.6 15 180 M M 3 20 180
13 100 82 91 9 0 26 0.00 0.0 0 4.5 15 200 M M 3 19 190
14 99 81 90 8 0 25 0.00 0.0 0 6.4 15 200 M M 1 13 20 210
15 101 77 89 7 0 24 0.39 0.0 0 5.3 18 360 M M 4 13 25 10
16 93 72 83 1 0 18 0.00 0.0 0 5.4 10 10 M M 3 15 20
17 96 69 83 1 0 18 0.00 0.0 0 4.3 15 190 M M 2 20 190
18 100 77 89 7 0 24 0.00 0.0 0 5.1 10 110 M M 2 17 280
19 100 78 89 7 0 24 0.00 0.0 0 4.4 15 150 M M 3 19 180
20 99 79 89 7 0 24 0.00 0.0 0 4.8 14 60 M M 3 19 30
21 99 80 90 8 0 25 0.00 0.0 0 8.0 17 160 M M 3 23 150
22 101 75 88 6 0 23 0.00 0.0 0 4.6 13 210 M M 2 1 16 180
23 103 78 91 9 0 26 0.00 0.0 0 4.6 14 190 M M 3 18 80
24 100 79 90 8 0 25 0.00 0.0 0 3.3 13 150 M M 4 3 17 150
25 101 76 89 8 0 24 0.00 0.0 0 3.3 15 200 M M 3 18 19 200
26 106 79 93 12 0 28 0.00 0.0 0 5.3 15 20 M M 3 3 24 350
27 105 78 92 11 0 27 0.00 0.0 0 3.9 17 110 M M 3 3 22 110
28 99 75 87 6 0 22 0.15 0.0 0 4.5 16 10 M M 6 13 22 40
29 94 74 84 3 0 19 T 0.0 0 6.5 15 140 M M 6 3 19 130
30 94 75 85 4 0 20 0.00 0.0 0 8.3 14 10 M M 6 18 20 350
31 97 73 85 4 0 20 0.00 0.0 0 4.0 13 40 M M 2 17 330
================================================================================
SM 3057 2405 0 724 2.80 0.0 162.3 M 101
================================================================================
AV 98.6 77.6 5.2 FASTST M M 3 MAX(MPH)
MISC ----> 29 40 56 40
================================================================================
NOTES:
# LAST OF SEVERAL OCCURRENCES
COLUMN 17 PEAK WIND IN M.P.H.
PRELIMINARY LOCAL CLIMATOLOGICAL DATA (WS FORM: F-6) , PAGE 2
STATION: MOBILE
MONTH: AUGUST
YEAR: 2023
LATITUDE: 30 40 N
LONGITUDE: 88 15 W
[TEMPERATURE DATA] [PRECIPITATION DATA] SYMBOLS USED IN COLUMN 16
AVERAGE MONTHLY: 88.1 TOTAL FOR MONTH: 2.80 1 = FOG OR MIST
DPTR FM NORMAL: 6.2 DPTR FM NORMAL: -4.07 2 = FOG REDUCING VISIBILITY
HIGHEST: 106 ON 26 GRTST 24HR 2.25 ON 5- 5 TO 1/4 MILE OR LESS
LOWEST: 69 ON 17 3 = THUNDER
SNOW, ICE PELLETS, HAIL 4 = ICE PELLETS
TOTAL MONTH: 0.0 INCH 5 = HAIL
GRTST 24HR 0.0 6 = FREEZING RAIN OR DRIZZLE
GRTST DEPTH: 0 7 = DUSTSTORM OR SANDSTORM:
VSBY 1/2 MILE OR LESS
8 = SMOKE OR HAZE
[NO. OF DAYS WITH] [WEATHER - DAYS WITH] 9 = BLOWING SNOW
X = TORNADO
MAX 32 OR BELOW: 0 0.01 INCH OR MORE: 4
MAX 90 OR ABOVE: 31 0.10 INCH OR MORE: 3
MIN 32 OR BELOW: 0 0.50 INCH OR MORE: 1
MIN 0 OR BELOW: 0 1.00 INCH OR MORE: 1
[HDD (BASE 65) ]
TOTAL THIS MO. 0 CLEAR (SCALE 0-3) 15
DPTR FM NORMAL 0 PTCLDY (SCALE 4-7) 16
TOTAL FM JUL 1 0 CLOUDY (SCALE 8-10) 0
DPTR FM NORMAL 0
[CDD (BASE 65) ]
TOTAL THIS MO. 724
DPTR FM NORMAL 202 [PRESSURE DATA]
TOTAL FM JAN 1 2605 HIGHEST SLP 30.10 ON 21
DPTR FM NORMAL 626 LOWEST SLP 29.69 ON 30
[REMARKS]
#FINAL-08-23#