000
CXUS56 KSTO 051715
CF6MOD
PRELIMINARY LOCAL CLIMATOLOGICAL DATA (WS FORM: F-6)
STATION: MODESTO CA
MONTH: JANUARY
YEAR: 2024
LATITUDE: 37 37 N
LONGITUDE: 120 57 W
TEMPERATURE IN F: :PCPN: SNOW: WIND :SUNSHINE: SKY :PK WND
================================================================================
1 2 3 4 5 6A 6B 7 8 9 10 11 12 13 14 15 16 17 18
12Z AVG MX 2MIN
DY MAX MIN AVG DEP HDD CDD WTR SNW DPTH SPD SPD DIR MIN PSBL S-S WX SPD DR
================================================================================
1 58 42 50 4 15 0 0.00 M M 6.2 13 310 M M 4 1 16 300
2 50 41 46 0 19 0 0.43 M M 7.9 15 130 M M 9 12 20 160
3 52 43 48 2 17 0 0.05 M M 5.8 13 300 M M 7 1 16 310
4 57 43 50 4 15 0 0.00 M M 8.2 16 320 M M 1 22 330
5 57 38 48 2 17 0 T M M 5.8 17 310 M M 1 1 23 310
6 48 37 43 -4 22 0 0.14 M M 5.9 12 140 M M 4 1 18 170
7 51 34 43 -4 22 0 0.00 M M 11.5 22 310 M M 0 1 28 320
8 54 34 44 -3 21 0 0.00 M M 3.4 10 310 M M 1 14 300
9 53 36 45 -2 20 0 T M M 4.6 13 120 M M 8 16 150
10 53 36 45 -2 20 0 0.10 0.0 M 6.3 20 320 M M 7 1 29 300
11 52 32 42 -5 23 0 0.00 0.0 M 8.1 18 320 M M 1 25 310
12 50 31 41 -6 24 0 0.00 M M 2.9 8 120 M M 3 12 140
13 46 42 44 -3 21 0 0.30 M M 7.5 16 110 M M 10 1 20 120
14 60 42 51 4 14 0 0.04 M M 6.2 13 330 M M 6 18 17 120
15 55 47 51 4 14 0 0.00 M M 4.9 10 300 M M 10 1 13 310
16 52 47 50 3 15 0 0.65 M M 6.3 15 120 M M 10 1 20 120
17 61 44 53 6 12 0 0.01 M M 3.6 10 290 M M 5 1 15 150
18 54 39 47 0 18 0 0.00 M M 2.8 12 90 M M 3 12 14 90
19 57 46 52 4 13 0 0.09 M M 5.7 16 160 M M 7 128 23 160
20 62 51 57 9 8 0 0.60 M M 8.2 18 150 M M 8 13 29 140
21 61 51 56 8 9 0 0.33 M M 9.7 17 140 M M 8 1 26 140
22 58 52 55 7 10 0 1.24 M M 4.6 18 140 M M 10 1 28 160
23 60 49 55 7 10 0 0.00 M M 6.0 15 300 M M 6 1 19 320
24 56 50 53 5 12 0 0.27 M M 6.3 13 140 M M 10 1 20 140
25 61 44 53 5 12 0 0.00 0.0 M 4.3 15 320 M M 4 12 20 330
26 60 44 52 4 13 0 0.00 0.0 M 0.7 6 110 M M 2 1 7 130
27 62 48 55 6 10 0 0.00 0.0 M 1.3 7 330 M M 0 1 9 330
28 66 44 55 6 10 0 0.00 M M 1.4 6 120 M M 2 12 10 180
29 72 43 58 9 7 0 0.00 M M 3.2 9 310 M M 0 18 12 180
30 70 48 59 10 6 0 0.00 M M 3.8 10 130 M M 1 128 15 130
31 61 52 57 8 8 0 0.39 M M 9.5 25 140 M M 4 1 41 150
================================================================================
SM 1769 1330 457 0 4.64 0.0 172.6 M 152
================================================================================
AV 57.1 42.9 5.6 FASTST M M 5 MAX(MPH)
MISC ----> 25 140 41 150
================================================================================
NOTES:
# LAST OF SEVERAL OCCURRENCES
COLUMN 17 PEAK WIND IN M.P.H.
PRELIMINARY LOCAL CLIMATOLOGICAL DATA (WS FORM: F-6) , PAGE 2
STATION: MODESTO CA
MONTH: JANUARY
YEAR: 2024
LATITUDE: 37 37 N
LONGITUDE: 120 57 W
[TEMPERATURE DATA] [PRECIPITATION DATA] SYMBOLS USED IN COLUMN 16
AVERAGE MONTHLY: 50.0 TOTAL FOR MONTH: 4.64 1 = FOG OR MIST
DPTR FM NORMAL: 2.5 DPTR FM NORMAL: 2.07 2 = FOG REDUCING VISIBILITY
HIGHEST: 72 ON 29 GRTST 24HR 1.81 ON 12-13 TO 1/4 MILE OR LESS
LOWEST: 31 ON 12 3 = THUNDER
SNOW, ICE PELLETS, HAIL 4 = ICE PELLETS
TOTAL MONTH: 0.0 INCH 5 = HAIL
GRTST 24HR 0.0 6 = FREEZING RAIN OR DRIZZLE
GRTST DEPTH: M ON M 7 = DUSTSTORM OR SANDSTORM:
VSBY 1/2 MILE OR LESS
8 = SMOKE OR HAZE
[NO. OF DAYS WITH] [WEATHER - DAYS WITH] 9 = BLOWING SNOW
X = TORNADO
MAX 32 OR BELOW: 0 0.01 INCH OR MORE: 14
MAX 90 OR ABOVE: 0 0.10 INCH OR MORE: 10
MIN 32 OR BELOW: 2 0.50 INCH OR MORE: 3
MIN 0 OR BELOW: 0 1.00 INCH OR MORE: 1
[HDD (BASE 65) ]
TOTAL THIS MO. 457 CLEAR (SCALE 0-3) 12
DPTR FM NORMAL -87 PTCLDY (SCALE 4-7) 12
TOTAL FM JUL 1 1270 CLOUDY (SCALE 8-10) 7
DPTR FM NORMAL -209
[CDD (BASE 65) ]
TOTAL THIS MO. 0
DPTR FM NORMAL 0 [PRESSURE DATA]
TOTAL FM JAN 1 0 HIGHEST SLP 30.40 ON 9
DPTR FM NORMAL 0 LOWEST SLP 29.63 ON 31
[REMARKS]
#FINAL-01-24#