000
CXUS53 KMPX 012130
CF6MPX
PRELIMINARY LOCAL CLIMATOLOGICAL DATA (WS FORM: F-6)
STATION: CHANHASSEN MN
MONTH: SEPTEMBER
YEAR: 2020
LATITUDE: 44 50 N
LONGITUDE: 93 34 W
TEMPERATURE IN F: :PCPN: SNOW: WIND :SUNSHINE: SKY :PK WND
================================================================================
1 2 3 4 5 6A 6B 7 8 9 10 11 12 13 14 15 16 17 18
12Z AVG MX 2MIN
DY MAX MIN AVG DEP HDD CDD WTR SNW DPTH SPD SPD DIR MIN PSBL S-S WX SPD DR
================================================================================
1 69 54 62 -5 3 0 0.00 0.0 0 M M M M M M M M
2 80 54 67 1 0 2 0.00 0.0 0 M M M M M M M M
3 72 51 62 -4 3 0 T 0.0 0 M M M M M M M M
4 74 48 61 -5 4 0 0.00 0.0 0 M M M M M M M M
5 76 51 64 -1 1 0 0.38 T 0 M M M M M M 5 M M
6 80 59 70 5 0 5 0.11 T 0 M M M M M M 5 M M
7 62 48 55 -9 10 0 0.35 0.0 0 M M M M M M M M
8 50 45 48 -16 17 0 T 0.0 0 M M M M M M M M
9 48 36 42 -22 23 0 0.13 0.0 0 M M M M M M M M
10 59 34 47 -16 18 0 0.00 0.0 0 M M M M M M M M
11 58 38 48 -15 17 0 0.12 0.0 0 M M M M M M M M
12 63 53 58 -4 7 0 0.02 0.0 0 M M M M M M M M
13 71 50 61 -1 4 0 0.00 0.0 0 M M M M M M M M
14 78 54 66 4 0 1 0.00 0.0 0 M M M M M M M M
15 79 60 70 9 0 5 0.00 0.0 0 M M M M M M M M
16 67 50 59 -2 6 0 0.00 0.0 0 M M M M M M M M
17 56 42 49 -11 16 0 0.00 0.0 0 M M M M M M M M
18 61 36 49 -11 16 0 0.00 0.0 0 M M M M M M M M
19 69 43 56 -3 9 0 0.00 0.0 0 M M M M M M M M
20 71 52 62 3 3 0 T 0.0 0 M M M M M M M M
21 76 57 67 9 0 2 0.04 T 0 M M M M M M 5 M M
22 81 57 69 11 0 4 0.00 0.0 0 M M M M M M M M
23 82 58 70 13 0 5 0.00 0.0 0 M M M M M M M M
24 75 56 66 9 0 1 0.24 0.0 0 M M M M M M M M
25 83 56 70 14 0 5 0.00 0.0 0 M M M M M M M M
26 69 55 62 6 3 0 0.01 0.0 0 M M M M M M M M
27 64 50 57 1 8 0 T 0.0 0 M M M M M M M M
28 55 48 52 -3 13 0 0.01 0.0 0 M M M M M M M M
29 66 44 55 0 10 0 T 0.0 0 M M M M M M M M
30 60 43 52 -2 13 0 0.06 T 0 M M M M M M 5 M M
================================================================================
SM 2054 1482 204 30 1.47 T M M M
================================================================================
AV 68.5 49.4 M FASTST M M M MAX(MPH)
MISC ----> M M M M
================================================================================
NOTES:
# LAST OF SEVERAL OCCURRENCES
COLUMN 17 PEAK WIND IN M.P.H.
PRELIMINARY LOCAL CLIMATOLOGICAL DATA (WS FORM: F-6) , PAGE 2
STATION: CHANHASSEN MN
MONTH: SEPTEMBER
YEAR: 2020
LATITUDE: 44 50 N
LONGITUDE: 93 34 W
[TEMPERATURE DATA] [PRECIPITATION DATA] SYMBOLS USED IN COLUMN 16
AVERAGE MONTHLY: 58.9 TOTAL FOR MONTH: 1.47 1 = FOG OR MIST
DPTR FM NORMAL: -1.8 DPTR FM NORMAL: -1.96 2 = FOG REDUCING VISIBILITY
HIGHEST: 83 ON 25 GRTST 24HR 0.38 ON 5- 5 TO 1/4 MILE OR LESS
LOWEST: 34 ON 10 3 = THUNDER
SNOW, ICE PELLETS, HAIL 4 = ICE PELLETS
TOTAL MONTH: T 5 = HAIL
GRTST 24HR T ON 5- 5 6 = FREEZING RAIN OR DRIZZLE
GRTST DEPTH: 0 7 = DUSTSTORM OR SANDSTORM:
VSBY 1/2 MILE OR LESS
8 = SMOKE OR HAZE
[NO. OF DAYS WITH] [WEATHER - DAYS WITH] 9 = BLOWING SNOW
X = TORNADO
MAX 32 OR BELOW: 0 0.01 INCH OR MORE: 11
MAX 90 OR ABOVE: 0 0.10 INCH OR MORE: 6
MIN 32 OR BELOW: 0 0.50 INCH OR MORE: 0
MIN 0 OR BELOW: 0 1.00 INCH OR MORE: 0
[HDD (BASE 65) ]
TOTAL THIS MO. 204 CLEAR (SCALE 0-3) 0
DPTR FM NORMAL 28 PTCLDY (SCALE 4-7) 0
TOTAL FM JUL 1 218 CLOUDY (SCALE 8-10) 30
DPTR FM NORMAL 19
[CDD (BASE 65) ]
TOTAL THIS MO. 30
DPTR FM NORMAL -17 [PRESSURE DATA]
TOTAL FM JAN 1 657 HIGHEST SLP M ON M
DPTR FM NORMAL 57 LOWEST SLP M ON M
[REMARKS]
#FINAL-09-20#
TRACE SNOWFALL ON 9/5, 9/6, 9/21, AND 9/30 ARE DUE TO HAIL