000
CXUS53 KMPX 010910
CF6MPX
PRELIMINARY LOCAL CLIMATOLOGICAL DATA (WS FORM: F-6)
STATION: CHANHASSEN MN
MONTH: JULY
YEAR: 2023
LATITUDE: 44 50 N
LONGITUDE: 93 34 W
TEMPERATURE IN F: :PCPN: SNOW: WIND :SUNSHINE: SKY :PK WND
================================================================================
1 2 3 4 5 6A 6B 7 8 9 10 11 12 13 14 15 16 17 18
12Z AVG MX 2MIN
DY MAX MIN AVG DEP HDD CDD WTR SNW DPTH SPD SPD DIR MIN PSBL S-S WX SPD DR
================================================================================
1 85 62 74 3 0 9 0.00 0.0 0 M M M M M M M M
2 87 64 76 5 0 11 0.00 0.0 0 M M M M M M M M
3 91 67 79 8 0 14 0.11 0.0 0 M M M M M M M M
4 79 65 72 0 0 7 0.14 0.0 0 M M M M M M M M
5 73 58 66 -6 0 1 0.00 0.0 0 M M M M M M M M
6 73 51 62 -10 3 0 0.00 0.0 0 M M M M M M M M
7 73 50 62 -10 3 0 0.00 0.0 0 M M M M M M M M
8 77 54 66 -6 0 1 0.00 0.0 0 M M M M M M M M
9 83 51 67 -5 0 2 0.00 0.0 0 M M M M M M M M
10 91 66 79 7 0 14 0.00 0.0 0 M M M M M M M M
11 74 56 65 -7 0 0 T 0.0 0 M M M M M M M M
12 78 60 69 -3 0 4 0.00 0.0 0 M M M M M M M M
13 85 61 73 1 0 8 0.18 0.0 0 M M M M M M 3 M M
14 87 61 74 2 0 9 T 0.0 0 M M M M M M M M
15 79 57 68 -4 0 3 0.00 0.0 0 M M M M M M M M
16 77 54 66 -6 0 1 T 0.0 0 M M M M M M M M
17 71 54 63 -9 2 0 0.00 0.0 0 M M M M M M M M
18 80 53 67 -5 0 2 0.00 0.0 0 M M M M M M M M
19 88 62 75 3 0 10 0.44 0.0 0 M M M M M M M M
20 76 60 68 -4 0 3 0.00 0.0 0 M M M M M M M M
21 82 58 70 -2 0 5 0.00 0.0 0 M M M M M M M M
22 87 58 73 1 0 8 0.00 0.0 0 M M M M M M M M
23 84 58 71 -1 0 6 0.00 0.0 0 M M M M M M M M
24 88 61 75 3 0 10 0.11 0.0 0 M M M M M M M M
25 93 64 79 7 0 14 0.02 0.0 0 M M M M M M M M
26 90 66 78 6 0 13 0.75 0.0 0 M M M M M M M M
27 93 72 83 11 0 18 0.00 0.0 0 M M M M M M M M
28 89 68 79 7 0 14 0.02 0.0 0 M M M M M M M M
29 79 61 70 -1 0 5 0.00 0.0 0 M M M M M M M M
30 77 57 67 -4 0 2 0.00 0.0 0 M M M M M M M M
31 84 55 70 -1 0 5 0.00 0.0 0 M M M M M M M M
================================================================================
SM 2553 1844 8 199 1.77 0.0 M M M
================================================================================
AV 82.4 59.5 M FASTST M M M MAX(MPH)
MISC ----> M M M M
================================================================================
NOTES:
# LAST OF SEVERAL OCCURRENCES
COLUMN 17 PEAK WIND IN M.P.H.
PRELIMINARY LOCAL CLIMATOLOGICAL DATA (WS FORM: F-6) , PAGE 2
STATION: CHANHASSEN MN
MONTH: JULY
YEAR: 2023
LATITUDE: 44 50 N
LONGITUDE: 93 34 W
[TEMPERATURE DATA] [PRECIPITATION DATA] SYMBOLS USED IN COLUMN 16
AVERAGE MONTHLY: 70.9 TOTAL FOR MONTH: 1.77 1 = FOG OR MIST
DPTR FM NORMAL: -0.8 DPTR FM NORMAL: -2.10 2 = FOG REDUCING VISIBILITY
HIGHEST: 93 ON 27,25 GRTST 24HR 0.75 ON 26-26 TO 1/4 MILE OR LESS
LOWEST: 50 ON 7 3 = THUNDER
SNOW, ICE PELLETS, HAIL 4 = ICE PELLETS
TOTAL MONTH: 0.0 INCH 5 = HAIL
GRTST 24HR 0.0 6 = FREEZING RAIN OR DRIZZLE
GRTST DEPTH: 0 7 = DUSTSTORM OR SANDSTORM:
VSBY 1/2 MILE OR LESS
8 = SMOKE OR HAZE
[NO. OF DAYS WITH] [WEATHER - DAYS WITH] 9 = BLOWING SNOW
X = TORNADO
MAX 32 OR BELOW: 0 0.01 INCH OR MORE: 8
MAX 90 OR ABOVE: 5 0.10 INCH OR MORE: 6
MIN 32 OR BELOW: 0 0.50 INCH OR MORE: 1
MIN 0 OR BELOW: 0 1.00 INCH OR MORE: 0
[HDD (BASE 65) ]
TOTAL THIS MO. 8 CLEAR (SCALE 0-3) 0
DPTR FM NORMAL 0 PTCLDY (SCALE 4-7) 0
TOTAL FM JUL 1 8 CLOUDY (SCALE 8-10) 31
DPTR FM NORMAL 8
[CDD (BASE 65) ]
TOTAL THIS MO. 199
DPTR FM NORMAL -19 [PRESSURE DATA]
TOTAL FM JAN 1 457 HIGHEST SLP M ON M
DPTR FM NORMAL 86 LOWEST SLP M ON M
[REMARKS]
#FINAL-07-23#