000
CXUS53 KMQT 010900
CF6MQT
PRELIMINARY LOCAL CLIMATOLOGICAL DATA (WS FORM: F-6)
STATION: MARQUETTE MI
MONTH: OCTOBER
YEAR: 2023
LATITUDE: 46 31 N
LONGITUDE: 87 33 W
TEMPERATURE IN F: :PCPN: SNOW: WIND :SUNSHINE: SKY :PK WND
================================================================================
1 2 3 4 5 6A 6B 7 8 9 10 11 12 13 14 15 16 17 18
12Z AVG MX 2MIN
DY MAX MIN AVG DEP HDD CDD WTR SNW DPTH SPD SPD DIR MIN PSBL S-S WX SPD DR
================================================================================
1 81 62 72 22 0 7 0.03 0.0 0 M M M M M M 3 21 180
2 87 66 77 27 0 12 T 0.0 0 M M M M M M 23 135
3 83 62 73 24 0 8 0.00 0.0 0 M M M M M M 26 225
4 78 59 69 20 0 4 0.03 0.0 0 M M M M M M 26 180
5 67 46 57 9 8 0 0.32 T 0 M M M M M M 35 32 180
6 52 40 46 -2 19 0 0.12 0.0 0 M M M M M M 31 270
7 46 35 41 -6 24 0 0.55 0.0 0 M M M M M M 27 315
8 46 35 41 -6 24 0 0.13 0.0 0 M M M M M M 27 360
9 41 37 39 -7 26 0 0.13 0.0 0 M M M M M M 23 315
10 48 39 44 -2 21 0 0.02 0.0 0 M M M M M M 18 315
11 49 32 41 -5 24 0 0.08 0.0 0 M M M M M M 17 315
12 48 32 40 -5 25 0 0.02 0.0 0 M M M M M M 14 90
13 50 37 44 -1 21 0 0.00 0.0 0 M M M M M M 18 40
14 46 42 44 0 21 0 0.25 0.0 0 M M M M M M 20 315
15 47 41 44 0 21 0 T 0.0 0 M M M M M M 21 360
16 46 40 43 0 22 0 T 0.0 0 M M M M M M 24 45
17 49 38 44 1 21 0 T 0.0 0 M M M M M M 14 180
18 58 39 49 7 16 0 0.05 0.0 0 M M M M M M 1 16 225
19 52 45 49 7 16 0 0.21 0.0 0 M M M M M M 12 23 45
20 47 39 43 1 22 0 0.09 0.0 0 M M M M M M 24 315
21 42 38 40 -1 25 0 T 0.0 0 M M M M M M 18 360
22 49 31 40 -1 25 0 T 0.0 0 M M M M M M 13 360
23 52 31 42 2 23 0 0.00 0.0 0 M M M M M M 28 225
24 57 46 52 12 13 0 0.51 0.0 0 M M M M M M 123 17 180
25 48 41 45 5 20 0 0.41 0.0 0 M M M M M M 1 14 315
26 48 41 45 6 20 0 0.37 0.0 0 M M M M M M 1 12 90
27 56 33 45 6 20 0 0.15 T 0 M M M M M M 1 28 270
28 38 30 34 -4 31 0 0.01 0.1 T M M M M M M 21 270
29 39 27 33 -5 32 0 T T 0 M M M M M M 24 270
30 33 25 29 -9 36 0 T 0.1 0 M M M M M M 24 270
31 34 17 26 -11 39 0 0.02 0.4 0 M M M M M M 22 315
================================================================================
SM 1617 1226 615 31 3.50 0.6 M M M
================================================================================
AV 52.2 39.5 M FASTST M M M MAX(MPH)
MISC ----> M M 32 180
================================================================================
NOTES:
# LAST OF SEVERAL OCCURRENCES
COLUMN 17 PEAK WIND IN M.P.H.
PRELIMINARY LOCAL CLIMATOLOGICAL DATA (WS FORM: F-6) , PAGE 2
STATION: MARQUETTE MI
MONTH: OCTOBER
YEAR: 2023
LATITUDE: 46 31 N
LONGITUDE: 87 33 W
[TEMPERATURE DATA] [PRECIPITATION DATA] SYMBOLS USED IN COLUMN 16
AVERAGE MONTHLY: 45.9 TOTAL FOR MONTH: 3.50 1 = FOG OR MIST
DPTR FM NORMAL: 2.4 DPTR FM NORMAL: -0.54 2 = FOG REDUCING VISIBILITY
HIGHEST: 87 ON 2 GRTST 24HR 0.55 ON 7- 7 TO 1/4 MILE OR LESS
LOWEST: 17 ON 31 3 = THUNDER
SNOW, ICE PELLETS, HAIL 4 = ICE PELLETS
TOTAL MONTH: 0.6 INCH 5 = HAIL
GRTST 24HR 0.4 ON 31-31 6 = FREEZING RAIN OR DRIZZLE
GRTST DEPTH: T 7 = DUSTSTORM OR SANDSTORM:
VSBY 1/2 MILE OR LESS
8 = SMOKE OR HAZE
[NO. OF DAYS WITH] [WEATHER - DAYS WITH] 9 = BLOWING SNOW
X = TORNADO
MAX 32 OR BELOW: 0 0.01 INCH OR MORE: 20
MAX 90 OR ABOVE: 0 0.10 INCH OR MORE: 11
MIN 32 OR BELOW: 8 0.50 INCH OR MORE: 2
MIN 0 OR BELOW: 0 1.00 INCH OR MORE: 0
[HDD (BASE 65) ]
TOTAL THIS MO. 615 CLEAR (SCALE 0-3) 0
DPTR FM NORMAL -54 PTCLDY (SCALE 4-7) 0
TOTAL FM JUL 1 980 CLOUDY (SCALE 8-10) 31
DPTR FM NORMAL -161
[CDD (BASE 65) ]
TOTAL THIS MO. 31
DPTR FM NORMAL 30 [PRESSURE DATA]
TOTAL FM JAN 1 278 HIGHEST SLP M ON M
DPTR FM NORMAL 41 LOWEST SLP M ON M
[REMARKS]
#FINAL-10-23#