000
CXUS51 KLWX 010820
CF6MRB
PRELIMINARY LOCAL CLIMATOLOGICAL DATA (WS FORM: F-6)
STATION: MARTINSBURG WV
MONTH: JANUARY
YEAR: 2022
LATITUDE: 39 24 N
LONGITUDE: 77 58 W
TEMPERATURE IN F: :PCPN: SNOW: WIND :SUNSHINE: SKY :PK WND
================================================================================
1 2 3 4 5 6A 6B 7 8 9 10 11 12 13 14 15 16 17 18
12Z AVG MX 2MIN
DY MAX MIN AVG DEP HDD CDD WTR SNW DPTH SPD SPD DIR MIN PSBL S-S WX SPD DR
================================================================================
1 54 47 51 18 14 0 0.64 M M 2.5 20 310 M M 10 1 25 310
2 60 38 49 16 16 0 0.12 M M 7.9 22 310 M M 6 12 30 300
3 38 26 32 -1 33 0 0.00 M M 11.9 23 330 M M 5 8 29 340
4 38 19 29 -4 36 0 0.00 M M 5.0 13 160 M M 0 17 350
5 48 23 36 3 29 0 0.00 M M 6.3 26 260 M M 1 37 260
6 46 29 38 5 27 0 0.11 M M 10.5 28 270 M M 5 1 36 280
7 29 21 25 -8 40 0 0.29 M M 12.6 23 290 M M M 31 290
8 29 8 19 -13 46 0 0.00 M M 4.5 15 310 M M 0 18 300
9 44 20 32 0 33 0 0.12 M M 3.8 23 300 M M M 6 34 300
10 38 24 31 -1 34 0 T M M 14.2 25 270 M M M 32 280
11 27 14 21 -11 44 0 T M M 6.1 26 300 M M M 34 300
12 47 13 30 -2 35 0 0.00 M M 3.0 12 190 M M 0 15 190
13 47 22 35 3 30 0 0.00 M M 2.4 6 30 M M 5 18 8 30
14 42 26 34 2 31 0 0.00 M M 9.7 21 350 M M 9 18 26 340
15 30 15 23 -9 42 0 0.00 M M 7.6 14 350 M M 0 20 340
16 31 9 20 -12 45 0 0.97 M M 7.3 20 10 M M 5 126 26 20
17 34 29 32 0 33 0 0.17 M M 19.9 37 300 M M 9 16 50 310
18 36 19 28 -4 37 0 0.00 M M 10.3 25 300 M M 6 36 300
19 48 19 34 2 31 0 0.02 M M 5.2 13 190 M M 4 17 190
20 40 20 30 -2 35 0 0.06 M M 10.4 20 330 M M 5 1 25 330
21 22 12 17 -15 48 0 0.00 M M 7.8 15 360 M M 0 20 350
22 27 1 14 -18 51 0 0.00 M M 2.1 7 140 M M 1 18 9 150
23 36 16 26 -6 39 0 0.00 M M 5.2 17 260 M M 6 21 270
24 36 26 31 -1 34 0 0.00 M M 4.9 18 350 M M 7 23 340
25 42 23 33 1 32 0 0.00 M M 7.3 24 300 M M 6 32 310
26 29 11 20 -12 45 0 0.00 M M 5.1 17 300 M M 1 8 28 320
27 33 6 20 -12 45 0 0.00 M M 2.9 13 160 M M 1 18 16 170
28 34 26 30 -2 35 0 0.09 M M 3.5 15 10 M M 10 18 21 20
29 29 17 23 -9 42 0 T M M 16.1 24 290 M M 5 18 34 320
30 27 10 19 -13 46 0 0.00 M M 4.6 17 280 M M 6 21 280
31 33 18 26 -7 39 0 0.00 M M 3.0 8 40 M M 5 13 90
================================================================================
SM 1154 607 1127 0 2.59 M 223.6 M 118
================================================================================
AV 37.2 19.6 7.2 FASTST M M 4 MAX(MPH)
MISC ----> 37 300 50 310
================================================================================
NOTES:
# LAST OF SEVERAL OCCURRENCES
COLUMN 17 PEAK WIND IN M.P.H.
PRELIMINARY LOCAL CLIMATOLOGICAL DATA (WS FORM: F-6) , PAGE 2
STATION: MARTINSBURG WV
MONTH: JANUARY
YEAR: 2022
LATITUDE: 39 24 N
LONGITUDE: 77 58 W
[TEMPERATURE DATA] [PRECIPITATION DATA] SYMBOLS USED IN COLUMN 16
AVERAGE MONTHLY: 28.4 TOTAL FOR MONTH: 2.59 1 = FOG OR MIST
DPTR FM NORMAL: -4.0 DPTR FM NORMAL: -0.01 2 = FOG REDUCING VISIBILITY
HIGHEST: 60 ON 2 GRTST 24HR 0.97 ON 16-16 TO 1/4 MILE OR LESS
LOWEST: 1 ON 22 3 = THUNDER
SNOW, ICE PELLETS, HAIL 4 = ICE PELLETS
TOTAL MONTH: M 5 = HAIL
GRTST 24HR M ON M 6 = FREEZING RAIN OR DRIZZLE
GRTST DEPTH: M ON M 7 = DUSTSTORM OR SANDSTORM:
VSBY 1/2 MILE OR LESS
8 = SMOKE OR HAZE
[NO. OF DAYS WITH] [WEATHER - DAYS WITH] 9 = BLOWING SNOW
X = TORNADO
MAX 32 OR BELOW: 10 0.01 INCH OR MORE: 10
MAX 90 OR ABOVE: 0 0.10 INCH OR MORE: 7
MIN 32 OR BELOW: 29 0.50 INCH OR MORE: 2
MIN 0 OR BELOW: 0 1.00 INCH OR MORE: 0
[HDD (BASE 65) ]
TOTAL THIS MO. 1127 CLEAR (SCALE 0-3) 9
DPTR FM NORMAL 117 PTCLDY (SCALE 4-7) 14
TOTAL FM JUL 1 2685 CLOUDY (SCALE 8-10) 8
DPTR FM NORMAL -222
[CDD (BASE 65) ]
TOTAL THIS MO. 0
DPTR FM NORMAL 0 [PRESSURE DATA]
TOTAL FM JAN 1 0 HIGHEST SLP 30.68 ON 8
DPTR FM NORMAL 0 LOWEST SLP 29.04 ON 17
[REMARKS]
#FINAL-01-22#