000
CXUS51 KLWX 011134
CF6MRB
PRELIMINARY LOCAL CLIMATOLOGICAL DATA (WS FORM: F-6)
STATION: MARTINSBURG WV
MONTH: MARCH
YEAR: 2020
LATITUDE: 39 24 N
LONGITUDE: 77 58 W
TEMPERATURE IN F: :PCPN: SNOW: WIND :SUNSHINE: SKY :PK WND
================================================================================
1 2 3 4 5 6A 6B 7 8 9 10 11 12 13 14 15 16 17 18
12Z AVG MX 2MIN
DY MAX MIN AVG DEP HDD CDD WTR SNW DPTH SPD SPD DIR MIN PSBL S-S WX SPD DR
================================================================================
1 52 21 37 0 28 0 0.00 M M 5.0 15 270 M M 0 20 280
2 64 27 46 9 19 0 0.01 M M 6.4 20 220 M M 4 28 230
3 63 40 52 14 13 0 0.33 M M 8.2 43 290 M M 6 13 54 290
4 63 40 52 14 13 0 0.00 M M 13.8 35 280 M M 1 47 320
5 52 30 41 3 24 0 0.00 M M 3.8 21 310 M M 0 27 310
6 50 28 39 0 26 0 0.01 M M 9.4 25 330 M M 7 8 35 320
7 50 32 41 2 24 0 0.00 M M 12.8 25 320 M M 4 34 330
8 63 24 44 5 21 0 0.00 M M 5.0 13 170 M M 0 16 190
9 74 32 53 13 12 0 0.00 M M 6.3 15 220 M M 0 22 210
10 68 50 59 19 6 0 0.06 M M 10.7 25 260 M M 7 8 32 300
11 50 36 43 3 22 0 0.00 M M 3.5 12 300 M M 6 8 16 290
12 65 37 51 11 14 0 0.01 M M 5.0 15 140 M M 4 1 21 170
13 71 48 60 19 5 0 0.22 M M 12.1 32 260 M M 5 1 43 260
14 54 37 46 5 19 0 0.18 M M 8.9 28 320 M M 4 1 36 330
15 50 31 41 -1 24 0 0.15 M M 4.9 12 10 M M 8 1 14 20
16 50 30 40 -2 25 0 0.00 M M 6.5 14 170 M M 6 18 180
17 60 42 51 9 14 0 0.01 M M 6.5 17 330 M M 10 8 25 340
18 53 31 42 -1 23 0 0.17 M M 5.6 13 140 M M 6 1 19 120
19 70 46 58 15 7 0 0.21 M M 4.1 14 150 M M 6 18 20 140
20 82 50 66 23 0 1 0.02 M M 9.8 33 250 M M 3 1 44 250
21 60 41 51 7 14 0 0.00 M M 10.4 28 320 M M 8 34 330
22 49 32 41 -3 24 0 0.00 M M 7.2 15 140 M M 4 20 30
23 43 37 40 -4 25 0 0.04 M M 3.6 13 140 M M 10 18 19 130
24 53 40 47 2 18 0 0.00 M M 4.9 15 330 M M 7 1 21 350
25 47 40 44 -1 21 0 0.40 M M 5.4 14 20 M M 10 1 17 20
26 61 34 48 2 17 0 T M M 4.5 15 150 M M 5 12 21 150
27 64 45 55 9 10 0 0.05 M M 2.7 9 30 M M 6 1 13 30
28 58 51 55 9 10 0 0.53 M M 4.7 16 140 M M 10 13 19 140
29 65 45 55 8 10 0 0.04 M M 4.4 12 40 M M 7 12 14 30
30 70 43 57 10 8 0 0.00 M M 11.4 28 260 M M 3 12 35 270
31 51 42 47 0 18 0 0.18 M M 5.2 13 80 M M 10 1 16 70
================================================================================
SM 1825 1162 514 1 2.62 M 212.7 M 167
================================================================================
AV 58.9 37.5 6.9 FASTST M M 5 MAX(MPH)
MISC ----> 43 290 54 290
================================================================================
NOTES:
# LAST OF SEVERAL OCCURRENCES
COLUMN 17 PEAK WIND IN M.P.H.
PRELIMINARY LOCAL CLIMATOLOGICAL DATA (WS FORM: F-6) , PAGE 2
STATION: MARTINSBURG WV
MONTH: MARCH
YEAR: 2020
LATITUDE: 39 24 N
LONGITUDE: 77 58 W
[TEMPERATURE DATA] [PRECIPITATION DATA] SYMBOLS USED IN COLUMN 16
AVERAGE MONTHLY: 48.2 TOTAL FOR MONTH: 2.62 1 = FOG OR MIST
DPTR FM NORMAL: 6.2 DPTR FM NORMAL: -0.90 2 = FOG REDUCING VISIBILITY
HIGHEST: 82 ON 20 GRTST 24HR 0.57 ON 27-28 TO 1/4 MILE OR LESS
LOWEST: 21 ON 1 3 = THUNDER
SNOW, ICE PELLETS, HAIL 4 = ICE PELLETS
TOTAL MONTH: M 5 = HAIL
GRTST 24HR M ON M 6 = FREEZING RAIN OR DRIZZLE
GRTST DEPTH: M ON M 7 = DUSTSTORM OR SANDSTORM:
VSBY 1/2 MILE OR LESS
8 = SMOKE OR HAZE
[NO. OF DAYS WITH] [WEATHER - DAYS WITH] 9 = BLOWING SNOW
X = TORNADO
MAX 32 OR BELOW: 0 0.01 INCH OR MORE: 18
MAX 90 OR ABOVE: 0 0.10 INCH OR MORE: 9
MIN 32 OR BELOW: 11 0.50 INCH OR MORE: 1
MIN 0 OR BELOW: 0 1.00 INCH OR MORE: 0
[HDD (BASE 65) ]
TOTAL THIS MO. 514 CLEAR (SCALE 0-3) 6
DPTR FM NORMAL -200 PTCLDY (SCALE 4-7) 18
TOTAL FM JUL 1 3955 CLOUDY (SCALE 8-10) 7
DPTR FM NORMAL -716
[CDD (BASE 65) ]
TOTAL THIS MO. 1
DPTR FM NORMAL 0 [PRESSURE DATA]
TOTAL FM JAN 1 1 HIGHEST SLP 30.59 ON 22
DPTR FM NORMAL 0 LOWEST SLP 29.44 ON 3
[REMARKS]
#FINAL-03-20#