000
CXUS56 KMTR 010900
CF6MRY
PRELIMINARY LOCAL CLIMATOLOGICAL DATA (WS FORM: F-6)
STATION: MONTEREY AIRPORT
MONTH: MARCH
YEAR: 2022
LATITUDE: 36 34 N
LONGITUDE: 121 51 W
TEMPERATURE IN F: :PCPN: SNOW: WIND :SUNSHINE: SKY :PK WND
================================================================================
1 2 3 4 5 6A 6B 7 8 9 10 11 12 13 14 15 16 17 18
12Z AVG MX 2MIN
DY MAX MIN AVG DEP HDD CDD WTR SNW DPTH SPD SPD DIR MIN PSBL S-S WX SPD DR
================================================================================
1 69 47 58 4 7 0 0.00 M M 4.6 14 120 M M 0 17 330
2 68 47 58 4 7 0 0.00 M M 3.5 12 320 M M 0 17 310
3 62 48 55 1 10 0 0.02 M M 3.2 9 290 M M 6 18 12 300
4 56 48 52 -2 13 0 0.03 M M 11.6 25 290 M M 8 18 36 290
5 56 48 52 -2 13 0 0.01 M M 12.4 21 290 M M 5 33 300
6 57 46 52 -2 13 0 0.00 M M 6.0 14 280 M M 7 20 310
7 65 38 52 -2 13 0 0.00 M M 5.0 13 310 M M 0 18 320
8 71 42 57 3 8 0 0.00 M M 3.8 13 320 M M 0 17 310
9 61 42 52 -2 13 0 0.00 M M 7.9 18 270 M M 2 32 260
10 64 45 55 1 10 0 0.00 M M 5.2 13 330 M M 2 19 310
11 73 40 57 3 8 0 0.00 M M 5.9 15 250 M M 0 21 250
12 61 39 50 -4 15 0 0.00 M M 4.9 15 290 M M 1 20 330
13 64 49 57 3 8 0 T M M 4.9 10 330 M M 5 18 14 330
14 70 43 57 3 8 0 0.00 M M 3.9 13 270 M M 2 19 320
15 67 52 60 6 5 0 T M M 5.6 12 260 M M 7 18 18 270
16 61 48 55 1 10 0 0.00 M M 6.2 14 330 M M 3 18 310
17 61 47 54 0 11 0 0.00 M M 5.2 14 320 M M 3 18 20 300
18 65 43 54 0 11 0 0.00 M M 4.4 13 260 M M 3 128 19 340
19 59 51 55 1 10 0 0.19 M M 7.5 20 300 M M 8 1 29 290
20 60 49 55 1 10 0 0.00 M M 8.1 16 300 M M 3 27 300
21 64 44 54 0 11 0 0.00 M M 5.1 14 310 M M 0 8 19 280
22 79 49 64 10 1 0 0.00 M M 4.0 13 70 M M 0 17 50
23 59 50 55 1 10 0 0.00 M M 5.4 14 320 M M 6 128 18 300
24 60 45 53 -1 12 0 0.00 M M 4.7 14 310 M M 6 128 18 350
25 58 48 53 -1 12 0 0.00 M M 5.7 12 310 M M 6 128 17 300
26 67 48 58 4 7 0 0.00 M M 5.3 14 310 M M 2 19 320
27 68 51 60 6 5 0 0.52 M M 6.6 23 170 M M 7 1 39 160
28 64 49 57 3 8 0 0.11 M M 6.0 14 270 M M 6 1 20 310
29 56 52 54 0 11 0 0.01 M M 6.5 14 270 M M 10 18 20 320
30 57 51 54 0 11 0 0.00 M M 7.7 17 270 M M 10 28 270
31 59 49 54 0 11 0 0.00 M M 6.5 15 280 M M 7 8 22 300
================================================================================
SM 1961 1448 302 0 0.89 M 183.3 M 125
================================================================================
AV 63.3 46.7 5.9 FASTST M M 4 MAX(MPH)
MISC ----> 25 290 39 160
================================================================================
NOTES:
# LAST OF SEVERAL OCCURRENCES
COLUMN 17 PEAK WIND IN M.P.H.
PRELIMINARY LOCAL CLIMATOLOGICAL DATA (WS FORM: F-6) , PAGE 2
STATION: MONTEREY AIRPORT
MONTH: MARCH
YEAR: 2022
LATITUDE: 36 34 N
LONGITUDE: 121 51 W
[TEMPERATURE DATA] [PRECIPITATION DATA] SYMBOLS USED IN COLUMN 16
AVERAGE MONTHLY: 55.0 TOTAL FOR MONTH: 0.89 1 = FOG OR MIST
DPTR FM NORMAL: 0.8 DPTR FM NORMAL: -1.91 2 = FOG REDUCING VISIBILITY
HIGHEST: 79 ON 22 GRTST 24HR 0.63 ON 27-28 TO 1/4 MILE OR LESS
LOWEST: 38 ON 7 3 = THUNDER
SNOW, ICE PELLETS, HAIL 4 = ICE PELLETS
TOTAL MONTH: M 5 = HAIL
GRTST 24HR M ON M 6 = FREEZING RAIN OR DRIZZLE
GRTST DEPTH: M ON M 7 = DUSTSTORM OR SANDSTORM:
VSBY 1/2 MILE OR LESS
8 = SMOKE OR HAZE
[NO. OF DAYS WITH] [WEATHER - DAYS WITH] 9 = BLOWING SNOW
X = TORNADO
MAX 32 OR BELOW: 0 0.01 INCH OR MORE: 7
MAX 90 OR ABOVE: 0 0.10 INCH OR MORE: 3
MIN 32 OR BELOW: 0 0.50 INCH OR MORE: 1
MIN 0 OR BELOW: 0 1.00 INCH OR MORE: 0
[HDD (BASE 65) ]
TOTAL THIS MO. 302 CLEAR (SCALE 0-3) 16
DPTR FM NORMAL -33 PTCLDY (SCALE 4-7) 12
TOTAL FM JUL 1 1657 CLOUDY (SCALE 8-10) 3
DPTR FM NORMAL -548
[CDD (BASE 65) ]
TOTAL THIS MO. 0
DPTR FM NORMAL -1 [PRESSURE DATA]
TOTAL FM JAN 1 3 HIGHEST SLP M ON M
DPTR FM NORMAL 2 LOWEST SLP 29.69 ON 28
[REMARKS]
#FINAL-03-22#