000
CXUS56 KMTR 042012
CF6MRY
PRELIMINARY LOCAL CLIMATOLOGICAL DATA (WS FORM: F-6)
STATION: MONTEREY AIRPORT
MONTH: AUGUST
YEAR: 2020
LATITUDE: 36 34 N
LONGITUDE: 121 51 W
TEMPERATURE IN F: :PCPN: SNOW: WIND :SUNSHINE: SKY :PK WND
================================================================================
1 2 3 4 5 6A 6B 7 8 9 10 11 12 13 14 15 16 17 18
12Z AVG MX 2MIN
DY MAX MIN AVG DEP HDD CDD WTR SNW DPTH SPD SPD DIR MIN PSBL S-S WX SPD DR
================================================================================
1 72 60 66 5 0 1 0.00 M M 7.8 13 310 M M 7 18 16 300
2 M M M M M M 0.00 M M 6.7 14 310 M M 6 128 18 330
3 78 59 69 8 0 4 0.00 M M 7.9 15 290 M M 2 20 280
4 68 62 65 4 0 0 0.00 M M 9.3 18 270 M M 10 8 22 270
5 72 64 68 7 0 3 0.00 M M 9.5 20 270 M M 10 8 24 280
6 74 63 69 8 0 4 T M M 8.3 14 250 M M 8 8 20 260
7 73 60 67 6 0 2 0.00 M M 7.6 17 250 M M 6 24 260
8 76 62 69 8 0 4 0.00 M M 4.2 14 260 M M 5 8 17 270
9 80 58 69 8 0 4 0.00 M M 4.0 13 280 M M 5 18 17 270
10 73 60 67 6 0 2 0.00 M M 4.6 15 270 M M 6 8 19 270
11 74 61 68 7 0 3 0.00 M M 4.3 15 340 M M 6 8 22 330
12 75 62 69 8 0 4 0.00 M M 4.1 12 350 M M 6 8 15 350
13 86 60 73 11 0 8 0.00 M M 2.9 15 240 M M 4 128 19 240
14 M M M M M M 0.00 M M 4.5 16 260 M M 0 21 240
15 91 69 80 18 0 15 0.00 M M 3.1 10 340 M M 0 12 340
16 M 67 M M M M 0.01 M M 5.9 24 240 M M 1 3 35 260
17 83 66 75 13 0 10 0.00 M M 4.6 14 310 M M 2 8 19 310
18 81 65 73 11 0 8 0.00 M M 4.3 12 280 M M 4 8 14 270
19 77 65 71 9 0 6 0.00 M M 3.6 10 290 M M 10 8 13 290
20 74 60 67 5 0 2 0.00 M M 6.5 15 270 M M 10 8 20 260
21 77 62 70 8 0 5 0.00 M M 5.8 16 260 M M 9 8 20 270
22 75 61 68 6 0 3 0.00 M M 3.4 10 330 M M 6 128 12 330
23 71 58 65 3 0 0 T M M 3.0 9 310 M M 4 128 12 310
24 78 63 71 9 0 6 0.00 M M 4.3 15 260 M M 3 8 18 260
25 78 63 71 9 0 6 0.00 M M 4.2 12 270 M M 8 18 15 270
26 66 59 63 1 2 0 0.00 M M 6.0 14 310 M M 10 18 17 280
27 M M M M M M 0.00 M M 6.1 13 340 M M 10 18 17 330
28 M M M M M M 0.00 M M 4.6 15 260 M M 6 18 18 270
29 M M M M M M 0.00 M M 4.6 17 260 M M 6 8 21 260
30 M M M M M M 0.00 M M 3.8 13 260 M M 6 8 16 250
31 M M M M M M 0.00 M M 2.9 9 340 M M 6 8 12 350
================================================================================
SM 1752 1489 2 100 0.01 M 162.4 M 182
================================================================================
AV 76.2 62.0 5.2 FASTST M M 6 MAX(MPH)
MISC ----> 24 240 35 260
================================================================================
NOTES:
# LAST OF SEVERAL OCCURRENCES
COLUMN 17 PEAK WIND IN M.P.H.
PRELIMINARY LOCAL CLIMATOLOGICAL DATA (WS FORM: F-6) , PAGE 2
STATION: MONTEREY AIRPORT
MONTH: AUGUST
YEAR: 2020
LATITUDE: 36 34 N
LONGITUDE: 121 51 W
[TEMPERATURE DATA] [PRECIPITATION DATA] SYMBOLS USED IN COLUMN 16
AVERAGE MONTHLY: 69.1 TOTAL FOR MONTH: 0.01 1 = FOG OR MIST
DPTR FM NORMAL: 7.5 DPTR FM NORMAL: -0.03 2 = FOG REDUCING VISIBILITY
HIGHEST: 91 ON 15 GRTST 24HR 0.01 ON 16-16 TO 1/4 MILE OR LESS
LOWEST: 58 ON 23, 9 3 = THUNDER
SNOW, ICE PELLETS, HAIL 4 = ICE PELLETS
TOTAL MONTH: M 5 = HAIL
GRTST 24HR M ON M 6 = FREEZING RAIN OR DRIZZLE
GRTST DEPTH: M ON M 7 = DUSTSTORM OR SANDSTORM:
VSBY 1/2 MILE OR LESS
8 = SMOKE OR HAZE
[NO. OF DAYS WITH] [WEATHER - DAYS WITH] 9 = BLOWING SNOW
X = TORNADO
MAX 32 OR BELOW: 0 0.01 INCH OR MORE: 1
MAX 90 OR ABOVE: 1 0.10 INCH OR MORE: 0
MIN 32 OR BELOW: 0 0.50 INCH OR MORE: 0
MIN 0 OR BELOW: 0 1.00 INCH OR MORE: 0
[HDD (BASE 65) ]
TOTAL THIS MO. 2 CLEAR (SCALE 0-3) 6
DPTR FM NORMAL -112 PTCLDY (SCALE 4-7) 16
TOTAL FM JUL 1 50 CLOUDY (SCALE 8-10) 9
DPTR FM NORMAL -205
[CDD (BASE 65) ]
TOTAL THIS MO. 100
DPTR FM NORMAL 93 [PRESSURE DATA]
TOTAL FM JAN 1 130 HIGHEST SLP 30.11 ON 3
DPTR FM NORMAL 113 LOWEST SLP 29.83 ON 16
[REMARKS]
#FINAL-08-20#