000
CXUS54 KHUN 010810
CF6MSL
PRELIMINARY LOCAL CLIMATOLOGICAL DATA (WS FORM: F-6)
STATION: MUSCLE SHOALS
MONTH: MARCH
YEAR: 2023
LATITUDE: 34 45 N
LONGITUDE: 87 37 W
TEMPERATURE IN F: :PCPN: SNOW: WIND :SUNSHINE: SKY :PK WND
================================================================================
1 2 3 4 5 6A 6B 7 8 9 10 11 12 13 14 15 16 17 18
12Z AVG MX 2MIN
DY MAX MIN AVG DEP HDD CDD WTR SNW DPTH SPD SPD DIR MIN PSBL S-S WX SPD DR
================================================================================
1 75 53 64 14 1 0 2.09 0.0 0 6.5 24 300 M M 4 13 33 300
2 64 60 62 12 3 0 1.54 0.0 0 6.9 18 160 M M 9 13 26 150
3 74 57 66 15 0 1 0.56 0.0 0 16.0 47 240 M M 9 12 73 270
4 67 47 57 6 8 0 0.00 0.0 0 4.7 14 60 M M 3 21 20
5 72 41 57 6 8 0 0.00 0.0 0 2.7 12 110 M M 0 1 17 100
6 81 47 64 12 1 0 0.00 0.0 0 5.8 18 220 M M 0 24 220
7 76 54 65 13 0 0 0.00 0.0 0 7.8 16 50 M M 0 1 26 60
8 60 47 54 2 11 0 0.01 0.0 0 6.8 17 100 M M 5 25 110
9 61 51 56 4 9 0 0.17 0.0 0 5.8 14 170 M M 9 1 19 160
10 61 46 54 1 11 0 0.10 0.0 0 8.4 16 310 M M 5 1 23 330
11 58 38 48 -5 17 0 0.18 0.0 0 7.9 14 70 M M 4 13 19 70
12 62 47 55 2 10 0 0.15 0.0 0 7.9 22 310 M M 10 13 29 190
13 52 36 44 -10 21 0 0.00 0.0 0 8.9 18 300 M M 2 26 300
14 52 31 42 -12 23 0 0.00 0.0 0 6.6 14 30 M M 0 20 50
15 58 32 45 -9 20 0 0.00 0.0 0 5.5 12 80 M M 0 17 110
16 71 38 55 1 10 0 0.03 0.0 0 9.2 18 180 M M 1 27 200
17 63 40 52 -3 13 0 0.27 0.0 0 11.2 24 300 M M 7 1 35 180
18 54 33 44 -11 21 0 0.00 0.0 0 9.9 25 300 M M 1 34 280
19 42 28 35 -20 30 0 0.00 0.0 0 6.6 14 310 M M 3 22 300
20 52 22 37 -18 28 0 0.00 0.0 0 1.9 9 80 M M 0 12 150
21 61 32 47 -9 18 0 0.03 0.0 0 7.2 18 160 M M 6 24 170
22 65 49 57 1 8 0 0.46 0.0 0 6.8 16 150 M M 8 18 21 130
23 81 58 70 14 0 5 0.00 0.0 0 8.6 20 240 M M 3 27 240
24 83 62 73 16 0 8 1.65 0.0 0 13.7 48 260 M M 5 13 66 270
25 79 54 67 10 0 2 0.00 0.0 0 11.5 30 250 M M 2 39 240
26 81 51 66 9 0 1 0.00 0.0 0 5.0 14 160 M M 2 21 180
27 74 58 66 9 0 1 0.00 0.0 0 7.0 18 30 M M 1 25 20
28 66 47 57 -1 8 0 0.00 0.0 0 9.1 21 300 M M 3 31 320
29 65 41 53 -5 12 0 0.00 0.0 0 4.8 13 70 M M 0 19 60
30 75 39 57 -1 8 0 0.00 0.0 0 5.1 12 150 M M 1 8 19 150
31 76 63 70 11 0 5 T 0.0 0 15.2 29 210 M M 7 44 210
================================================================================
SM 2061 1402 299 23 7.24 0.0 241.0 M 110
================================================================================
AV 66.5 45.2 7.8 FASTST M M 4 MAX(MPH)
MISC ----> 48 260 73 270
================================================================================
NOTES:
# LAST OF SEVERAL OCCURRENCES
COLUMN 17 PEAK WIND IN M.P.H.
PRELIMINARY LOCAL CLIMATOLOGICAL DATA (WS FORM: F-6) , PAGE 2
STATION: MUSCLE SHOALS
MONTH: MARCH
YEAR: 2023
LATITUDE: 34 45 N
LONGITUDE: 87 37 W
[TEMPERATURE DATA] [PRECIPITATION DATA] SYMBOLS USED IN COLUMN 16
AVERAGE MONTHLY: 55.9 TOTAL FOR MONTH: 7.24 1 = FOG OR MIST
DPTR FM NORMAL: 1.5 DPTR FM NORMAL: 2.10 2 = FOG REDUCING VISIBILITY
HIGHEST: 83 ON 24 GRTST 24HR 3.59 ON 1- 2 TO 1/4 MILE OR LESS
LOWEST: 22 ON 20 3 = THUNDER
SNOW, ICE PELLETS, HAIL 4 = ICE PELLETS
TOTAL MONTH: 0.0 INCH 5 = HAIL
GRTST 24HR 0.0 6 = FREEZING RAIN OR DRIZZLE
GRTST DEPTH: 0 7 = DUSTSTORM OR SANDSTORM:
VSBY 1/2 MILE OR LESS
8 = SMOKE OR HAZE
[NO. OF DAYS WITH] [WEATHER - DAYS WITH] 9 = BLOWING SNOW
X = TORNADO
MAX 32 OR BELOW: 0 0.01 INCH OR MORE: 13
MAX 90 OR ABOVE: 0 0.10 INCH OR MORE: 10
MIN 32 OR BELOW: 5 0.50 INCH OR MORE: 4
MIN 0 OR BELOW: 0 1.00 INCH OR MORE: 3
[HDD (BASE 65) ]
TOTAL THIS MO. 299 CLEAR (SCALE 0-3) 17
DPTR FM NORMAL -48 PTCLDY (SCALE 4-7) 10
TOTAL FM JUL 1 2226 CLOUDY (SCALE 8-10) 4
DPTR FM NORMAL -442
[CDD (BASE 65) ]
TOTAL THIS MO. 23
DPTR FM NORMAL 7 [PRESSURE DATA]
TOTAL FM JAN 1 50 HIGHEST SLP M ON M
DPTR FM NORMAL 31 LOWEST SLP 29.13 ON 3
[REMARKS]
#FINAL-03-23#