000
CXUS55 KMSO 072303
CLMMSO
CLIMATE REPORT
NATIONAL WEATHER SERVICE MISSOULA MT
403 PM MST THU DEC 07 2023
...................................
...THE MISSOULA MT CLIMATE SUMMARY FOR THE MONTH OF NOVEMBER 2023...
CLIMATE NORMAL PERIOD 1991 TO 2020
CLIMATE RECORD PERIOD 1893 TO 2023
WEATHER OBSERVED NORMAL DEPART LAST YEAR`S
VALUE DATE(S) VALUE FROM VALUE
NORMAL
..............................................................
TEMPERATURE (F)
RECORD
HIGH 73 11/12/1999
LOW -23 11/16/1955
HIGHEST 59 11/11 MM MM 57
LOWEST 9 11/29 MM MM -5
AVG. MAXIMUM 43.4 39.9 3.5 33.0
AVG. MINIMUM 24.7 24.6 0.1 15.8
MEAN 34.0 32.3 1.7 24.4
DAYS MAX >= 90 0 0.0 0.0 0
DAYS MAX <= 32 2 5.5 -3.5 16
DAYS MIN <= 32 27 25.5 1.5 28
DAYS MIN <= 0 0 0.7 -0.7 3
PRECIPITATION (INCHES)
RECORD
MAXIMUM 5.48 1927
MINIMUM T 1904
TOTALS 0.78 1.18 -0.40 1.07
DAILY AVG. 0.03 0.04 -0.01 0.04
DAYS >= .01 9 11.1 -2.1 MM
DAYS >= .10 4 3.7 0.3 MM
DAYS >= .50 0 0.3 -0.3 MM
DAYS >= 1.00 0 0.0 0.0 MM
GREATEST
24 HR. TOTAL 0.24 11/02 TO 11/03 0.47
SNOWFALL (INCHES)
TOTALS 0.1 5.4 -5.3 10.6
SINCE 7/1 3.1 6.4 -3.3 MM
DAYS >= TRACE 4 5.2 -1.2 MM
DAYS >= 1.0 0 1.9 -1.9 MM
GREATEST
SNOW DEPTH 0 6
24 HR TOTAL MM MM
DEGREE DAYS
HEATING TOTAL 922 982 -60
SINCE 7/1 1615 1958 -343
COOLING TOTAL 0 0 0
SINCE 1/1 536 307 229
..............................................................
WIND (MPH)
AVERAGE WIND SPEED 2.7
HIGHEST WIND SPEED/DIRECTION 26/270 DATE 11/11
HIGHEST GUST SPEED/DIRECTION 37/260 DATE 11/11
SKY COVER
POSSIBLE SUNSHINE (PERCENT) MM
AVERAGE SKY COVER 0.50
NUMBER OF DAYS FAIR 13
NUMBER OF DAYS PC 6
NUMBER OF DAYS CLOUDY 11
AVERAGE RH (PERCENT) 74
WEATHER CONDITIONS. NUMBER OF DAYS WITH
THUNDERSTORM 0 MIXED PRECIP 0
HEAVY RAIN 0 RAIN 3
LIGHT RAIN 10 FREEZING RAIN 0
LT FREEZING RAIN 1 HAIL 0
HEAVY SNOW 0 SNOW 0
LIGHT SNOW 2 SLEET 0
FOG 17 FOG W/VIS <= 1/4 MILE 10
HAZE 9
- INDICATES NEGATIVE NUMBERS.
R INDICATES RECORD WAS SET OR TIED.
MM INDICATES DATA IS MISSING.
T INDICATES TRACE AMOUNT.
$$