000
CXUS52 KKEY 011417 CCA
CF6MTH
PRELIMINARY LOCAL CLIMATOLOGICAL DATA (WS FORM: F-6)...CORRECTED
STATION: MARATHON
MONTH: SEPTEMBER
YEAR: 2023
LATITUDE: 24 43 N
LONGITUDE: 81 5 W
TEMPERATURE IN F: :PCPN: SNOW: WIND :SUNSHINE: SKY :PK WND
================================================================================
1 2 3 4 5 6A 6B 7 8 9 10 11 12 13 14 15 16 17 18
12Z AVG MX 2MIN
DY MAX MIN AVG DEP HDD CDD WTR SNW DPTH SPD SPD DIR MIN PSBL S-S WX SPD DR
================================================================================
1 94 83 89 4 0 24 0.00 0.0 0 3.7 16 20 M M 1 138 26 20
2 92 79 86 1 0 21 0.43 0.0 0 9.2 28 60 M M 3 138 36 60
3 89 77 83 -2 0 18 0.07 0.0 0 11.8 23 50 M M 5 18 32 40
4 93 78 86 1 0 21 0.38 0.0 0 11.1 20 50 M M 6 18 27 130
5 93 84 89 4 0 24 0.00 0.0 0 8.8 14 80 M M 2 21 110
6 94 82 88 3 0 23 0.00 0.0 0 6.3 12 50 M M 3 16 110
7 92 79 86 1 0 21 0.00 0.0 0 5.2 10 70 M M 1 15 110
8 92 76 84 -1 0 19 T 0.0 0 4.1 15 50 M M 1 20 50
9 92 80 86 2 0 21 0.00 0.0 0 3.3 12 50 M M 1 3 15 60
10 94 81 88 4 0 23 0.00 0.0 0 3.3 7 90 M M 1 12 170
11 96 83 90 6 0 25 T 0.0 0 5.3 12 90 M M 2 3 16 120
12 94 84 89 5 0 24 0.00 0.0 0 6.1 13 10 M M 1 8 19 10
13 94 83 89 5 0 24 0.00 0.0 0 5.1 10 360 M M 0 15 10
14 95 82 89 5 0 24 0.00 0.0 0 4.9 12 280 M M 1 17 290
15 94 83 89 5 0 24 0.00 0.0 0 3.6 10 200 M M 1 18 200
16 97 82 90 6 0 25 T 0.0 0 3.4 10 190 M M 2 22 180
17 97 82 90 6 0 25 0.00 0.0 0 4.1 16 160 M M 3 26 160
18 94 83 89 5 0 24 0.00 0.0 0 5.2 17 60 M M 2 3 21 60
19 96 83 90 6 0 25 0.00 0.0 0 4.9 21 30 M M 0 31 30
20 95 79 87 3 0 22 0.01 0.0 0 6.7 20 60 M M 2 3 26 150
21 93 74 84 0 0 19 1.60 0.0 0 5.3 18 70 M M 4 1238 27 70
22 89 79 84 0 0 19 0.00 0.0 0 6.2 14 50 M M 1 20 50
23 88 74 81 -3 0 16 1.93 0.0 0 7.0 17 90 M M 2 13 29 110
24 92 76 84 0 0 19 0.98 0.0 0 8.5 20 270 M M 2 13 29 130
25 94 81 88 4 0 23 0.04 0.0 0 7.7 16 130 M M 2 3 27 110
26 92 80 86 2 0 21 0.11 0.0 0 6.9 14 80 M M 2 13 22 140
27 92 81 87 3 0 22 0.00 0.0 0 6.7 17 120 M M 2 29 120
28 89 76 83 0 0 18 1.76 0.0 0 4.6 15 240 M M 2 13 23 240
29 90 79 85 2 0 20 0.14 0.0 0 5.5 17 80 M M 2 138 27 100
30 90 81 86 3 0 21 0.04 0.0 0 7.0 15 50 M M 3 13 19 50
================================================================================
SM 2786 2404 0 655 7.49 0.0 181.5 M 60
================================================================================
AV 92.9 80.1 6.1 FASTST M M 2 MAX(MPH)
MISC ----> 28 60 36 60
================================================================================
NOTES:
# LAST OF SEVERAL OCCURRENCES
COLUMN 17 PEAK WIND IN M.P.H.
PRELIMINARY LOCAL CLIMATOLOGICAL DATA (WS FORM: F-6) , PAGE 2
STATION: MARATHON
MONTH: SEPTEMBER
YEAR: 2023
LATITUDE: 24 43 N
LONGITUDE: 81 5 W
[TEMPERATURE DATA] [PRECIPITATION DATA] SYMBOLS USED IN COLUMN 16
AVERAGE MONTHLY: 86.5 TOTAL FOR MONTH: 7.49 1 = FOG OR MIST
DPTR FM NORMAL: 2.3 DPTR FM NORMAL: 1.12 2 = FOG REDUCING VISIBILITY
HIGHEST: 97 ON 17,16 GRTST 24HR 1.93 ON 23-23 TO 1/4 MILE OR LESS
LOWEST: 74 ON 23,21 3 = THUNDER
SNOW, ICE PELLETS, HAIL 4 = ICE PELLETS
TOTAL MONTH: 0.0 INCH 5 = HAIL
GRTST 24HR 0.0 6 = FREEZING RAIN OR DRIZZLE
GRTST DEPTH: 0 7 = DUSTSTORM OR SANDSTORM:
VSBY 1/2 MILE OR LESS
8 = SMOKE OR HAZE
[NO. OF DAYS WITH] [WEATHER - DAYS WITH] 9 = BLOWING SNOW
X = TORNADO
MAX 32 OR BELOW: 0 0.01 INCH OR MORE: 12
MAX 90 OR ABOVE: 26 0.10 INCH OR MORE: 8
MIN 32 OR BELOW: 0 0.50 INCH OR MORE: 4
MIN 0 OR BELOW: 0 1.00 INCH OR MORE: 3
[HDD (BASE 65) ]
TOTAL THIS MO. 0 CLEAR (SCALE 0-3) 27
DPTR FM NORMAL 0 PTCLDY (SCALE 4-7) 3
TOTAL FM JUL 1 0 CLOUDY (SCALE 8-10) 0
DPTR FM NORMAL 0
[CDD (BASE 65) ]
TOTAL THIS MO. 655
DPTR FM NORMAL 81 [PRESSURE DATA]
TOTAL FM JAN 1 4964 HIGHEST SLP 30.06 ON 1
DPTR FM NORMAL 920 LOWEST SLP 29.80 ON 23
[REMARKS]
CORRECTED ALIGNMENT OF SNOW, ICE PELLETS, HAIL TABLE
CORRECTED SKY COVER TABLE
#FINAL-09-23#
NB/BT