000
CXUS53 KILX 010900
CF6MTO
PRELIMINARY LOCAL CLIMATOLOGICAL DATA (WS FORM: F-6)
STATION: MATTOON IL AIRPORT
MONTH: APRIL
YEAR: 2022
LATITUDE: 39 28 N
LONGITUDE: 88 17 W
TEMPERATURE IN F: :PCPN: SNOW: WIND :SUNSHINE: SKY :PK WND
================================================================================
1 2 3 4 5 6A 6B 7 8 9 10 11 12 13 14 15 16 17 18
12Z AVG MX 2MIN
DY MAX MIN AVG DEP HDD CDD WTR SNW DPTH SPD SPD DIR MIN PSBL S-S WX SPD DR
================================================================================
1 45 33 39 -9 26 0 T M M 7.3 18 310 M M 7 23 310
2 57 31 44 -5 21 0 0.02 M M 12.9 35 290 M M 2 44 290
3 61 37 49 0 16 0 0.00 M M 5.8 13 130 M M 1 17 330
4 64 41 53 3 12 0 T M M 11.0 20 280 M M 4 29 200
5 57 41 49 -1 16 0 0.16 M M 7.9 20 160 M M 5 1 27 160
6 59 44 52 2 13 0 0.42 M M 11.3 25 290 M M 8 1 34 260
7 48 38 43 -8 22 0 0.01 M M 12.7 25 280 M M 8 34 290
8 42 34 38 -13 27 0 0.06 M M 15.1 26 290 M M 10 18 34 300
9 51 33 42 -9 23 0 0.03 M M 8.8 18 310 M M 5 1 27 280
10 68 34 51 -1 14 0 0.00 M M 15.0 30 150 M M 1 46 160
11 67 53 60 8 5 0 T M M 5.0 17 340 M M 7 25 310
12 68 46 57 5 8 0 0.00 M M 13.1 23 170 M M 5 18 41 190
13 68 37 53 0 12 0 0.84 M M 14.2 33 290 M M 8 13 42 300
14 59 35 47 -6 18 0 0.00 M M 11.6 26 250 M M 0 45 240
15 65 43 54 1 11 0 T M M 10.6 25 210 M M 4 43 230
16 56 38 47 -7 18 0 0.00 M M 13.0 24 330 M M 2 32 310
17 54 34 44 -10 21 0 0.07 M M 10.4 20 70 M M 3 27 70
18 51 35 43 -11 22 0 0.02 M M 17.6 32 310 M M 8 1 44 320
19 53 30 42 -13 23 0 0.00 M M 7.8 17 300 M M 1 23 290
20 62 44 53 -2 12 0 0.17 M M 14.9 25 140 M M 9 1 37 150
21 71 52 62 6 3 0 0.07 M M 6.9 16 200 M M 6 1 25 190
22 80 53 67 11 0 2 T M M 11.7 21 180 M M 3 1 33 170
23 81 65 73 17 0 8 0.00 M M 17.3 31 190 M M 0 50 200
24 76 60 68 11 0 3 0.26 M M 13.1 24 200 M M 6 13 39 200
25 61 39 50 -7 15 0 0.05 M M 11.1 22 310 M M 7 28 310
26 57 34 46 -11 19 0 0.00 M M 11.9 23 300 M M 0 29 300
27 69 35 52 -6 13 0 0.00 M M 5.5 15 200 M M 1 22 200
28 63 47 55 -3 10 0 0.02 M M 10.5 17 150 M M 7 25 130
29 68 56 62 4 3 0 0.21 M M 12.7 21 110 M M 9 1 28 110
30 75 57 66 7 0 1 0.01 M M 13.5 25 170 M M 4 41 170
================================================================================
SM 1856 1259 403 14 2.42 M 340.2 M 141
================================================================================
AV 61.9 42.0 11.3 FASTST M M 5 MAX(MPH)
MISC ----> 35 290 50 200
================================================================================
NOTES:
# LAST OF SEVERAL OCCURRENCES
COLUMN 17 PEAK WIND IN M.P.H.
PRELIMINARY LOCAL CLIMATOLOGICAL DATA (WS FORM: F-6) , PAGE 2
STATION: MATTOON IL AIRPORT
MONTH: APRIL
YEAR: 2022
LATITUDE: 39 28 N
LONGITUDE: 88 17 W
[TEMPERATURE DATA] [PRECIPITATION DATA] SYMBOLS USED IN COLUMN 16
AVERAGE MONTHLY: 51.9 TOTAL FOR MONTH: 2.42 1 = FOG OR MIST
DPTR FM NORMAL: -1.7 DPTR FM NORMAL: -1.72 2 = FOG REDUCING VISIBILITY
HIGHEST: 81 ON 23 GRTST 24HR 0.84 ON 13-13 TO 1/4 MILE OR LESS
LOWEST: 30 ON 19 3 = THUNDER
SNOW, ICE PELLETS, HAIL 4 = ICE PELLETS
TOTAL MONTH: M 5 = HAIL
GRTST 24HR M ON M 6 = FREEZING RAIN OR DRIZZLE
GRTST DEPTH: M ON M 7 = DUSTSTORM OR SANDSTORM:
VSBY 1/2 MILE OR LESS
8 = SMOKE OR HAZE
[NO. OF DAYS WITH] [WEATHER - DAYS WITH] 9 = BLOWING SNOW
X = TORNADO
MAX 32 OR BELOW: 0 0.01 INCH OR MORE: 16
MAX 90 OR ABOVE: 0 0.10 INCH OR MORE: 6
MIN 32 OR BELOW: 2 0.50 INCH OR MORE: 1
MIN 0 OR BELOW: 0 1.00 INCH OR MORE: 0
[HDD (BASE 65) ]
TOTAL THIS MO. 403 CLEAR (SCALE 0-3) 9
DPTR FM NORMAL 49 PTCLDY (SCALE 4-7) 18
TOTAL FM JUL 1 4846 CLOUDY (SCALE 8-10) 3
DPTR FM NORMAL -317
[CDD (BASE 65) ]
TOTAL THIS MO. 14
DPTR FM NORMAL 2 [PRESSURE DATA]
TOTAL FM JAN 1 14 HIGHEST SLP 30.36 ON 26
DPTR FM NORMAL -1 LOWEST SLP 29.49 ON 13
[REMARKS]
#FINAL-04-22#