000
CXUS53 KILX 020057
CLSMTO
CLIMATE REPORT
NATIONAL WEATHER SERVICE LINCOLN IL
756 PM CDT SAT JUN 1 2019
...................................
...THE MATTOON IL AIRPORT CLIMATE SUMMARY FOR THE SEASON, FROM
3/1/2019 TO 5/31/2019...
CLIMATE NORMAL PERIOD 1981 TO 2010
CLIMATE RECORD PERIOD 9999 TO 9999
WEATHER OBSERVED NORMAL DEPART LAST YEAR`S
VALUE DATE(S) VALUE FROM VALUE
NORMAL
.............................................................
TEMPERATURE (F)
RECORD
HIGH MM MM
LOW MM MM
HIGHEST 87 05/24 MM MM 94
LOWEST 03/04 MM MM 17
AVG. MAXIMUM 61.5 63.0 -1.5 62.8
AVG. MINIMUM 42.8 43.1 -0.3 42.1
MEAN 52.2 53.1 -0.9 52.5
DAYS MAX >= 90 0 0.2 -0.2 3
DAYS MAX <= 32 5 1.2 3.8 0
DAYS MIN <= 32 23 19.4 3.6 36
DAYS MIN <= 0 1 0.0 1.0 0
PRECIPITATION (INCHES)
RECORD
MAXIMUM MM MM
MINIMUM MM MM
TOTALS 8.74 10.37 -1.63 12.42
DAILY AVG. 0.10 0.14
DAYS >= .01 28 MM MM 29
DAYS >= .10 17 MM MM 16
DAYS >= .50 6 MM MM 5
DAYS >= 1.00 2 MM MM 3
GREATEST
24 HR. TOTAL 1.28 04/18 TO 04/18 4.10
DEGREE_DAYS
HEATING TOTAL 1258 1186 72 1363
SINCE 7/1 5517 5390 127 5456
COOLING TOTAL 125 88 37 239
SINCE 1/1 125 88 37 239
FREEZE DATES
RECORD
EARLIEST MM
LATEST MM
EARLIEST MM
LATEST MM
..............................................................
WIND (MPH)
AVERAGE WIND SPEED 9.9
HIGHEST WIND SPEED/DIRECTION 37/280 DATE 05/23
HIGHEST GUST SPEED/DIRECTION 52/290 DATE 05/23
SKY COVER
POSSIBLE SUNSHINE (PERCENT) MM
AVERAGE SKY COVER 0.40
NUMBER OF DAYS FAIR 45
NUMBER OF DAYS PC 26
NUMBER OF DAYS CLOUDY 21
AVERAGE RH (PERCENT) 73
WEATHER CONDITIONS. NUMBER OF DAYS WITH
THUNDERSTORM 14 MIXED PRECIP 0
HEAVY RAIN 14 RAIN 24
LIGHT RAIN 56 FREEZING RAIN 0
LT FREEZING RAIN 0 HAIL 0
HEAVY SNOW 1 SNOW 2
LIGHT SNOW 5 SLEET 0
FOG 45 FOG W/VIS <= 1/4 MILE 3
HAZE 3
- INDICATES NEGATIVE NUMBERS.
R INDICATES RECORD WAS SET OR TIED.
MM INDICATES DATA IS MISSING.
T INDICATES TRACE AMOUNT.
$$
GEELHART