000
CXUS51 KBTV 010700
CF6MVL
PRELIMINARY LOCAL CLIMATOLOGICAL DATA (WS FORM: F-6)
STATION: MORRISVILLE VT
MONTH: JUNE
YEAR: 2021
LATITUDE: 44 31 N
LONGITUDE: 72 37 W
TEMPERATURE IN F: :PCPN: SNOW: WIND :SUNSHINE: SKY :PK WND
================================================================================
1 2 3 4 5 6A 6B 7 8 9 10 11 12 13 14 15 16 17 18
12Z AVG MX 2MIN
DY MAX MIN AVG DEP HDD CDD WTR SNW DPTH SPD SPD DIR MIN PSBL S-S WX SPD DR
================================================================================
1 73 42 58 0 7 0 0.00 M M 3.8 13 220 M M 6 12 23 220
2 78 47 63 5 2 0 0.00 M M 3.2 13 210 M M 4 16 210
3 69 61 65 6 0 0 0.01 M M 3.1 12 180 M M 9 16 190
4 81 56 69 10 0 4 T M M 4.3 13 200 M M 6 1 22 230
5 85 54 70 11 0 5 0.16 M M 5.0 16 190 M M 5 1 22 190
6 90 63 77 17 0 12 0.00 M M 5.0 14 210 M M 6 12 23 210
7 91 60 76 16 0 11 0.04 M M 3.6 16 200 M M 1 1 23 210
8 85 67 76 16 0 11 T M M 5.0 13 200 M M 2 17 210
9 82 52 67 7 0 2 0.48 M M 4.1 17 10 M M 3 13 23 10
10 74 46 60 -1 5 0 0.00 M M 3.5 13 10 M M 1 128 17 30
11 67 48 58 -3 7 0 T M M 3.1 10 210 M M 6 14 200
12 79 44 62 1 3 0 0.00 M M 2.9 12 10 M M 3 12 15 320
13 83 43 63 1 2 0 0.00 M M 1.3 10 70 M M 1 18 17 10
14 69 53 61 -1 4 0 0.29 M M 6.5 18 170 M M 8 1 29 170
15 77 53 65 3 0 0 0.11 M M 2.7 15 310 M M 8 12 22 280
16 69 48 59 -3 6 0 0.00 M M 5.9 18 310 M M 6 1 25 320
17 75 41 58 -5 7 0 0.00 M M 4.8 15 340 M M 0 22 310
18 78 41 60 -3 5 0 0.01 M M 3.1 14 210 M M 3 1 19 200
19 82 56 69 6 0 4 0.62 M M 3.6 17 330 M M 5 13 27 200
20 83 54 69 6 0 4 0.00 M M 1.6 10 10 M M 6 12 12 10
21 90 57 74 10 0 9 0.54 M M 7.1 22 190 M M 3 13 31 230
22 69 52 61 -3 4 0 T M M 5.8 17 10 M M 8 20 10
23 70 42 56 -8 9 0 0.00 M M 3.0 16 310 M M 3 21 310
24 79 41 60 -4 5 0 0.00 M M 6.3 20 190 M M 0 1 26 160
25 81 49 65 0 0 0 0.00 M M 4.6 14 160 M M 0 17 170
26 76 58 67 2 0 2 0.13 M M 3.7 18 210 M M 3 1 26 200
27 89 69 79 14 0 14 0.00 M M 7.2 20 190 M M 2 29 200
28 91 71 81 16 0 16 0.01 M M 4.6 13 200 M M 6 1 18 210
29 91 68 80 14 0 15 0.03 M M 4.2 12 330 M M 5 19 300
30 85 66 76 10 0 11 0.30 M M 4.4 18 310 M M 4 138 25 310
================================================================================
SM 2391 1602 66 120 2.73 M 127.0 M 123
================================================================================
AV 79.7 53.4 4.2 FASTST M M 4 MAX(MPH)
MISC ----> 22 190 31 230
================================================================================
NOTES:
# LAST OF SEVERAL OCCURRENCES
COLUMN 17 PEAK WIND IN M.P.H.
PRELIMINARY LOCAL CLIMATOLOGICAL DATA (WS FORM: F-6) , PAGE 2
STATION: MORRISVILLE VT
MONTH: JUNE
YEAR: 2021
LATITUDE: 44 31 N
LONGITUDE: 72 37 W
[TEMPERATURE DATA] [PRECIPITATION DATA] SYMBOLS USED IN COLUMN 16
AVERAGE MONTHLY: 66.6 TOTAL FOR MONTH: 2.73 1 = FOG OR MIST
DPTR FM NORMAL: 4.5 DPTR FM NORMAL: -1.03 2 = FOG REDUCING VISIBILITY
HIGHEST: 91 ON 29,28 GRTST 24HR 0.63 ON 18-19 TO 1/4 MILE OR LESS
LOWEST: 41 ON 24,18 3 = THUNDER
SNOW, ICE PELLETS, HAIL 4 = ICE PELLETS
TOTAL MONTH: M 5 = HAIL
GRTST 24HR M ON M 6 = FREEZING RAIN OR DRIZZLE
GRTST DEPTH: M ON M 7 = DUSTSTORM OR SANDSTORM:
VSBY 1/2 MILE OR LESS
8 = SMOKE OR HAZE
[NO. OF DAYS WITH] [WEATHER - DAYS WITH] 9 = BLOWING SNOW
X = TORNADO
MAX 32 OR BELOW: 0 0.01 INCH OR MORE: 13
MAX 90 OR ABOVE: 5 0.10 INCH OR MORE: 8
MIN 32 OR BELOW: 0 0.50 INCH OR MORE: 2
MIN 0 OR BELOW: 0 1.00 INCH OR MORE: 0
[HDD (BASE 65) ]
TOTAL THIS MO. 66 CLEAR (SCALE 0-3) 12
DPTR FM NORMAL -65 PTCLDY (SCALE 4-7) 15
TOTAL FM JUL 1 7537 CLOUDY (SCALE 8-10) 3
DPTR FM NORMAL -879
[CDD (BASE 65) ]
TOTAL THIS MO. 120
DPTR FM NORMAL 76 [PRESSURE DATA]
TOTAL FM JAN 1 147 HIGHEST SLP M ON M
DPTR FM NORMAL 94 LOWEST SLP 29.46 ON 21
[REMARKS]
#FINAL-06-21#