000
CXUS53 KBIS 010930
CF6N60
PRELIMINARY LOCAL CLIMATOLOGICAL DATA (WS FORM: F-6)
STATION: GARRISON (AMOS) ND
MONTH: DECEMBER
YEAR: 2020
LATITUDE: 47 39 N
LONGITUDE: 101 23 W
TEMPERATURE IN F: :PCPN: SNOW: WIND :SUNSHINE: SKY :PK WND
================================================================================
1 2 3 4 5 6A 6B 7 8 9 10 11 12 13 14 15 16 17 18
12Z AVG MX 2MIN
DY MAX MIN AVG DEP HDD CDD WTR SNW DPTH SPD SPD DIR MIN PSBL S-S WX SPD DR
================================================================================
1 41 13 27 M 38 0 0.00 M M 13.1 31 310 M M 0 39 310
2 37 22 30 M 35 0 0.00 M M 11.5 18 280 M M 0 25 290
3 48 25 37 M 28 0 0.00 M M 11.7 21 300 M M 0 29 300
4 48 24 36 M 29 0 0.00 M M 13.9 28 320 M M 0 35 310
5 48 27 38 M 27 0 0.00 M M 11.8 21 310 M M 0 30 300
6 51 19 35 M 30 0 0.00 M M 5.4 14 280 M M 0 18 260
7 49 27 38 M 27 0 0.00 M M 10.8 20 300 M M 0 25 290
8 53 34 44 M 21 0 0.00 M M 11.3 22 300 M M 0 30 310
9 49 22 36 M 29 0 0.00 M M 6.9 22 340 M M 0 29 360
10 39 13 26 M 39 0 0.00 M M 12.3 22 320 M M 0 31 310
11 25 9 17 M 48 0 0.00 M M 3.4 9 350 M M 0 12 350
12 22 19 21 M 44 0 0.01 M M 3.4 14 220 M M 0 17 220
13 23 -6 9 M 56 0 0.02 M M 14.8 29 310 M M 0 38 310
14 12 -11 1 M 64 0 0.00 M M 8.1 18 190 M M 0 24 200
15 23 9 16 M 49 0 0.00 M M 8.9 15 190 M M 0 19 190
16 37 15 26 M 39 0 0.00 M M 9.2 24 300 M M 0 31 310
17 36 10 23 M 42 0 0.00 M M 7.0 17 170 M M 0 24 180
18 33 1 17 M 48 0 0.00 M M 13.4 35 320 M M 0 45 340
19 46 9 28 M 37 0 0.00 M M 14.0 28 300 M M 0 38 300
20 43 18 31 M 34 0 0.02 M M 12.1 32 300 M M 0 45 300
21 40 24 32 M 33 0 0.00 M M 12.1 28 300 M M 0 41 300
22 45 15 30 M 35 0 0.04 M M 10.0 29 350 M M 0 42 360
23 15 -3 6 M 59 0 0.00 M M 18.5 35 350 M M 0 49 350
24 21 4 13 M 52 0 0.00 M M 5.8 12 190 M M 0 16 170
25 38 13 26 M 39 0 0.00 M M 8.1 17 310 M M 0 22 300
26 29 9 19 M 46 0 0.00 M M 9.0 18 110 M M 0 23 110
27 24 9 17 M 48 0 0.08 M M 8.7 15 280 M M 0 23 20
28 21 5 13 M 52 0 0.00 M M 8.0 21 350 M M 0 28 340
29 28 13 21 M 44 0 0.02 M M 13.1 25 310 M M 0 33 310
30 22 13 18 M 47 0 0.00 M M 11.6 24 320 M M 0 33 320
31 37 6 22 M 43 0 0.00 M M 4.2 13 300 M M 0 17 310
================================================================================
SM 1083 407 1262 0 0.19 M 312.1 M 0
================================================================================
AV 34.9 13.1 10.1 FASTST M M 0 MAX(MPH)
MISC ----> # 35 320 49 350
================================================================================
NOTES:
# LAST OF SEVERAL OCCURRENCES
COLUMN 17 PEAK WIND IN M.P.H.
PRELIMINARY LOCAL CLIMATOLOGICAL DATA (WS FORM: F-6) , PAGE 2
STATION: GARRISON (AMOS) ND
MONTH: DECEMBER
YEAR: 2020
LATITUDE: 47 39 N
LONGITUDE: 101 23 W
[TEMPERATURE DATA] [PRECIPITATION DATA] SYMBOLS USED IN COLUMN 16
AVERAGE MONTHLY: 24.0 TOTAL FOR MONTH: 0.19 1 = FOG OR MIST
DPTR FM NORMAL: 0.0 DPTR FM NORMAL: M 2 = FOG REDUCING VISIBILITY
HIGHEST: 53 ON 8 GRTST 24HR 0.08 ON 27-27 TO 1/4 MILE OR LESS
LOWEST: -11 ON 14 3 = THUNDER
SNOW, ICE PELLETS, HAIL 4 = ICE PELLETS
TOTAL MONTH: M 5 = HAIL
GRTST 24HR M ON M 6 = FREEZING RAIN OR DRIZZLE
GRTST DEPTH: M ON M 7 = DUSTSTORM OR SANDSTORM:
VSBY 1/2 MILE OR LESS
8 = SMOKE OR HAZE
[NO. OF DAYS WITH] [WEATHER - DAYS WITH] 9 = BLOWING SNOW
X = TORNADO
MAX 32 OR BELOW: 12 0.01 INCH OR MORE: 6
MAX 90 OR ABOVE: 0 0.10 INCH OR MORE: 0
MIN 32 OR BELOW: 30 0.50 INCH OR MORE: 0
MIN 0 OR BELOW: 3 1.00 INCH OR MORE: 0
[HDD (BASE 65) ]
TOTAL THIS MO. 1262 CLEAR (SCALE 0-3) 31
DPTR FM NORMAL M PTCLDY (SCALE 4-7) 0
TOTAL FM JUL 1 3295 CLOUDY (SCALE 8-10) 0
DPTR FM NORMAL M
[CDD (BASE 65) ]
TOTAL THIS MO. 0
DPTR FM NORMAL M [PRESSURE DATA]
TOTAL FM JAN 1 407 HIGHEST SLP 30.54 ON 2
DPTR FM NORMAL M LOWEST SLP 29.29 ON 22
[REMARKS]
#FINAL-12-20#