000
CXUS51 KOKX 010910
CF6NYC
PRELIMINARY LOCAL CLIMATOLOGICAL DATA (WS FORM: F-6)
STATION: CENTRAL PARK NY
MONTH: AUGUST
YEAR: 2023
LATITUDE: 40 46 N
LONGITUDE: 73 58 W
TEMPERATURE IN F: :PCPN: SNOW: WIND :SUNSHINE: SKY :PK WND
================================================================================
1 2 3 4 5 6A 6B 7 8 9 10 11 12 13 14 15 16 17 18
12Z AVG MX 2MIN
DY MAX MIN AVG DEP HDD CDD WTR SNW DPTH SPD SPD DIR MIN PSBL S-S WX SPD DR
================================================================================
1 82 65 74 -4 0 9 T 0.0 0 4.7 13 50 M M 2 18 40
2 81 64 73 -4 0 8 0.00 0.0 0 2.9 9 220 M M 1 13 230
3 80 66 73 -4 0 8 T 0.0 0 3.1 10 180 M M 3 20 180
4 77 71 74 -3 0 9 T 0.0 0 2.7 8 200 M M 9 15 200
5 87 71 79 2 0 14 0.00 0.0 0 3.3 10 70 M M 3 14 220
6 87 69 78 1 0 13 0.00 0.0 0 2.2 9 70 M M 0 16 180
7 81 68 75 -2 0 10 1.12 0.0 0 2.1 9 220 M M 8 1 21 110
8 80 70 75 -2 0 10 0.01 0.0 0 5.4 16 280 M M 8 1 28 260
9 86 69 78 1 0 13 0.00 0.0 0 6.9 15 280 M M 2 23 250
10 81 70 76 -1 0 11 0.48 0.0 0 1.9 8 220 M M 5 138 17 230
11 85 67 76 -1 0 11 0.00 0.0 0 3.7 13 290 M M 2 1 21 270
12 85 69 77 0 0 12 T 0.0 0 2.9 8 60 M M 2 3 20 190
13 88 69 79 2 0 14 0.69 0.0 0 4.7 10 270 M M 3 1 30 210
14 87 72 80 4 0 15 0.02 0.0 0 1.2 7 70 M M 2 13 80
15 80 70 75 -1 0 10 0.77 0.0 0 4.6 14 60 M M 9 1 19 40
16 82 69 76 0 0 11 1.33 0.0 0 3.0 9 80 M M 8 123 14 120
17 79 72 76 0 0 11 T 0.0 0 3.8 12 120 M M 10 18 19 120
18 80 65 73 -3 0 8 0.77 0.0 0 4.8 18 290 M M 6 13 28 290
19 78 63 71 -5 0 6 0.00 0.0 0 5.0 12 280 M M 1 19 260
20 85 66 76 0 0 11 0.00 0.0 0 3.5 10 260 M M 0 16 220
21 88 73 81 5 0 16 0.00 0.0 0 4.4 10 300 M M 2 16 280
22 79 67 73 -3 0 8 0.00 0.0 0 4.9 14 10 M M 2 21 30
23 80 64 72 -3 0 7 0.00 0.0 0 3.2 12 70 M M 1 18 40
24 73 67 70 -5 0 5 0.14 0.0 0 1.2 6 200 M M 10 1 15 130
25 78 69 74 -1 0 9 0.44 0.0 0 1.3 9 200 M M 8 18 28 100
26 84 73 79 4 0 14 0.52 0.0 0 2.6 9 60 M M 5 1 14 290
27 84 70 77 2 0 12 0.00 0.0 0 4.7 10 60 M M 0 15 40
28 76 69 73 -2 0 8 0.00 0.0 0 3.7 9 110 M M 7 8 19 160
29 80 68 74 0 0 9 T 0.0 0 4.3 10 60 M M 8 14 60
30 83 68 76 2 0 11 0.27 0.0 0 4.8 14 310 M M 5 1 24 290
31 77 64 71 -3 0 6 0.00 0.0 0 7.3 16 40 M M 0 24 20
================================================================================
SM 2533 2117 0 319 6.56 0.0 114.8 M 132
================================================================================
AV 81.7 68.3 3.7 FASTST M M 4 MAX(MPH)
MISC ----> 18 290 30 210
================================================================================
NOTES:
# LAST OF SEVERAL OCCURRENCES
COLUMN 17 PEAK WIND IN M.P.H.
PRELIMINARY LOCAL CLIMATOLOGICAL DATA (WS FORM: F-6) , PAGE 2
STATION: CENTRAL PARK NY
MONTH: AUGUST
YEAR: 2023
LATITUDE: 40 46 N
LONGITUDE: 73 58 W
[TEMPERATURE DATA] [PRECIPITATION DATA] SYMBOLS USED IN COLUMN 16
AVERAGE MONTHLY: 75.0 TOTAL FOR MONTH: 6.56 1 = FOG OR MIST
DPTR FM NORMAL: -1.1 DPTR FM NORMAL: 2.00 2 = FOG REDUCING VISIBILITY
HIGHEST: 88 ON 21,13 GRTST 24HR 1.35 ON 15-16 TO 1/4 MILE OR LESS
LOWEST: 63 ON 19 3 = THUNDER
SNOW, ICE PELLETS, HAIL 4 = ICE PELLETS
TOTAL MONTH: 0.0 INCH 5 = HAIL
GRTST 24HR 0.0 6 = FREEZING RAIN OR DRIZZLE
GRTST DEPTH: 0 7 = DUSTSTORM OR SANDSTORM:
VSBY 1/2 MILE OR LESS
8 = SMOKE OR HAZE
[NO. OF DAYS WITH] [WEATHER - DAYS WITH] 9 = BLOWING SNOW
X = TORNADO
MAX 32 OR BELOW: 0 0.01 INCH OR MORE: 12
MAX 90 OR ABOVE: 0 0.10 INCH OR MORE: 10
MIN 32 OR BELOW: 0 0.50 INCH OR MORE: 6
MIN 0 OR BELOW: 0 1.00 INCH OR MORE: 2
[HDD (BASE 65) ]
TOTAL THIS MO. 0 CLEAR (SCALE 0-3) 16
DPTR FM NORMAL -1 PTCLDY (SCALE 4-7) 10
TOTAL FM JUL 1 0 CLOUDY (SCALE 8-10) 5
DPTR FM NORMAL 0
[CDD (BASE 65) ]
TOTAL THIS MO. 319
DPTR FM NORMAL -26 [PRESSURE DATA]
TOTAL FM JAN 1 1018 HIGHEST SLP M ON M
DPTR FM NORMAL -22 LOWEST SLP 29.60 ON 8
[REMARKS]
#FINAL-08-23#