000
CXUS56 KMTR 010900
CF6OAK
PRELIMINARY LOCAL CLIMATOLOGICAL DATA (WS FORM: F-6)
STATION: OAKLAND AIRPORT
MONTH: MAY
YEAR: 2022
LATITUDE: 37 43 N
LONGITUDE: 122 13 W
TEMPERATURE IN F: :PCPN: SNOW: WIND :SUNSHINE: SKY :PK WND
================================================================================
1 2 3 4 5 6A 6B 7 8 9 10 11 12 13 14 15 16 17 18
12Z AVG MX 2MIN
DY MAX MIN AVG DEP HDD CDD WTR SNW DPTH SPD SPD DIR MIN PSBL S-S WX SPD DR
================================================================================
1 68 45 57 -2 8 0 0.00 M M 10.1 23 250 M M 1 27 250
2 65 51 58 -1 7 0 0.00 M M 13.5 23 280 M M 4 29 260
3 74 45 60 1 5 0 0.00 M M 8.5 21 270 M M 1 26 270
4 75 47 61 2 4 0 0.00 M M 8.7 22 300 M M 2 8 28 290
5 64 51 58 -1 7 0 0.00 M M 9.7 18 270 M M 8 26 270
6 68 56 62 3 3 0 0.00 M M 8.6 17 270 M M 9 1 23 310
7 67 54 61 2 4 0 0.00 M M 16.1 26 290 M M 4 8 41 290
8 62 50 56 -3 9 0 0.00 M M 19.9 33 280 M M 2 47 290
9 60 48 54 -5 11 0 0.00 M M 12.7 21 270 M M 3 27 260
10 61 47 54 -5 11 0 0.00 M M 15.0 28 280 M M 3 37 300
11 64 41 53 -6 12 0 0.00 M M 11.5 24 280 M M 2 29 280
12 63 44 54 -6 11 0 0.00 M M 10.0 22 280 M M 3 8 32 270
13 70 47 59 -1 6 0 0.00 M M 8.7 18 300 M M 2 22 280
14 71 50 61 1 4 0 0.00 M M 8.2 20 290 M M 1 22 280
15 66 51 59 -1 6 0 0.00 M M 11.7 22 280 M M 5 28 280
16 65 53 59 -1 6 0 0.00 M M 16.1 24 270 M M 7 30 280
17 67 49 58 -2 7 0 0.00 M M 10.0 20 270 M M 2 1 25 270
18 75 49 62 2 3 0 0.00 M M 6.7 15 210 M M 3 19 220
19 69 54 62 2 3 0 0.00 M M 9.0 25 270 M M 3 29 270
20 75 52 64 4 1 0 0.00 M M 12.1 25 270 M M 3 32 270
21 74 48 61 1 4 0 0.00 M M 9.1 23 290 M M 1 26 290
22 70 49 60 0 5 0 0.00 M M 7.7 21 280 M M 2 24 280
23 71 50 61 1 4 0 0.00 M M 8.1 20 280 M M 1 8 23 280
24 86 52 69 8 0 4 0.00 M M 5.3 13 310 M M 1 M M
25 81 54 68 7 0 3 0.00 M M 8.6 21 310 M M 4 27 300
26 69 53 61 0 4 0 0.00 M M 9.7 21 280 M M 6 25 280
27 67 53 60 -1 5 0 0.00 M M 11.5 22 280 M M 9 28 290
28 68 55 62 1 3 0 0.00 M M 12.3 21 260 M M 8 26 250
29 70 52 61 0 4 0 0.00 M M 11.3 21 260 M M 2 29 260
30 70 49 60 -1 5 0 0.00 M M 9.9 21 270 M M 1 24 300
31 75 48 62 1 3 0 0.00 M M 8.1 21 290 M M 1 25 290
================================================================================
SM 2150 1547 165 7 0.00 M 328.4 M 104
================================================================================
AV 69.4 49.9 10.6 FASTST M M 3 MAX(MPH)
MISC ----> 33 280 47 290
================================================================================
NOTES:
# LAST OF SEVERAL OCCURRENCES
COLUMN 17 PEAK WIND IN M.P.H.
PRELIMINARY LOCAL CLIMATOLOGICAL DATA (WS FORM: F-6) , PAGE 2
STATION: OAKLAND AIRPORT
MONTH: MAY
YEAR: 2022
LATITUDE: 37 43 N
LONGITUDE: 122 13 W
[TEMPERATURE DATA] [PRECIPITATION DATA] SYMBOLS USED IN COLUMN 16
AVERAGE MONTHLY: 59.6 TOTAL FOR MONTH: 0.00 1 = FOG OR MIST
DPTR FM NORMAL: -0.3 DPTR FM NORMAL: -0.63 2 = FOG REDUCING VISIBILITY
HIGHEST: 86 ON 24 GRTST 24HR T ON 24-24 TO 1/4 MILE OR LESS
LOWEST: 41 ON 11 3 = THUNDER
SNOW, ICE PELLETS, HAIL 4 = ICE PELLETS
TOTAL MONTH: M 5 = HAIL
GRTST 24HR M ON M 6 = FREEZING RAIN OR DRIZZLE
GRTST DEPTH: M ON M 7 = DUSTSTORM OR SANDSTORM:
VSBY 1/2 MILE OR LESS
8 = SMOKE OR HAZE
[NO. OF DAYS WITH] [WEATHER - DAYS WITH] 9 = BLOWING SNOW
X = TORNADO
MAX 32 OR BELOW: 0 0.01 INCH OR MORE: 0
MAX 90 OR ABOVE: 0 0.10 INCH OR MORE: 0
MIN 32 OR BELOW: 0 0.50 INCH OR MORE: 0
MIN 0 OR BELOW: 0 1.00 INCH OR MORE: 0
[HDD (BASE 65) ]
TOTAL THIS MO. 165 CLEAR (SCALE 0-3) 19
DPTR FM NORMAL -5 PTCLDY (SCALE 4-7) 8
TOTAL FM JUL 1 2404 CLOUDY (SCALE 8-10) 4
DPTR FM NORMAL -193
[CDD (BASE 65) ]
TOTAL THIS MO. 7
DPTR FM NORMAL -5 [PRESSURE DATA]
TOTAL FM JAN 1 11 HIGHEST SLP M ON M
DPTR FM NORMAL -6 LOWEST SLP 29.78 ON 20
[REMARKS]
#FINAL-05-22#