000
CXUS56 KMTR 010900
CF6OAK
PRELIMINARY LOCAL CLIMATOLOGICAL DATA (WS FORM: F-6)
STATION: OAKLAND AIRPORT
MONTH: JUNE
YEAR: 2021
LATITUDE: 37 43 N
LONGITUDE: 122 13 W
TEMPERATURE IN F: :PCPN: SNOW: WIND :SUNSHINE: SKY :PK WND
================================================================================
1 2 3 4 5 6A 6B 7 8 9 10 11 12 13 14 15 16 17 18
12Z AVG MX 2MIN
DY MAX MIN AVG DEP HDD CDD WTR SNW DPTH SPD SPD DIR MIN PSBL S-S WX SPD DR
================================================================================
1 68 53 61 0 4 0 0.00 M M 12.9 21 300 M M 4 1 26 310
2 65 53 59 -3 6 0 0.00 M M 10.4 21 290 M M 7 24 290
3 71 54 63 1 2 0 0.00 M M 10.1 22 290 M M 5 24 290
4 64 53 59 -3 6 0 0.00 M M 10.5 23 280 M M 6 26 290
5 71 53 62 0 3 0 0.00 M M 9.6 18 280 M M 4 20 220
6 67 55 61 -1 4 0 0.00 M M 13.5 22 260 M M 1 25 250
7 66 53 60 -2 5 0 0.00 M M 18.4 32 280 M M 3 36 270
8 66 54 60 -2 5 0 0.00 M M 17.0 26 280 M M 5 34 260
9 65 53 59 -3 6 0 0.00 M M 15.8 24 280 M M 5 29 260
10 68 53 61 -1 4 0 0.00 M M 13.8 26 290 M M 3 31 270
11 71 50 61 -1 4 0 0.00 M M 8.9 22 280 M M 4 25 270
12 78 61 70 8 0 5 0.00 M M 8.5 21 280 M M 5 1 28 250
13 74 59 67 4 0 2 T M M 8.4 22 270 M M 7 1 24 260
14 72 58 65 2 0 0 T M M 13.3 27 280 M M 5 1 33 280
15 76 55 66 3 0 1 0.00 M M 8.6 20 270 M M 1 23 270
16 85 55 70 7 0 5 0.00 M M 7.0 16 300 M M 5 20 300
17 91 58 75 12 0 10 0.00 M M 7.2 17 300 M M 2 19 310
18 84 59 72 9 0 7 0.00 M M 8.1 18 300 M M 0 22 310
19 76 56 66 3 0 1 0.00 M M 10.9 22 310 M M 2 18 26 300
20 69 54 62 -1 3 0 0.00 M M 10.4 18 310 M M 6 1 22 310
21 72 58 65 2 0 0 0.00 M M 10.2 17 310 M M 6 22 300
22 74 62 68 5 0 3 0.00 M M 11.6 20 300 M M 5 22 230
23 72 60 66 3 0 1 0.00 M M 11.5 20 280 M M 6 23 250
24 70 59 65 1 0 0 0.00 M M 12.6 22 270 M M 6 24 270
25 69 57 63 -1 2 0 0.00 M M 11.9 22 280 M M 8 27 270
26 71 57 64 0 1 0 T M M 12.3 23 280 M M 7 25 280
27 67 57 62 -2 3 0 T M M 12.7 22 280 M M 9 1 25 270
28 68 57 63 -1 2 0 T M M 12.8 22 280 M M 9 25 280
29 70 58 64 0 1 0 0.00 M M 10.5 18 280 M M 6 24 250
30 69 58 64 0 1 0 T M M 12.0 20 280 M M 9 23 280
================================================================================
SM 2149 1682 62 35 T M 341.4 M 151
================================================================================
AV 71.6 56.1 11.4 FASTST M M 5 MAX(MPH)
MISC ----> 32 280 36 270
================================================================================
NOTES:
# LAST OF SEVERAL OCCURRENCES
COLUMN 17 PEAK WIND IN M.P.H.
PRELIMINARY LOCAL CLIMATOLOGICAL DATA (WS FORM: F-6) , PAGE 2
STATION: OAKLAND AIRPORT
MONTH: JUNE
YEAR: 2021
LATITUDE: 37 43 N
LONGITUDE: 122 13 W
[TEMPERATURE DATA] [PRECIPITATION DATA] SYMBOLS USED IN COLUMN 16
AVERAGE MONTHLY: 63.9 TOTAL FOR MONTH: T 1 = FOG OR MIST
DPTR FM NORMAL: 1.1 DPTR FM NORMAL: -0.18 2 = FOG REDUCING VISIBILITY
HIGHEST: 91 ON 17 GRTST 24HR T ON 13-13 TO 1/4 MILE OR LESS
LOWEST: 50 ON 11 3 = THUNDER
SNOW, ICE PELLETS, HAIL 4 = ICE PELLETS
TOTAL MONTH: M 5 = HAIL
GRTST 24HR M ON M 6 = FREEZING RAIN OR DRIZZLE
GRTST DEPTH: M ON M 7 = DUSTSTORM OR SANDSTORM:
VSBY 1/2 MILE OR LESS
8 = SMOKE OR HAZE
[NO. OF DAYS WITH] [WEATHER - DAYS WITH] 9 = BLOWING SNOW
X = TORNADO
MAX 32 OR BELOW: 0 0.01 INCH OR MORE: 0
MAX 90 OR ABOVE: 1 0.10 INCH OR MORE: 0
MIN 32 OR BELOW: 0 0.50 INCH OR MORE: 0
MIN 0 OR BELOW: 0 1.00 INCH OR MORE: 0
[HDD (BASE 65) ]
TOTAL THIS MO. 62 CLEAR (SCALE 0-3) 7
DPTR FM NORMAL -30 PTCLDY (SCALE 4-7) 20
TOTAL FM JUL 1 2084 CLOUDY (SCALE 8-10) 3
DPTR FM NORMAL -606
[CDD (BASE 65) ]
TOTAL THIS MO. 35
DPTR FM NORMAL 11 [PRESSURE DATA]
TOTAL FM JAN 1 40 HIGHEST SLP M ON M
DPTR FM NORMAL -1 LOWEST SLP 29.68 ON 18
[REMARKS]
#FINAL-06-21#