000
CXUS53 KOAX 021948
CF6OAX
PRELIMINARY LOCAL CLIMATOLOGICAL DATA (WS FORM: F-6)
STATION: VALLEY NWS NE
MONTH: JULY
YEAR: 2022
LATITUDE: 41 19 N
LONGITUDE: 96 22 W
TEMPERATURE IN F: :PCPN: SNOW: WIND :SUNSHINE: SKY :PK WND
================================================================================
1 2 3 4 5 6A 6B 7 8 9 10 11 12 13 14 15 16 17 18
12Z AVG MX 2MIN
DY MAX MIN AVG DEP HDD CDD WTR SNW DPTH SPD SPD DIR MIN PSBL S-S WX SPD DR
================================================================================
1 81 64 73 -4 0 8 0.76 0.0 0 M M M M M M 3 25 M
2 86 63 75 -2 0 10 T 0.0 0 M M M M M M 1 16 M
3 87 68 78 1 0 13 0.00 0.0 0 M M M M M M 1 21 M
4 96 71 84 7 0 19 0.69 0.0 0 M M M M M M 3 36 M
5 97 75 86 9 0 21 0.03 0.0 0 M M M M M M 51 M
6 81 71 76 -1 0 11 0.13 0.0 0 M M M M M M 21 M
7 87 72 80 3 0 15 0.14 0.0 0 M M M M M M 3 17 M
8 86 71 79 2 0 14 0.06 0.0 0 M M M M M M 22 M
9 87 68 78 1 0 13 0.00 0.0 0 M M M M M M 16 M
10 92 72 82 5 0 17 0.00 0.0 0 M M M M M M 30 M
11 86 68 77 0 0 12 T 0.0 0 M M M M M M 39 M
12 87 62 75 -3 0 10 0.00 0.0 0 M M M M M M 21 M
13 93 67 80 2 0 15 0.00 0.0 0 M M M M M M 18 M
14 94 73 84 6 0 19 0.06 0.0 0 M M M M M M 3 31 M
15 95 77 86 8 0 21 0.00 0.0 0 M M M M M M 23 M
16 87 73 80 2 0 15 0.02 0.0 0 M M M M M M 1 17 M
17 89 70 80 2 0 15 0.00 0.0 0 M M M M M M 1 14 M
18 91 69 80 2 0 15 0.00 0.0 0 M M M M M M 1 21 M
19 95 73 84 6 0 19 0.00 0.0 0 M M M M M M 29 M
20 92 68 80 2 0 15 0.00 0.0 0 M M M M M M 25 M
21 92 67 80 2 0 15 1.06 0.0 0 M M M M M M 3 55 M
22 95 69 82 4 0 17 0.02 0.0 0 M M M M M M 25 M
23 98 76 87 9 0 22 0.09 0.0 0 M M M M M M 37 M
24 87 71 79 1 0 14 0.00 0.0 0 M M M M M M 24 M
25 76 67 72 -5 0 7 T 0.0 0 M M M M M M 15 M
26 83 67 75 -2 0 10 0.13 0.0 0 M M M M M M 3 20 M
27 87 67 77 0 0 12 0.00 0.0 0 M M M M M M 1 14 M
28 82 62 72 -5 0 7 0.00 0.0 0 M M M M M M 20 M
29 82 57 70 -7 0 5 0.00 0.0 0 M M M M M M 13 M
30 83 63 73 -4 0 8 0.00 0.0 0 M M M M M M 22 M
31 91 67 79 2 0 14 0.00 0.0 0 M M M M M M 1 23 M
================================================================================
SM 2745 2128 0 428 3.19 0.0 M M M
================================================================================
AV 88.5 68.6 M FASTST M M M MAX(MPH)
MISC ----> M M 55 9999
================================================================================
NOTES:
# LAST OF SEVERAL OCCURRENCES
COLUMN 17 PEAK WIND IN M.P.H.
PRELIMINARY LOCAL CLIMATOLOGICAL DATA (WS FORM: F-6) , PAGE 2
STATION: VALLEY NWS NE
MONTH: JULY
YEAR: 2022
LATITUDE: 41 19 N
LONGITUDE: 96 22 W
[TEMPERATURE DATA] [PRECIPITATION DATA] SYMBOLS USED IN COLUMN 16
AVERAGE MONTHLY: 78.6 TOTAL FOR MONTH: 3.19 1 = FOG OR MIST
DPTR FM NORMAL: 1.3 DPTR FM NORMAL: -0.78 2 = FOG REDUCING VISIBILITY
HIGHEST: 98 ON 23 GRTST 24HR 1.06 ON 21-21 TO 1/4 MILE OR LESS
LOWEST: 57 ON 29 3 = THUNDER
SNOW, ICE PELLETS, HAIL 4 = ICE PELLETS
TOTAL MONTH: 0.0 INCH 5 = HAIL
GRTST 24HR 0.0 6 = FREEZING RAIN OR DRIZZLE
GRTST DEPTH: 0 7 = DUSTSTORM OR SANDSTORM:
VSBY 1/2 MILE OR LESS
8 = SMOKE OR HAZE
[NO. OF DAYS WITH] [WEATHER - DAYS WITH] 9 = BLOWING SNOW
X = TORNADO
MAX 32 OR BELOW: 0 0.01 INCH OR MORE: 12
MAX 90 OR ABOVE: 13 0.10 INCH OR MORE: 6
MIN 32 OR BELOW: 0 0.50 INCH OR MORE: 3
MIN 0 OR BELOW: 0 1.00 INCH OR MORE: 1
[HDD (BASE 65) ]
TOTAL THIS MO. 0 CLEAR (SCALE 0-3) 0
DPTR FM NORMAL -1 PTCLDY (SCALE 4-7) 0
TOTAL FM JUL 1 0 CLOUDY (SCALE 8-10) 31
DPTR FM NORMAL 0
[CDD (BASE 65) ]
TOTAL THIS MO. 428
DPTR FM NORMAL 46 [PRESSURE DATA]
TOTAL FM JAN 1 908 HIGHEST SLP M ON M
DPTR FM NORMAL 168 LOWEST SLP M ON M
[REMARKS]
#FINAL-07-22#