000
CXUS53 KOAX 302045
CF6OAX
PRELIMINARY LOCAL CLIMATOLOGICAL DATA (WS FORM: F-6)
STATION: VALLEY NWS NE
MONTH: SEPTEMBER
YEAR: 2023
LATITUDE: 41 19 N
LONGITUDE: 96 22 W
TEMPERATURE IN F: :PCPN: SNOW: WIND :SUNSHINE: SKY :PK WND
================================================================================
1 2 3 4 5 6A 6B 7 8 9 10 11 12 13 14 15 16 17 18
12Z AVG MX 2MIN
DY MAX MIN AVG DEP HDD CDD WTR SNW DPTH SPD SPD DIR MIN PSBL S-S WX SPD DR
================================================================================
1 89 63 76 4 0 11 0.00 0.0 0 M M M M M M 26 M
2 95 65 80 9 0 15 0.00 0.0 0 M M M M M M 23 M
3 97 67 82 11 0 17 0.00 0.0 0 M M M M M M 25 M
4 92 69 81 10 0 16 0.00 0.0 0 M M M M M M 29 M
5 87 63 75 4 0 10 0.01 0.0 0 M M M M M M 38 29 M
6 79 58 69 -1 0 4 0.00 0.0 0 M M M M M M 8 29 M
7 82 51 67 -3 0 2 0.02 0.0 0 M M M M M M 18 24 M
8 84 60 72 2 0 7 0.01 0.0 0 M M M M M M 15 M
9 84 58 71 2 0 6 0.00 0.0 0 M M M M M M 16 M
10 78 62 70 1 0 5 0.25 0.0 0 M M M M M M 21 M
11 77 55 66 -3 0 1 T 0.0 0 M M M M M M 1 20 M
12 78 49 64 -4 1 0 0.00 0.0 0 M M M M M M 10 M
13 82 52 67 -1 0 2 0.00 0.0 0 M M M M M M 20 M
14 82 60 71 3 0 6 0.00 0.0 0 M M M M M M 20 M
15 75 59 67 -1 0 2 0.02 0.0 0 M M M M M M 18 M
16 81 57 69 2 0 4 0.05 0.0 0 M M M M M M 3 23 M
17 78 50 64 -3 1 0 0.00 0.0 0 M M M M M M 10 M
18 91 58 75 9 0 10 0.00 0.0 0 M M M M M M 29 M
19 91 66 79 13 0 14 0.03 0.0 0 M M M M M M 3 28 M
20 85 64 75 9 0 10 0.00 0.0 0 M M M M M M 22 M
21 82 64 73 8 0 8 0.28 0.0 0 M M M M M M 3 32 M
22 71 62 67 2 0 2 0.73 0.0 0 M M M M M M 32 M
23 76 63 70 6 0 5 0.05 0.0 0 M M M M M M 1 23 M
24 81 55 68 4 0 3 0.00 0.0 0 M M M M M M 23 M
25 80 56 68 4 0 3 0.00 0.0 0 M M M M M M 20 M
26 76 54 65 2 0 0 0.00 0.0 0 M M M M M M 1 17 M
27 76 53 65 2 0 0 0.00 0.0 0 M M M M M M 1 14 M
28 87 58 73 11 0 8 0.00 0.0 0 M M M M M M 26 M
29 95 70 83 21 0 18 0.00 0.0 0 M M M M M M 29 M
30 94 71 83 21 0 18 0.00 0.0 0 M M M M M M 30 M
================================================================================
SM 2505 1792 2 207 1.45 0.0 M M M
================================================================================
AV 83.5 59.7 M FASTST M M M MAX(MPH)
MISC ----> M M # 32 9999
================================================================================
NOTES:
# LAST OF SEVERAL OCCURRENCES
COLUMN 17 PEAK WIND IN M.P.H.
PRELIMINARY LOCAL CLIMATOLOGICAL DATA (WS FORM: F-6) , PAGE 2
STATION: VALLEY NWS NE
MONTH: SEPTEMBER
YEAR: 2023
LATITUDE: 41 19 N
LONGITUDE: 96 22 W
[TEMPERATURE DATA] [PRECIPITATION DATA] SYMBOLS USED IN COLUMN 16
AVERAGE MONTHLY: 71.6 TOTAL FOR MONTH: 1.45 1 = FOG OR MIST
DPTR FM NORMAL: 4.5 DPTR FM NORMAL: -1.57 2 = FOG REDUCING VISIBILITY
HIGHEST: 97 ON 3 GRTST 24HR 0.73 ON 22-22 TO 1/4 MILE OR LESS
LOWEST: 49 ON 12 3 = THUNDER
SNOW, ICE PELLETS, HAIL 4 = ICE PELLETS
TOTAL MONTH: 0.0 INCH 5 = HAIL
GRTST 24HR 0.0 6 = FREEZING RAIN OR DRIZZLE
GRTST DEPTH: 0 7 = DUSTSTORM OR SANDSTORM:
VSBY 1/2 MILE OR LESS
8 = SMOKE OR HAZE
[NO. OF DAYS WITH] [WEATHER - DAYS WITH] 9 = BLOWING SNOW
X = TORNADO
MAX 32 OR BELOW: 0 0.01 INCH OR MORE: 10
MAX 90 OR ABOVE: 7 0.10 INCH OR MORE: 3
MIN 32 OR BELOW: 0 0.50 INCH OR MORE: 1
MIN 0 OR BELOW: 0 1.00 INCH OR MORE: 0
[HDD (BASE 65) ]
TOTAL THIS MO. 2 CLEAR (SCALE 0-3) 0
DPTR FM NORMAL -73 PTCLDY (SCALE 4-7) 0
TOTAL FM JUL 1 3 CLOUDY (SCALE 8-10) 30
DPTR FM NORMAL -78
[CDD (BASE 65) ]
TOTAL THIS MO. 207
DPTR FM NORMAL 71 [PRESSURE DATA]
TOTAL FM JAN 1 1360 HIGHEST SLP M ON M
DPTR FM NORMAL 177 LOWEST SLP M ON M
[REMARKS]
#FINAL-09-23#