000
CXUS53 KOAX 011224
CLMOAX
CLIMATE REPORT
NATIONAL WEATHER SERVICE OMAHA/VALLEY NE
624 AM CST THU FEB 01 2024
...................................
...THE VALLEY NWS NE CLIMATE SUMMARY FOR THE MONTH OF JANUARY 2024...
CLIMATE NORMAL PERIOD 1991 TO 2020
CLIMATE RECORD PERIOD 1997 TO 2024
WEATHER OBSERVED NORMAL DEPART
VALUE DATE(S) VALUE FROM
NORMAL
................................................
TEMPERATURE (F)
HIGHEST 55 01/31
LOWEST -18 01/14
AVG. MAXIMUM 28.2 32.9 -4.7
AVG. MINIMUM 14.4 15.3 -0.9
MEAN 21.3 24.1 -2.8
DAYS MAX >= 90 0
DAYS MAX <= 32 13
DAYS MIN <= 32 31
DAYS MIN <= 0 7
PRECIPITATION (INCHES)
TOTALS 1.25 0.85 0.40
DAYS >= .01 6
DAYS >= .10 3
DAYS >= .50 1
DAYS >= 1.00 0
GREATEST
24 HR. TOTAL 0.57 01/11 TO 01/12
SNOWFALL (INCHES)
TOTALS 20.8 7.4 13.4
SINCE 7/1 23.5
DAYS >= 1.0 4
GREATEST
SNOW DEPTH 12 01/13
24 HR TOTAL 11.6 01/11 TO 01/12
DEGREE DAYS
HEATING TOTAL 1348 1268 80
SINCE 7/1 3224 3572 -348
COOLING TOTAL 0 0 0
SINCE 1/1 0 0 0
................................................
WIND (MPH)
HIGHEST GUST SPEED/DIRECTION 45/MM
WEATHER CONDITIONS. NUMBER OF DAYS WITH
THUNDERSTORM 0 MIXED PRECIP 0
HEAVY RAIN 0 RAIN 0
LIGHT RAIN 4 FREEZING RAIN 0
LT FREEZING RAIN 1 HAIL 0
HEAVY SNOW 0 SNOW 5
LIGHT SNOW 9 SLEET 1
FOG 11 FOG W/VIS <= 1/4 MILE 2
HAZE 0
- INDICATES NEGATIVE NUMBERS.
R INDICATES RECORD WAS SET OR TIED.
MM INDICATES DATA IS MISSING.
T INDICATES TRACE AMOUNT.
&&
JANUARY IN VALLEY MUCH COOLER AND WETTER THAN NORMAL. THE MONTH
ENDED UP 2.8 DEGREES BELOW NORMAL FOR AVERAGE TEMPERATURE AND 0.40
INCHES ABOVE NORMAL FOR PRECIPITATION. SNOWFALL WAS 13.4 INCHES ABOVE
NORMAL.
$$
DEWALD