000
CXUS54 KMAF 011823
CF6ODO
PRELIMINARY LOCAL CLIMATOLOGICAL DATA (WS FORM: F-6)
STATION: ODESSA SCHLEYMEYER
MONTH: MAY
YEAR: 2021
LATITUDE: 31 55 N
LONGITUDE: 102 23 W
TEMPERATURE IN F: :PCPN: SNOW: WIND :SUNSHINE: SKY :PK WND
================================================================================
1 2 3 4 5 6A 6B 7 8 9 10 11 12 13 14 15 16 17 18
12Z AVG MX 2MIN
DY MAX MIN AVG DEP HDD CDD WTR SNW DPTH SPD SPD DIR MIN PSBL S-S WX SPD DR
================================================================================
1 74 55 65 -4 0 0 T M M 6.1 12 190 M M 4 13 16 270
2 93 56 75 5 0 10 0.00 M M 13.6 29 280 M M 2 36 270
3 86 54 70 0 0 5 0.00 M M 14.2 31 20 M M 2 8 40 40
4 71 52 62 -8 3 0 0.00 M M 10.0 20 10 M M 3 27 10
5 84 53 69 -1 0 4 0.00 M M 12.1 22 170 M M 0 28 150
6 86 57 72 1 0 7 0.00 M M 13.5 22 130 M M 0 26 110
7 89 63 76 5 0 11 T M M 17.7 39 210 M M 0 48 210
8 97 65 81 9 0 16 0.00 M M 14.1 31 280 M M 0 40 280
9 86 58 72 0 0 7 0.00 M M 11.2 21 60 M M 0 26 110
10 71 56 64 -8 1 0 0.00 M M 14.2 21 110 M M 1 18 27 90
11 71 54 63 -9 2 0 0.00 M M 14.6 25 60 M M 9 18 30 40
12 71 50 61 -12 4 0 0.00 M M 14.1 28 50 M M 7 33 50
13 77 53 65 -8 0 0 0.00 M M 11.6 20 130 M M 4 24 130
14 86 59 73 -1 0 8 0.00 M M 15.1 28 150 M M 1 32 160
15 87 67 77 3 0 12 0.01 M M 14.2 28 160 M M 2 3 34 150
16 92 62 77 3 0 12 0.00 M M 12.8 28 170 M M 1 34 160
17 90 65 78 3 0 13 0.00 M M 11.4 22 100 M M 4 29 170
18 86 59 73 -2 0 8 0.00 M M 13.4 30 130 M M 2 3 38 130
19 79 62 71 -4 0 6 0.04 M M 11.3 25 90 M M 5 13 32 80
20 89 58 74 -2 0 9 0.00 M M 11.9 22 160 M M 0 1 27 160
21 91 63 77 1 0 12 0.00 M M 18.2 28 160 M M 0 34 150
22 86 67 77 1 0 12 0.00 M M 18.2 26 120 M M 3 34 120
23 86 68 77 0 0 12 0.00 M M 17.8 24 140 M M 6 33 180
24 88 66 77 0 0 12 0.19 M M 14.5 28 170 M M 2 3 32 170
25 95 68 82 5 0 17 T M M 12.5 36 190 M M 2 38 44 190
26 93 70 82 4 0 17 T M M 17.5 30 170 M M 2 3 39 170
27 95 72 84 6 0 19 0.00 M M 13.1 28 150 M M 1 3 32 140
28 86 61 74 -4 0 9 0.34 M M 14.5 31 10 M M 3 138 42 10
29 84 60 72 -7 0 7 T M M 12.0 22 140 M M 1 1 29 110
30 83 65 74 -5 0 9 T M M 14.8 29 170 M M 4 37 140
31 71 59 65 -14 0 0 1.35 M M 11.6 33 120 M M 8 123 41 120
================================================================================
SM 2623 1877 10 254 1.93 M 421.8 M 79
================================================================================
AV 84.6 60.5 13.6 FASTST M M 3 MAX(MPH)
MISC ----> 39 210 48 210
================================================================================
NOTES:
# LAST OF SEVERAL OCCURRENCES
COLUMN 17 PEAK WIND IN M.P.H.
PRELIMINARY LOCAL CLIMATOLOGICAL DATA (WS FORM: F-6) , PAGE 2
STATION: ODESSA SCHLEYMEYER
MONTH: MAY
YEAR: 2021
LATITUDE: 31 55 N
LONGITUDE: 102 23 W
[TEMPERATURE DATA] [PRECIPITATION DATA] SYMBOLS USED IN COLUMN 16
AVERAGE MONTHLY: 72.6 TOTAL FOR MONTH: 1.93 1 = FOG OR MIST
DPTR FM NORMAL: -1.6 DPTR FM NORMAL: 0.31 2 = FOG REDUCING VISIBILITY
HIGHEST: 97 ON 8 GRTST 24HR 1.35 ON 31-31 TO 1/4 MILE OR LESS
LOWEST: 50 ON 12 3 = THUNDER
SNOW, ICE PELLETS, HAIL 4 = ICE PELLETS
TOTAL MONTH: M 5 = HAIL
GRTST 24HR M ON M 6 = FREEZING RAIN OR DRIZZLE
GRTST DEPTH: M ON M 7 = DUSTSTORM OR SANDSTORM:
VSBY 1/2 MILE OR LESS
8 = SMOKE OR HAZE
[NO. OF DAYS WITH] [WEATHER - DAYS WITH] 9 = BLOWING SNOW
X = TORNADO
MAX 32 OR BELOW: 0 0.01 INCH OR MORE: 5
MAX 90 OR ABOVE: 8 0.10 INCH OR MORE: 3
MIN 32 OR BELOW: 0 0.50 INCH OR MORE: 1
MIN 0 OR BELOW: 0 1.00 INCH OR MORE: 1
[HDD (BASE 65) ]
TOTAL THIS MO. 10 CLEAR (SCALE 0-3) 19
DPTR FM NORMAL -8 PTCLDY (SCALE 4-7) 11
TOTAL FM JUL 1 2656 CLOUDY (SCALE 8-10) 1
DPTR FM NORMAL 146
[CDD (BASE 65) ]
TOTAL THIS MO. 254
DPTR FM NORMAL -51 [PRESSURE DATA]
TOTAL FM JAN 1 361 HIGHEST SLP 30.30 ON 13
DPTR FM NORMAL -79 LOWEST SLP 29.38 ON 2
[REMARKS]
#FINAL-05-21#