000
CXUS54 KMAF 012127
CF6ODO
PRELIMINARY LOCAL CLIMATOLOGICAL DATA (WS FORM: F-6)
STATION: ODESSA SCHLEYMEYER
MONTH: JANUARY
YEAR: 2024
LATITUDE: 31 55 N
LONGITUDE: 102 23 W
TEMPERATURE IN F: :PCPN: SNOW: WIND :SUNSHINE: SKY :PK WND
================================================================================
1 2 3 4 5 6A 6B 7 8 9 10 11 12 13 14 15 16 17 18
12Z AVG MX 2MIN
DY MAX MIN AVG DEP HDD CDD WTR SNW DPTH SPD SPD DIR MIN PSBL S-S WX SPD DR
================================================================================
1 52 29 41 -3 24 0 0.00 M M 7.0 12 50 M M 0 16 30
2 45 37 41 -3 24 0 0.00 M M 5.9 14 120 M M 7 18 19 130
3 51 30 41 -3 24 0 0.00 M M 5.7 10 150 M M 3 128 15 350
4 45 36 41 -3 24 0 0.01 M M 14.9 23 200 M M 7 12 32 150
5 57 31 44 0 21 0 0.00 M M 10.2 26 310 M M 0 35 310
6 54 30 42 -2 23 0 0.00 M M 9.2 29 300 M M 1 8 39 280
7 60 31 46 2 19 0 0.00 M M 18.3 36 180 M M 0 51 180
8 53 32 43 -1 22 0 0.00 M M 24.5 41 290 M M 3 8 57 290
9 52 27 40 -4 25 0 0.00 M M M 20 260 M M 0 27 260
10 67 35 51 7 14 0 0.00 M M M 26 270 M M 0 36 260
11 68 38 53 9 12 0 0.00 M M 24.4 39 270 M M 2 8 56 300
12 53 30 42 -2 23 0 0.00 M M 10.8 18 290 M M 0 24 290
13 67 23 45 1 20 0 0.00 M M 9.5 26 60 M M 0 8 34 60
14 27 13 20 -24 45 0 T M M M M M M M 0 M M
15 34 10 22 -23 43 0 0.00 M M M M M M M 0 M M
16 30 12 21 -24 44 0 T M M 4.9 8 190 M M 0 11 210
17 58 21 40 -5 25 0 0.00 M M 12.7 18 210 M M 0 24 200
18 76 37 57 12 8 0 0.00 M M 12.9 24 300 M M 0 29 300
19 52 23 38 -7 27 0 0.00 M M M M M M M 0 8 M M
20 39 20 30 -15 35 0 0.00 M M M M M M M 0 M M
21 44 30 37 -8 28 0 T M M 13.8 21 150 M M 6 1 26 170
22 61 37 49 4 16 0 0.00 M M 5.2 17 170 M M 5 128 20 170
23 64 43 54 8 11 0 0.11 M M 6.2 17 70 M M 7 128 23 60
24 62 44 53 7 12 0 0.00 M M 6.7 17 290 M M 6 128 25 260
25 63 38 51 5 14 0 0.00 M M 7.2 22 270 M M 0 18 28 270
26 63 43 53 7 12 0 T M M 10.4 23 340 M M 5 3 35 340
27 61 37 49 3 16 0 0.00 M M 9.4 16 360 M M 2 24 360
28 64 34 49 3 16 0 0.00 M M 5.5 14 230 M M 0 18 230
29 67 42 55 9 10 0 0.00 M M 6.7 10 190 M M 0 14 190
30 68 37 53 7 12 0 0.00 M M 5.2 10 70 M M 0 16 100
31 67 42 55 8 10 0 T M M 10.2 17 170 M M 2 23 170
================================================================================
SM 1724 972 659 0 0.12 M 257.4 M 56
================================================================================
AV 55.6 31.4 10.3 FASTST M M 2 MAX(MPH)
MISC ----> 41 290 57 290
================================================================================
NOTES:
# LAST OF SEVERAL OCCURRENCES
COLUMN 17 PEAK WIND IN M.P.H.
PRELIMINARY LOCAL CLIMATOLOGICAL DATA (WS FORM: F-6) , PAGE 2
STATION: ODESSA SCHLEYMEYER
MONTH: JANUARY
YEAR: 2024
LATITUDE: 31 55 N
LONGITUDE: 102 23 W
[TEMPERATURE DATA] [PRECIPITATION DATA] SYMBOLS USED IN COLUMN 16
AVERAGE MONTHLY: 43.5 TOTAL FOR MONTH: 0.12 1 = FOG OR MIST
DPTR FM NORMAL: -1.4 DPTR FM NORMAL: -0.49 2 = FOG REDUCING VISIBILITY
HIGHEST: 76 ON 18 GRTST 24HR 0.12 ON 26-26 TO 1/4 MILE OR LESS
LOWEST: 10 ON 15 3 = THUNDER
SNOW, ICE PELLETS, HAIL 4 = ICE PELLETS
TOTAL MONTH: M 5 = HAIL
GRTST 24HR M ON M 6 = FREEZING RAIN OR DRIZZLE
GRTST DEPTH: M ON M 7 = DUSTSTORM OR SANDSTORM:
VSBY 1/2 MILE OR LESS
8 = SMOKE OR HAZE
[NO. OF DAYS WITH] [WEATHER - DAYS WITH] 9 = BLOWING SNOW
X = TORNADO
MAX 32 OR BELOW: 2 0.01 INCH OR MORE: 2
MAX 90 OR ABOVE: 0 0.10 INCH OR MORE: 1
MIN 32 OR BELOW: 16 0.50 INCH OR MORE: 0
MIN 0 OR BELOW: 0 1.00 INCH OR MORE: 0
[HDD (BASE 65) ]
TOTAL THIS MO. 659 CLEAR (SCALE 0-3) 23
DPTR FM NORMAL 36 PTCLDY (SCALE 4-7) 8
TOTAL FM JUL 1 1460 CLOUDY (SCALE 8-10) 0
DPTR FM NORMAL -227
[CDD (BASE 65) ]
TOTAL THIS MO. 0
DPTR FM NORMAL 0 [PRESSURE DATA]
TOTAL FM JAN 1 0 HIGHEST SLP 30.53 ON 19
DPTR FM NORMAL 0 LOWEST SLP 29.43 ON 11
[REMARKS]
#FINAL-01-24#