000
CXHW52 PHFO 011250
CF6OGG
PRELIMINARY LOCAL CLIMATOLOGICAL DATA (WS FORM: F-6)
STATION: KAHULUI HI
MONTH: MARCH
YEAR: 2023
LATITUDE: 20 53 N
LONGITUDE: 156 26 W
TEMPERATURE IN F: :PCPN: SNOW: WIND :SUNSHINE: SKY :PK WND
================================================================================
1 2 3 4 5 6A 6B 7 8 9 10 11 12 13 14 15 16 17 18
12Z AVG MX 2MIN
DY MAX MIN AVG DEP HDD CDD WTR SNW DPTH SPD SPD DIR MIN PSBL S-S WX SPD DR
================================================================================
1 76 65 71 -2 0 6 0.27 M M 17.7 29 70 M M 5 18 41 60
2 77 65 71 -2 0 6 0.10 M M 16.9 29 40 M M 7 18 37 50
3 80 65 73 0 0 8 0.07 M M 14.9 25 40 M M 6 34 60
4 77 66 72 -1 0 7 0.08 M M 11.5 21 40 M M 5 18 24 30
5 79 62 71 -2 0 6 0.00 M M 6.7 15 190 M M 2 19 180
6 79 66 73 -1 0 8 0.41 M M 15.1 32 200 M M 6 1 39 200
7 80 66 73 -1 0 8 0.27 M M 16.8 33 190 M M 4 1 41 190
8 78 68 73 -1 0 8 0.22 M M 18.3 35 210 M M 9 18 45 190
9 82 60 71 -3 0 6 T M M 10.6 23 180 M M 4 32 180
10 81 60 71 -3 0 6 0.00 M M 6.5 16 200 M M 1 20 200
11 80 61 71 -3 0 6 0.00 M M 6.3 14 30 M M 1 24 330
12 84 67 76 2 0 11 0.00 M M 16.7 26 210 M M 2 33 210
13 86 71 79 5 0 14 0.00 M M 9.1 17 190 M M 1 24 190
14 83 73 78 4 0 13 0.00 M M 18.4 29 200 M M 2 33 200
15 86 72 79 5 0 14 T M M 19.0 30 210 M M 1 37 210
16 84 64 74 0 0 9 T M M 10.5 26 200 M M 1 31 210
17 83 65 74 0 0 9 0.00 M M 7.8 18 40 M M 3 21 30
18 86 64 75 1 0 10 0.00 M M 8.6 22 40 M M 3 25 40
19 83 63 73 -1 0 8 0.00 M M 6.4 16 30 M M 2 20 40
20 87 63 75 1 0 10 0.00 M M 9.5 23 80 M M 2 30 90
21 88 65 77 3 0 12 0.00 M M 7.9 23 60 M M 3 30 70
22 83 68 76 2 0 11 0.00 M M 4.1 14 50 M M 5 8 18 50
23 79 67 73 -1 0 8 0.00 M M 4.7 16 40 M M 3 20 30
24 85 63 74 0 0 9 0.00 M M 7.0 16 30 M M 2 19 20
25 88 64 76 2 0 11 T M M 10.4 25 70 M M 2 34 70
26 86 61 74 0 0 9 0.00 M M 7.8 23 50 M M 2 28 50
27 86 66 76 1 0 11 0.00 M M 5.2 16 360 M M 4 20 10
28 87 65 76 1 0 11 0.00 M M 5.5 15 10 M M 4 23 20
29 86 69 78 3 0 13 T M M 6.4 16 50 M M 5 21 70
30 88 65 77 2 0 12 0.00 M M 7.3 17 30 M M 3 22 20
31 87 67 77 2 0 12 0.00 M M 7.3 21 30 M M 3 23 30
================================================================================
SM 2574 2026 0 292 1.42 M 320.9 M 103
================================================================================
AV 83.0 65.4 10.4 FASTST M M 3 MAX(MPH)
MISC ----> 35 210 45 190
================================================================================
NOTES:
# LAST OF SEVERAL OCCURRENCES
COLUMN 17 PEAK WIND IN M.P.H.
PRELIMINARY LOCAL CLIMATOLOGICAL DATA (WS FORM: F-6) , PAGE 2
STATION: KAHULUI HI
MONTH: MARCH
YEAR: 2023
LATITUDE: 20 53 N
LONGITUDE: 156 26 W
[TEMPERATURE DATA] [PRECIPITATION DATA] SYMBOLS USED IN COLUMN 16
AVERAGE MONTHLY: 74.2 TOTAL FOR MONTH: 1.42 1 = FOG OR MIST
DPTR FM NORMAL: 0.2 DPTR FM NORMAL: -1.22 2 = FOG REDUCING VISIBILITY
HIGHEST: 88 ON 30,25 GRTST 24HR 0.49 ON 7- 8 TO 1/4 MILE OR LESS
LOWEST: 60 ON 10, 9 3 = THUNDER
SNOW, ICE PELLETS, HAIL 4 = ICE PELLETS
TOTAL MONTH: M 5 = HAIL
GRTST 24HR M ON M 6 = FREEZING RAIN OR DRIZZLE
GRTST DEPTH: M ON M 7 = DUSTSTORM OR SANDSTORM:
VSBY 1/2 MILE OR LESS
8 = SMOKE OR HAZE
[NO. OF DAYS WITH] [WEATHER - DAYS WITH] 9 = BLOWING SNOW
X = TORNADO
MAX 32 OR BELOW: 0 0.01 INCH OR MORE: 7
MAX 90 OR ABOVE: 0 0.10 INCH OR MORE: 5
MIN 32 OR BELOW: 0 0.50 INCH OR MORE: 0
MIN 0 OR BELOW: 0 1.00 INCH OR MORE: 0
[HDD (BASE 65) ]
TOTAL THIS MO. 0 CLEAR (SCALE 0-3) 17
DPTR FM NORMAL 0 PTCLDY (SCALE 4-7) 13
TOTAL FM JUL 1 0 CLOUDY (SCALE 8-10) 1
DPTR FM NORMAL 0
[CDD (BASE 65) ]
TOTAL THIS MO. 292
DPTR FM NORMAL 13 [PRESSURE DATA]
TOTAL FM JAN 1 741 HIGHEST SLP 30.22 ON 1
DPTR FM NORMAL -7 LOWEST SLP 29.73 ON 8
[REMARKS]
#FINAL-03-23#